000
CXUS51 KOKX 012325
CLSJFK

CLIMATE REPORT
NATIONAL WEATHER SERVICE NEW YORK NY
625 PM EST SAT MAR 1 2014


...THE KENNEDY NY CLIMATE SUMMARY FOR THE SEASON, FROM
12/1/2013 TO 2/28/2014...

CLIMATE NORMAL PERIOD 1981 TO 2010
CLIMATE RECORD PERIOD 1949 TO 2014

WEATHER         OBSERVED          NORMAL  DEPART  LAST YEAR`S
                 VALUE   DATE(S)  VALUE   FROM    VALUE
                                          NORMAL
.............................................................
TEMPERATURE (F)
RECORD
 HIGH              75   12/07/1998
 LOW               -2   01/21/1985
HIGHEST            64   12/22        MM      MM
LOWEST              3   01/04        MM      MM
AVG. MAXIMUM     39.3              41.6    -2.3
AVG. MINIMUM     25.9              28.6    -2.7
MEAN             32.6              35.1    -2.5
DAYS MAX >= 90      0               0.0     0.0
DAYS MAX <= 32     24              13.4    10.6
DAYS MIN <= 32     69              56.9    12.1
DAYS MIN <= 0       0               0.0     0.0

PRECIPITATION (INCHES)
RECORD
 MAXIMUM        13.94   2010
 MINIMUM         6.37   2007
TOTALS          12.10              9.14    2.96    10.06
DAILY AVG.       0.14              0.10    0.04
DAYS >= .01        35              30.7     4.3
DAYS >= .10        27              17.9     9.1
DAYS >= .50         9               6.2     2.8
DAYS >= 1.00        4               2.0     2.0
GREATEST
 24 HR. TOTAL    1.39   MM
 STORM TOTAL       MM
 (MM/DD(HH))            MM

SNOWFALL (INCHES)
RECORDS
 TOTAL           47.2   2010
 24 HR TOTAL     10.9   MM
TOTALS           44.7              19.3    25.4
 LIQUID EQUIV    4.47              1.90    2.57
SINCE 7/1        44.9              19.5    25.4
 LIQUID 7/1      4.49
DAYS >= TRACE      31              10.8    20.2
DAYS >= 1.0        13               4.1     8.9
GREATEST
 SNOW DEPTH        10   02/18
                        02/16
                        02/17
 24 HR TOTAL      6.8   MM
 STORM TOTAL       MM
 (MM/DD(HH))            MM

DEGREE_DAYS
HEATING TOTAL    2893              2687     206
 SINCE 7/1         MM              3511      MM
COOLING TOTAL       0                 0       0
 SINCE 1/1          0                 0       0
..............................................................

WIND (MPH)
AVERAGE WIND SPEED              11.8
HIGHEST WIND SPEED/DIRECTION    38/260    DATE  01/07
HIGHEST GUST SPEED/DIRECTION    47/030    DATE  02/13

SKY COVER
POSSIBLE SUNSHINE (PERCENT)   MM
AVERAGE SKY COVER           0.70
NUMBER OF DAYS FAIR           10
NUMBER OF DAYS PC             42
NUMBER OF DAYS CLOUDY         38

AVERAGE RH (PERCENT)     64

WEATHER CONDITIONS. NUMBER OF DAYS WITH
THUNDERSTORM              0     MIXED PRECIP               3
HEAVY RAIN                6     RAIN                      14
LIGHT RAIN               29     FREEZING RAIN              2
LT FREEZING RAIN          9     HAIL                       0
HEAVY SNOW                2     SNOW                      15
LIGHT SNOW               28     SLEET                      5
FOG                      41     FOG W/VIS <= 1/4 MILE     15
HAZE                     10

-  INDICATES NEGATIVE NUMBERS.
R  INDICATES RECORD WAS SET OR TIED.
MM INDICATES DATA IS MISSING.
T  INDICATES TRACE AMOUNT.

$$
