000
CDUS45 KPUB 011049
CLICOS

CLIMATE REPORT
NATIONAL WEATHER SERVICE
349 AM MST MON MAR 01 2021

...................................

...THE COLORADO SPRINGS CO CLIMATE SUMMARY FOR FEBRUARY 28 2021...

CLIMATE NORMAL PERIOD 1981 TO 2010
CLIMATE RECORD PERIOD 1872 TO 2021


WEATHER ITEM   OBSERVED TIME   RECORD YEAR NORMAL DEPARTURE LAST
                VALUE   (LST)  VALUE       VALUE  FROM      YEAR
                                                  NORMAL
...................................................................
TEMPERATURE (F)
 YESTERDAY
  MAXIMUM         34    401 PM  74    2006  48    -14       57
  MINIMUM         19   1158 PM -16    1962  22     -3       21
  AVERAGE         27                        35     -8       39

PRECIPITATION (IN)
  YESTERDAY        0.00          0.55 1931   0.02  -0.02     0.00
  MONTH TO DATE    0.84                      0.34   0.50     0.62
  SINCE JAN 1      1.41                      0.66   0.75     0.71

SNOWFALL (IN)
  YESTERDAY        0.0           7.0  1931   0.2   -0.2      0.0
  MONTH TO DATE   13.6                       4.9    8.7     13.0
  SINCE JUL 1     32.6                      24.0    8.6     39.3
  SNOW DEPTH       0

DEGREE DAYS
 HEATING
  YESTERDAY       38                        30      8       26
  MONTH TO DATE 1081                       918    163      985
  SINCE JUL 1   4305                      4561   -256     4389

 COOLING
  YESTERDAY        0                         0      0        0
  MONTH TO DATE    0                         0      0        0
  SINCE JAN 1      0                         0      0        0
...................................................................


WIND (MPH)
  HIGHEST WIND SPEED    20   HIGHEST WIND DIRECTION     N (20)
  HIGHEST GUST SPEED    26   HIGHEST GUST DIRECTION     N (340)
  AVERAGE WIND SPEED    10.8


SKY COVER
  POSSIBLE SUNSHINE  MM
  AVERAGE SKY COVER 0.5


WEATHER CONDITIONS
THE FOLLOWING WEATHER WAS RECORDED YESTERDAY.
  NO SIGNIFICANT WEATHER WAS OBSERVED.


RELATIVE HUMIDITY (PERCENT)
 HIGHEST    71          1000 PM
 LOWEST     26          1200 PM
 AVERAGE    49

..........................................................


THE COLORADO SPRINGS CO CLIMATE NORMALS FOR TODAY
                         NORMAL    RECORD    YEAR
 MAXIMUM TEMPERATURE (F)   48        73      2008
 MINIMUM TEMPERATURE (F)   22        -9      1947


SUNRISE AND SUNSET
MARCH  1 2021.........SUNRISE   631 AM MST   SUNSET   552 PM MST
MARCH  2 2021.........SUNRISE   629 AM MST   SUNSET   553 PM MST


-  INDICATES NEGATIVE NUMBERS.
R  INDICATES RECORD WAS SET OR TIED.
MM INDICATES DATA IS MISSING.
T  INDICATES TRACE AMOUNT.




$$
