000
CDUS45 KPUB 190735
CLICOS

CLIMATE REPORT
NATIONAL WEATHER SERVICE
135 AM MDT SAT JUN 19 2021

...................................

...THE COLORADO SPRINGS CO CLIMATE SUMMARY FOR JUNE 18 2021...

CLIMATE NORMAL PERIOD 1991 TO 2020
CLIMATE RECORD PERIOD 1872 TO 2021


WEATHER ITEM   OBSERVED TIME   RECORD YEAR NORMAL DEPARTURE LAST
                VALUE   (LST)  VALUE       VALUE  FROM      YEAR
                                                  NORMAL
...................................................................
TEMPERATURE (F)
 YESTERDAY
  MAXIMUM         93   1222 PM  98    2012  83     10       74
  MINIMUM         64    402 AM  32    1912  54     10       53
  AVERAGE         79                        68     11       64

PRECIPITATION (IN)
  YESTERDAY        T             0.74 1982   0.07  -0.07     0.06
  MONTH TO DATE    0.11                      1.39  -1.28     0.30
  SINCE JAN 1      7.65                      6.23   1.42     4.01

SNOWFALL (IN)
  YESTERDAY        0.0           0.0  2001   0.0    0.0      0.0
                                      2002
  MONTH TO DATE    0.0                       0.0    0.0       T
  SINCE JUL 1     54.3                      32.5   21.8     56.4
  SNOW DEPTH       0

DEGREE DAYS
 HEATING
  YESTERDAY        0                         1     -1        1
  MONTH TO DATE   16                        43    -27       19
  SINCE JUL 1   5905                      5880     25     5827

 COOLING
  YESTERDAY       14                         4     10        0
  MONTH TO DATE  135                        53     82       99
  SINCE JAN 1    138                        71     67      130
...................................................................


WIND (MPH)
  HIGHEST WIND SPEED    29   HIGHEST WIND DIRECTION    NW (330)
  HIGHEST GUST SPEED    38   HIGHEST GUST DIRECTION     N (340)
  AVERAGE WIND SPEED    12.5


SKY COVER
  POSSIBLE SUNSHINE  MM
  AVERAGE SKY COVER 0.7


WEATHER CONDITIONS
THE FOLLOWING WEATHER WAS RECORDED YESTERDAY.
  THUNDERSTORM
  LIGHT RAIN


RELATIVE HUMIDITY (PERCENT)
 HIGHEST    37           400 AM
 LOWEST     11          1200 PM
 AVERAGE    24

..........................................................


THE COLORADO SPRINGS CO CLIMATE NORMALS FOR TODAY
                         NORMAL    RECORD    YEAR
 MAXIMUM TEMPERATURE (F)   83        97      2012
                                             2016
 MINIMUM TEMPERATURE (F)   54        38      1912
                                             1939


SUNRISE AND SUNSET
JUNE 19 2021..........SUNRISE   534 AM MDT   SUNSET   827 PM MDT
JUNE 20 2021..........SUNRISE   534 AM MDT   SUNSET   827 PM MDT


-  INDICATES NEGATIVE NUMBERS.
R  INDICATES RECORD WAS SET OR TIED.
MM INDICATES DATA IS MISSING.
T  INDICATES TRACE AMOUNT.




$$
