000
CDUS45 KPUB 150023
CLICOS

CLIMATE REPORT
NATIONAL WEATHER SERVICE
623 PM MDT FRI AUG 14 2020

...................................

...THE COLORADO SPRINGS CO CLIMATE SUMMARY FOR AUGUST 14 2020...
VALID TODAY AS OF 0500 PM LOCAL TIME.

CLIMATE NORMAL PERIOD: 1981 TO 2010
CLIMATE RECORD PERIOD: 1872 TO 2020


WEATHER ITEM   OBSERVED TIME   RECORD YEAR NORMAL DEPARTURE LAST
                VALUE   (LST)  VALUE       VALUE  FROM      YEAR
                                                  NORMAL
...................................................................
TEMPERATURE (F)
 TODAY
  MAXIMUM         96R  2:26 PM  96    1962  82     14       81
  MINIMUM         57   4:02 AM  47    1920  56      1       56
  AVERAGE         77                        69      8       69

PRECIPITATION (IN)
  TODAY            0.00          2.78 1977   0.12  -0.12     0.04
  MONTH TO DATE    0.38                      1.72  -1.34     0.70
  SINCE JAN 1      6.40                     12.17  -5.77     9.38

SNOWFALL (IN)
  TODAY            0.0           0.0  2004   0.0    0.0      0.0
                                      2013
  MONTH TO DATE    0.0                       0.0    0.0      0.0
  SINCE JUL 1      T                         0.0    0.0       T
  SNOW DEPTH       0

DEGREE DAYS
 HEATING
  TODAY            0                         0      0        0
  MONTH TO DATE    0                         0      0        0
  SINCE JUL 1      0                        10    -10        0

 COOLING
  TODAY           12                         5      7        4
  MONTH TO DATE  138                        73     65      129
  SINCE JAN 1    635                       357    278      453
...................................................................


WIND (MPH)
  HIGHEST WIND SPEED    29   HIGHEST WIND DIRECTION    SE (130)
  HIGHEST GUST SPEED    36   HIGHEST GUST DIRECTION    SE (130)
  AVERAGE WIND SPEED     9.9


SKY COVER
  POSSIBLE SUNSHINE  MM
  AVERAGE SKY COVER 0.3


WEATHER CONDITIONS
THE FOLLOWING WEATHER WAS RECORDED TODAY.
  HAZE


RELATIVE HUMIDITY (PERCENT)
 HIGHEST    67           5:00 AM
 LOWEST      7           2:00 PM
 AVERAGE    37

..........................................................


THE COLORADO SPRINGS CO CLIMATE NORMALS FOR TOMORROW
                         NORMAL    RECORD    YEAR
 MAXIMUM TEMPERATURE (F)   82        93      1937
                                             2015
 MINIMUM TEMPERATURE (F)   56        43      1915


SUNRISE AND SUNSET
AUGUST 14 2020........SUNRISE   6:12 AM MDT   SUNSET   7:54 PM MDT
AUGUST 15 2020........SUNRISE   6:13 AM MDT   SUNSET   7:53 PM MDT


-  INDICATES NEGATIVE NUMBERS.
R  INDICATES RECORD WAS SET OR TIED.
MM INDICATES DATA IS MISSING.
T  INDICATES TRACE AMOUNT.




$$
