000
CDUS45 KPUB 220826
CLIPUB


CLIMATE REPORT
NATIONAL WEATHER SERVICE
126 AM MST FRI NOV 22 2019

...................................

...THE PUEBLO CO CLIMATE SUMMARY FOR NOVEMBER 21 2019...

CLIMATE NORMAL PERIOD: 1981 TO 2010
CLIMATE RECORD PERIOD: 1888 TO 2019


WEATHER ITEM   OBSERVED TIME   RECORD YEAR NORMAL DEPARTURE LAST
                VALUE   (LST)  VALUE       VALUE  FROM      YEAR
                                                  NORMAL
...................................................................
TEMPERATURE (F)
 YESTERDAY
  MAXIMUM         40  12:09 AM  78    1974  53    -13       63
  MINIMUM         29  11:59 PM  -1    1906  20      9       22
  AVERAGE         35                        37     -2       43

PRECIPITATION (IN)
  YESTERDAY        0.15          0.24 1963   0.01   0.14     0.00
  MONTH TO DATE    0.17                      0.33  -0.16     0.33
  SINCE SEP 1      1.83                      1.82   0.01     1.95
  SINCE JAN 1     12.48                     12.05   0.43     7.63

SNOWFALL (IN)
  YESTERDAY        1.0           2.7  1992   0.2    0.8      0.0
  MONTH TO DATE    1.0                       2.8   -1.8      4.2
  SINCE SEP 1     13.0                       4.4    8.6      4.6
  SINCE JUL 1     13.0                       4.4    8.6      4.6
  SNOW DEPTH       0

DEGREE DAYS
 HEATING
  YESTERDAY       30                        28      2       22
  MONTH TO DATE  487                       496     -9      557
  SINCE SEP 1   1069                      1001     68     1022
  SINCE JUL 1   1069                      1006     63     1022

 COOLING
  YESTERDAY        0                         0      0        0
  MONTH TO DATE    0                         0      0        0
  SINCE SEP 1    247                        86    161      199
  SINCE JAN 1   1226                       897    329     1419
...................................................................


WIND (MPH)
  HIGHEST WIND SPEED    14   HIGHEST WIND DIRECTION     E (110)
  HIGHEST GUST SPEED    19   HIGHEST GUST DIRECTION     E (110)
  AVERAGE WIND SPEED     8.9


SKY COVER
  POSSIBLE SUNSHINE  MM
  AVERAGE SKY COVER 1.0


WEATHER CONDITIONS
THE FOLLOWING WEATHER WAS RECORDED YESTERDAY.
  LT FREEZING RAIN
  LIGHT SNOW
  FOG
  HAZE


RELATIVE HUMIDITY (PERCENT)
 HIGHEST    96           6:00 AM
 LOWEST     72           1:00 AM
 AVERAGE    84

..........................................................


THE PUEBLO CO CLIMATE NORMALS FOR TODAY
                         NORMAL    RECORD    YEAR
 MAXIMUM TEMPERATURE (F)   53        80      1998
                                             2002
 MINIMUM TEMPERATURE (F)   20        -2      1957


SUNRISE AND SUNSET
NOVEMBER 22 2019......SUNRISE   6:47 AM MST   SUNSET   4:41 PM MST
NOVEMBER 23 2019......SUNRISE   6:48 AM MST   SUNSET   4:41 PM MST


-  INDICATES NEGATIVE NUMBERS.
R  INDICATES RECORD WAS SET OR TIED.
MM INDICATES DATA IS MISSING.
T  INDICATES TRACE AMOUNT.




$$
