000
CDUS45 KPUB 190735
CLIPUB

CLIMATE REPORT
NATIONAL WEATHER SERVICE
135 AM MDT SAT JUN 19 2021

...................................

...THE PUEBLO CO CLIMATE SUMMARY FOR JUNE 18 2021...

CLIMATE NORMAL PERIOD 1991 TO 2020
CLIMATE RECORD PERIOD 1888 TO 2021


WEATHER ITEM   OBSERVED TIME   RECORD YEAR NORMAL DEPARTURE LAST
                VALUE   (LST)  VALUE       VALUE  FROM      YEAR
                                                  NORMAL
...................................................................
TEMPERATURE (F)
 YESTERDAY
  MAXIMUM        100    153 PM 104    1936  90     10       82
                                      1990
                                      2012
  MINIMUM         62    515 AM  37    1912  56      6       63
  AVERAGE         81                        73      8       73

PRECIPITATION (IN)
  YESTERDAY        T             1.60 1947   0.04  -0.04     0.00
  MONTH TO DATE    T                         0.78  -0.78     0.49
  SINCE JAN 1      7.26                      5.35   1.91     1.98

SNOWFALL (IN)
  YESTERDAY        0.0           0.0  2001   0.0    0.0      0.0
                                      2002
  MONTH TO DATE    0.0                       0.0    0.0      0.0
  SINCE JUL 1     37.4                      28.3    9.1     36.2
  SNOW DEPTH       0

DEGREE DAYS
 HEATING
  YESTERDAY        0                         0      0        0
  MONTH TO DATE   11                        13     -2        7
  SINCE JUL 1   5453                      5330    123     5275

 COOLING
  YESTERDAY       16                         8      8        8
  MONTH TO DATE  173                       105     68      190
  SINCE JAN 1    209                       154     55      288
...................................................................


WIND (MPH)
  HIGHEST WIND SPEED    24   HIGHEST WIND DIRECTION     N (20)
  HIGHEST GUST SPEED    33   HIGHEST GUST DIRECTION     E (80)
  AVERAGE WIND SPEED    10.4


SKY COVER
  POSSIBLE SUNSHINE  MM
  AVERAGE SKY COVER 0.1


WEATHER CONDITIONS
THE FOLLOWING WEATHER WAS RECORDED YESTERDAY.
  NO SIGNIFICANT WEATHER WAS OBSERVED.


RELATIVE HUMIDITY (PERCENT)
 HIGHEST    54           600 AM
 LOWEST      9          1100 AM
 AVERAGE    32

..........................................................


THE PUEBLO CO CLIMATE NORMALS FOR TODAY
                         NORMAL    RECORD    YEAR
 MAXIMUM TEMPERATURE (F)   90       103      2016
 MINIMUM TEMPERATURE (F)   56        42      1998


SUNRISE AND SUNSET
JUNE 19 2021..........SUNRISE   535 AM MDT   SUNSET   825 PM MDT
JUNE 20 2021..........SUNRISE   535 AM MDT   SUNSET   825 PM MDT


-  INDICATES NEGATIVE NUMBERS.
R  INDICATES RECORD WAS SET OR TIED.
MM INDICATES DATA IS MISSING.
T  INDICATES TRACE AMOUNT.




$$
