000
CDUS45 KPUB 150023
CLIPUB

CLIMATE REPORT
NATIONAL WEATHER SERVICE
623 PM MDT FRI AUG 14 2020

...................................

...THE PUEBLO CO CLIMATE SUMMARY FOR AUGUST 14 2020...
VALID TODAY AS OF 0500 PM LOCAL TIME.

CLIMATE NORMAL PERIOD: 1981 TO 2010
CLIMATE RECORD PERIOD: 1888 TO 2020


WEATHER ITEM   OBSERVED TIME   RECORD YEAR NORMAL DEPARTURE LAST
                VALUE   (LST)  VALUE       VALUE  FROM      YEAR
                                                  NORMAL
...................................................................
TEMPERATURE (F)
 TODAY
  MAXIMUM        102R  3:12 PM 102    1962  90     12       92
                                      1970
  MINIMUM         61   5:50 AM  49    2002  58      3       60
  AVERAGE         82                        74      8       76

PRECIPITATION (IN)
  TODAY            0.00          2.13 1980   0.08  -0.08     0.00
  MONTH TO DATE    0.02                      1.16  -1.14     1.05
  SINCE JAN 1      3.48                      9.07  -5.59    10.65

SNOWFALL (IN)
  TODAY            0.0           0.0  2002   0.0    0.0      0.0
  MONTH TO DATE    0.0                       0.0    0.0       T
  SINCE JUL 1      T                         0.0    0.0       T
  SNOW DEPTH       0

DEGREE DAYS
 HEATING
  TODAY            0                         0      0        0
  MONTH TO DATE    0                         0      0        0
  SINCE JUL 1      0                         1     -1        0

 COOLING
  TODAY           17                         9      8       11
  MONTH TO DATE  188                       135     53      203
  SINCE JAN 1   1033                       680    353      768
...................................................................


WIND (MPH)
  HIGHEST WIND SPEED    23   HIGHEST WIND DIRECTION    SE (120)
  HIGHEST GUST SPEED    29   HIGHEST GUST DIRECTION    SE (120)
  AVERAGE WIND SPEED     8.1


SKY COVER
  POSSIBLE SUNSHINE  MM
  AVERAGE SKY COVER 0.0


WEATHER CONDITIONS
THE FOLLOWING WEATHER WAS RECORDED TODAY.
  HAZE


RELATIVE HUMIDITY (PERCENT)
 HIGHEST    65           6:00 AM
 LOWEST      6           2:00 PM
 AVERAGE    36

..........................................................


THE PUEBLO CO CLIMATE NORMALS FOR TOMORROW
                         NORMAL    RECORD    YEAR
 MAXIMUM TEMPERATURE (F)   90       102      1896
 MINIMUM TEMPERATURE (F)   58        50      1978


SUNRISE AND SUNSET
AUGUST 14 2020........SUNRISE   6:12 AM MDT   SUNSET   7:52 PM MDT
AUGUST 15 2020........SUNRISE   6:13 AM MDT   SUNSET   7:51 PM MDT


-  INDICATES NEGATIVE NUMBERS.
R  INDICATES RECORD WAS SET OR TIED.
MM INDICATES DATA IS MISSING.
T  INDICATES TRACE AMOUNT.




$$
