000
CDUS45 KPUB 010037
CLIPUB

CLIMATE REPORT
NATIONAL WEATHER SERVICE
537 PM MST SUN FEB 28 2021

...................................

...THE PUEBLO CO CLIMATE SUMMARY FOR FEBRUARY 28 2021...
VALID TODAY AS OF 0500 PM LOCAL TIME.

CLIMATE NORMAL PERIOD 1981 TO 2010
CLIMATE RECORD PERIOD 1888 TO 2021


WEATHER ITEM   OBSERVED TIME   RECORD YEAR NORMAL DEPARTURE LAST
                VALUE   (LST)  VALUE       VALUE  FROM      YEAR
                                                  NORMAL
...................................................................
TEMPERATURE (F)
 TODAY
  MAXIMUM         41    413 PM  79    1972  54    -13       65
                                      2006
  MINIMUM         25   1205 AM -19    1962  21      4       17
  AVERAGE         33                        38     -5       41

PRECIPITATION (IN)
  TODAY            0.00          0.58 1931   0.02  -0.02     0.00
  MONTH TO DATE    0.49                      0.30   0.19     0.68
  SINCE JAN 1      1.06                      0.65   0.41     0.79

SNOWFALL (IN)
  TODAY            0.0           6.7  1931   0.1   -0.1      0.0
  MONTH TO DATE    8.7                       3.8    4.9     11.5
  SINCE JUL 1     29.5                      21.8    7.7     32.3
  SNOW DEPTH       0

DEGREE DAYS
 HEATING
  TODAY           32                        27      5       24
  MONTH TO DATE 1042                       871    171      939
  SINCE JUL 1   4181                      4303   -122     4166

 COOLING
  TODAY            0                         0      0        0
  MONTH TO DATE    0                         0      0        0
  SINCE JAN 1      0                         0      0        0
...................................................................


WIND (MPH)
  HIGHEST WIND SPEED    16   HIGHEST WIND DIRECTION    NE (60)
  HIGHEST GUST SPEED    20   HIGHEST GUST DIRECTION    NE (40)
  AVERAGE WIND SPEED     6.4


SKY COVER
  POSSIBLE SUNSHINE  MM
  AVERAGE SKY COVER 0.6


WEATHER CONDITIONS
THE FOLLOWING WEATHER WAS RECORDED TODAY.
  NO SIGNIFICANT WEATHER WAS OBSERVED.


RELATIVE HUMIDITY (PERCENT)
 HIGHEST    68           100 AM
 LOWEST     31           400 PM
 AVERAGE    50

..........................................................


THE PUEBLO CO CLIMATE NORMALS FOR TOMORROW
                         NORMAL    RECORD    YEAR
 MAXIMUM TEMPERATURE (F)   55        79      2008
 MINIMUM TEMPERATURE (F)   21       -13      1922


SUNRISE AND SUNSET
FEBRUARY 28 2021......SUNRISE   631 AM MST   SUNSET   551 PM MST
MARCH  1 2021.........SUNRISE   629 AM MST   SUNSET   552 PM MST


-  INDICATES NEGATIVE NUMBERS.
R  INDICATES RECORD WAS SET OR TIED.
MM INDICATES DATA IS MISSING.
T  INDICATES TRACE AMOUNT.




$$
