683
CDUS41 KBGM 220547
CLISYR


CLIMATE REPORT
NATIONAL WEATHER SERVICE BINGHAMTON NY
147 AM EDT SUN APR 22 2018


...................................

...THE SYRACUSE NY CLIMATE SUMMARY FOR APRIL 21 2018...

CLIMATE NORMAL PERIOD 1981 TO 2010
CLIMATE RECORD PERIOD 1902 TO 2018


WEATHER ITEM   OBSERVED TIME   RECORD YEAR NORMAL DEPARTURE LAST
                VALUE   (LST)  VALUE       VALUE  FROM      YEAR
                                                  NORMAL
..................................................................
TEMPERATURE (F)
 YESTERDAY
  MAXIMUM         54    302 PM  87    1954  60     -6       59
  MINIMUM         29    441 AM  24    1981  39    -10       48
  AVERAGE         42                        49     -7       54

PRECIPITATION (IN)
  YESTERDAY        0.00          1.08 1991   0.10  -0.10     0.20
  MONTH TO DATE    1.65                      2.29  -0.64     4.61
  SINCE MAR 1      5.51                      5.24   0.27     8.46
  SINCE JAN 1     11.58                      9.81   1.77    15.04

SNOWFALL (IN)
  YESTERDAY        0.0           2.5  1983   0.0    0.0      0.0
  MONTH TO DATE    2.5                       3.3   -0.8      0.3
  SINCE MAR 1     46.1                      21.3   24.8     31.2
  SINCE JUL 1    153.6                     123.2   30.4    134.9
  SNOW DEPTH       0

DEGREE DAYS
 HEATING
  YESTERDAY       23                        16      7       11
  MONTH TO DATE  578                       420    158      337
  SINCE MAR 1   1628                      1377    251     1409
  SINCE JUL 1   6295                      6208     87     5678

 COOLING
  YESTERDAY        0                         0      0        0
  MONTH TO DATE    0                         0      0        8
  SINCE MAR 1      0                         0      0        8
  SINCE JAN 1      0                         0      0        8
..................................................................


WIND (MPH)
  HIGHEST WIND SPEED    20   HIGHEST WIND DIRECTION     W (280)
  HIGHEST GUST SPEED    24   HIGHEST GUST DIRECTION    NW (310)
  AVERAGE WIND SPEED     8.1


SKY COVER
  POSSIBLE SUNSHINE  MM
  AVERAGE SKY COVER 0.2


WEATHER CONDITIONS
 THE FOLLOWING WEATHER WAS RECORDED YESTERDAY.
  NO SIGNIFICANT WEATHER WAS OBSERVED.


RELATIVE HUMIDITY (PERCENT)
 HIGHEST    85           400 AM
 LOWEST     24           300 PM
 AVERAGE    55

..........................................................


THE SYRACUSE NY CLIMATE NORMALS FOR TODAY
                         NORMAL    RECORD    YEAR
 MAXIMUM TEMPERATURE (F)   60        85      1954
 MINIMUM TEMPERATURE (F)   39        25      1984
                                             1983
                                             1978


SUNRISE AND SUNSET
APRIL 22 2018.........SUNRISE   611 AM EDT   SUNSET   755 PM EDT
APRIL 23 2018.........SUNRISE   610 AM EDT   SUNSET   757 PM EDT


-  INDICATES NEGATIVE NUMBERS.
R  INDICATES RECORD WAS SET OR TIED.
MM INDICATES DATA IS MISSING.
T  INDICATES TRACE AMOUNT.




$$
