000
CDUS41 KBGM 162121
CLISYR


CLIMATE REPORT
NATIONAL WEATHER SERVICE BINGHAMTON NY
521 PM EDT WED MAY 16 2018


...................................

...THE SYRACUSE NY CLIMATE SUMMARY FOR MAY 16 2018...
VALID TODAY AS OF 0500 PM LOCAL TIME.

CLIMATE NORMAL PERIOD 1981 TO 2010
CLIMATE RECORD PERIOD 1902 TO 2018


WEATHER ITEM   OBSERVED TIME   RECORD YEAR NORMAL DEPARTURE LAST
                VALUE   (LST)  VALUE       VALUE  FROM      YEAR
                                                  NORMAL
..................................................................
TEMPERATURE (F)
 TODAY
  MAXIMUM         76    234 PM  90    1962  69      7       70
  MINIMUM         51    529 AM  32    1936  46      5       45
  AVERAGE         64                        58      6       58

PRECIPITATION (IN)
  TODAY            0.00          1.45 1916   0.10  -0.10     0.00
  MONTH TO DATE    0.79                      1.59  -0.80     3.16
  SINCE MAR 1      7.13                      7.73  -0.60    11.96
  SINCE JAN 1     13.20                     12.30   0.90    18.54

SNOWFALL (IN)
  TODAY            0.0           T    2016   0.0    0.0      0.0
                                      1956
  MONTH TO DATE    0.0                       0.1   -0.1      0.0
  SINCE MAR 1     46.1                      21.9   24.2     31.2
  SINCE JUL 1    153.6                     123.8   29.8    134.9
  SNOW DEPTH       0

DEGREE DAYS
 HEATING
  TODAY            1                         8     -7        7
  MONTH TO DATE   88                       162    -74      244
  SINCE MAR 1   1894                      1666    228     1742
  SINCE JUL 1   6561                      6497     64     6011

 COOLING
  TODAY            0                         1     -1        0
  MONTH TO DATE   13                         6      7        0
  SINCE MAR 1     13                        10      3       12
  SINCE JAN 1     13                        10      3       12
..................................................................


WIND (MPH)
  HIGHEST WIND SPEED    14   HIGHEST WIND DIRECTION     S (180)
  HIGHEST GUST SPEED    18   HIGHEST GUST DIRECTION     S (180)
  AVERAGE WIND SPEED     4.8


SKY COVER
  POSSIBLE SUNSHINE  MM
  AVERAGE SKY COVER 0.9


WEATHER CONDITIONS
 THE FOLLOWING WEATHER WAS RECORDED TODAY.
  FOG
  FOG W/VISIBILITY <= 1/4 MILE
  HAZE


RELATIVE HUMIDITY (PERCENT)
 HIGHEST   100          1200 AM
 LOWEST     53           300 PM
 AVERAGE    77

..........................................................


THE SYRACUSE NY CLIMATE NORMALS FOR TOMORROW
                         NORMAL    RECORD    YEAR
 MAXIMUM TEMPERATURE (F)   69        91      1977
 MINIMUM TEMPERATURE (F)   47        30      1983


SUNRISE AND SUNSET
MAY 16 2018...........SUNRISE   540 AM EDT   SUNSET   822 PM EDT
MAY 17 2018...........SUNRISE   539 AM EDT   SUNSET   823 PM EDT


-  INDICATES NEGATIVE NUMBERS.
R  INDICATES RECORD WAS SET OR TIED.
MM INDICATES DATA IS MISSING.
T  INDICATES TRACE AMOUNT.




$$
