795
CDUS41 KBGM 202122
CLISYR


CLIMATE REPORT
NATIONAL WEATHER SERVICE BINGHAMTON NY
521 PM EDT FRI APR 20 2018


...................................

...THE SYRACUSE NY CLIMATE SUMMARY FOR APRIL 20 2018...
VALID TODAY AS OF 0500 PM LOCAL TIME.

CLIMATE NORMAL PERIOD 1981 TO 2010
CLIMATE RECORD PERIOD 1902 TO 2018


WEATHER ITEM   OBSERVED TIME   RECORD YEAR NORMAL DEPARTURE LAST
                VALUE   (LST)  VALUE       VALUE  FROM      YEAR
                                                  NORMAL
..................................................................
TEMPERATURE (F)
 TODAY
  MAXIMUM         43    353 PM  90    1941  59    -16       59
  MINIMUM         30    628 AM  20    1904  38     -8       48
  AVERAGE         37                        49    -12       54

PRECIPITATION (IN)
  TODAY            T             1.36 2011   0.10  -0.10     0.75
  MONTH TO DATE    1.65                      2.19  -0.54     4.41
  SINCE MAR 1      5.51                      5.14   0.37     8.26
  SINCE JAN 1     11.58                      9.71   1.87    14.84

SNOWFALL (IN)
  TODAY            T             4.2  1983   0.1   -0.1      0.0
  MONTH TO DATE    2.5                       3.3   -0.8      0.3
  SINCE MAR 1     46.1                      21.3   24.8     31.2
  SINCE JUL 1    153.6                     123.2   30.4    134.9
  SNOW DEPTH       1

DEGREE DAYS
 HEATING
  TODAY           28                        16     12       11
  MONTH TO DATE  583                       404    179      326
  SINCE MAR 1   1633                      1361    272     1398
  SINCE JUL 1   6300                      6192    108     5667

 COOLING
  TODAY            0                         0      0        0
  MONTH TO DATE    0                         0      0        8
  SINCE MAR 1      0                         0      0        8
  SINCE JAN 1      0                         0      0        8
..................................................................


WIND (MPH)
  HIGHEST WIND SPEED    18   HIGHEST WIND DIRECTION    NW (300)
  HIGHEST GUST SPEED    23   HIGHEST GUST DIRECTION    NW (310)
  AVERAGE WIND SPEED    12.7


SKY COVER
  POSSIBLE SUNSHINE  MM
  AVERAGE SKY COVER 0.9


WEATHER CONDITIONS
 THE FOLLOWING WEATHER WAS RECORDED TODAY.
  LIGHT SNOW


RELATIVE HUMIDITY (PERCENT)
 HIGHEST    78           400 AM
 LOWEST     53           300 PM
 AVERAGE    66

..........................................................


THE SYRACUSE NY CLIMATE NORMALS FOR TOMORROW
                         NORMAL    RECORD    YEAR
 MAXIMUM TEMPERATURE (F)   60        87      1954
 MINIMUM TEMPERATURE (F)   39        24      1981


SUNRISE AND SUNSET
APRIL 20 2018.........SUNRISE   614 AM EDT   SUNSET   753 PM EDT
APRIL 21 2018.........SUNRISE   613 AM EDT   SUNSET   754 PM EDT


-  INDICATES NEGATIVE NUMBERS.
R  INDICATES RECORD WAS SET OR TIED.
MM INDICATES DATA IS MISSING.
T  INDICATES TRACE AMOUNT.




$$
