848
CDUS41 KBGM 270218
CLISYR


CLIMATE REPORT
NATIONAL WEATHER SERVICE BINGHAMTON NY
1017 PM EDT SAT MAY 26 2018


...................................

...THE SYRACUSE NY CLIMATE SUMMARY FOR MAY 26 2018...
VALID AS OF 1000 PM LOCAL TIME.

CLIMATE NORMAL PERIOD 1981 TO 2010
CLIMATE RECORD PERIOD 1902 TO 2018


WEATHER ITEM   OBSERVED TIME   RECORD YEAR NORMAL DEPARTURE LAST
                VALUE   (LST)  VALUE       VALUE  FROM      YEAR
                                                  NORMAL
..................................................................
TEMPERATURE (F)
 TODAY
  MAXIMUM         83    421 PM  90    2011  72     11       62
                                      2010
  MINIMUM         58    457 AM  36    1969  50      8       53
  AVERAGE         71                        61     10       58

PRECIPITATION (IN)
  TODAY            0.00          1.47 1991   0.11  -0.11     0.18
  MONTH TO DATE    1.86                      2.69  -0.83     4.47
  SINCE MAR 1      8.20                      8.83  -0.63    13.27
  SINCE JAN 1     14.27                     13.40   0.87    19.85

SNOWFALL (IN)
  TODAY            0.0           0.0  2002   0.0    0.0      0.0
                                      2001
  MONTH TO DATE    0.0                       0.1   -0.1      0.0
  SINCE MAR 1     46.1                      21.9   24.2     31.2
  SINCE JUL 1    153.6                     123.8   29.8    134.9
  SNOW DEPTH       0

DEGREE DAYS
 HEATING
  TODAY            0                         6     -6        7
  MONTH TO DATE  120                       230   -110      290
  SINCE MAR 1   1926                      1734    192     1788
  SINCE JUL 1   6593                      6565     28     6057

 COOLING
  TODAY            6                         1      5        0
  MONTH TO DATE   27                        16     11       18
  SINCE MAR 1     27                        20      7       30
  SINCE JAN 1     27                        20      7       30
..................................................................


WIND (MPH)
  HIGHEST WIND SPEED    16   HIGHEST WIND DIRECTION     W (270)
  HIGHEST GUST SPEED    21   HIGHEST GUST DIRECTION     W (270)
  AVERAGE WIND SPEED     5.0


SKY COVER
  POSSIBLE SUNSHINE  MM
  AVERAGE SKY COVER 0.7


WEATHER CONDITIONS
 THE FOLLOWING WEATHER WAS RECORDED TODAY.
  NO SIGNIFICANT WEATHER WAS OBSERVED.


RELATIVE HUMIDITY (PERCENT)
 HIGHEST   100           500 AM
 LOWEST     47           900 AM
 AVERAGE    74

..........................................................


THE SYRACUSE NY CLIMATE NORMALS FOR TOMORROW
                         NORMAL    RECORD    YEAR
 MAXIMUM TEMPERATURE (F)   72        91      1939
 MINIMUM TEMPERATURE (F)   50        33      1969


SUNRISE AND SUNSET
MAY 26 2018...........SUNRISE   531 AM EDT   SUNSET   832 PM EDT
MAY 27 2018...........SUNRISE   531 AM EDT   SUNSET   833 PM EDT


-  INDICATES NEGATIVE NUMBERS.
R  INDICATES RECORD WAS SET OR TIED.
MM INDICATES DATA IS MISSING.
T  INDICATES TRACE AMOUNT.




$$
