000
CXUS55 KCYS 081639
CF6CDR
PRELIMINARY LOCAL CLIMATOLOGICAL DATA (WS FORM: F-6)...CORRECTED
STATION: CHADRON NEBRASKA AIRPORT
MONTH: DECEMBER
YEAR: 2021
LATITUDE: 42 50 N
LONGITUDE: 103 6 W
TEMPERATURE IN F: :PCPN: SNOW: WIND :SUNSHINE: SKY :PK WND
================================================================================
1 2 3 4 5 6A 6B 7 8 9 10 11 12 13 14 15 16 17 18
12Z AVG MX 2MIN
DY MAX MIN AVG DEP HDD CDD WTR SNW DPTH SPD SPD DIR MIN PSBL S-S WX SPD DR
================================================================================
1 71 30 51 22 14 0 0.00 M M 9.6 23 290 M M 0 32 300
2 75 31 53 24 12 0 0.00 M M 7.3 20 230 M M 0 25 220
3 54 26 40 12 25 0 0.00 M M 5.7 13 20 M M 3 18 20
4 35 23 29 1 36 0 0.00 M M 3.3 9 340 M M 4 12 13 40
5 37 19 28 0 37 0 T M M 14.7 36 300 M M 6 1 49 310
6 35 6 21 -6 44 0 0.00 M M 7.8 21 190 M M 2 26 300
7 41 18 30 3 35 0 0.00 M M 5.1 15 270 M M 4 8 19 240
8 62 19 41 14 24 0 0.00 M M 8.3 26 230 M M 0 37 240
9 47 29 38 12 27 0 T M M 9.3 23 290 M M 6 18 34 290
10 29 4 17 -9 48 0 T M M 9.3 24 290 M M 8 1 32 300
11 33 -1 16 -10 49 0 0.00 M M 8.1 21 220 M M 0 26 220
12 47 11 29 3 36 0 0.00 M M 6.2 28 230 M M 0 33 230
13 46 15 31 5 34 0 0.00 M M 6.2 22 170 M M 0 27 180
14 48 22 35 10 30 0 0.00 M M 5.7 20 230 M M 0 23 210
15 35 19 27 2 38 0 0.00 M M 18.3 45 310 M M 3 65 310
16 39 15 27 2 38 0 0.00 M M 6.2 15 250 M M 2 20 190
17 31 9 20 -5 45 0 T M M 7.4 23 270 M M 4 34 260
18 28 0 14 -11 51 0 0.00 M M 4.6 16 280 M M 0 33 260
19 44 17 31 6 34 0 0.00 M M 6.1 16 230 M M 0 20 230
20 36 14 25 0 40 0 0.00 M M 8.6 20 20 M M 7 18 26 20
21 43 22 33 9 32 0 0.00 M M 8.0 22 270 M M 0 29 280
22 52 20 36 12 29 0 0.00 M M 8.4 20 240 M M 0 26 230
23 51 30 41 17 24 0 0.00 M M 10.2 29 210 M M 0 37 210
24 50 25 38 14 27 0 0.00 M M 7.8 20 250 M M 0 29 240
25 49 21 35 11 30 0 0.00 M M 9.1 26 260 M M 2 35 260
26 43 19 31 7 34 0 0.00 M M 9.4 33 260 M M 2 47 250
27 47 5 26 2 39 0 0.00 M M 14.3 38 180 M M 0 50 180
28 31 2 17 -7 48 0 T M M 6.1 15 20 M M 4 8 20 30
29 29 9 19 -5 46 0 0.00 M M 6.6 21 270 M M 4 28 260
30 46 12 29 5 36 0 T M M 10.7 24 210 M M 2 37 200
31 20 -2 9 -16 56 0 T M M 11.1 18 20 M M 10 18 25 20
================================================================================
SM 1334 489 1098 0 T M 259.5 M 73
================================================================================
AV 43.0 15.8 8.4 FASTST M M 2 MAX(MPH)
MISC ----> 45 310 65 310
================================================================================
NOTES:
# LAST OF SEVERAL OCCURRENCES
COLUMN 17 PEAK WIND IN M.P.H.
PRELIMINARY LOCAL CLIMATOLOGICAL DATA (WS FORM: F-6) , PAGE 2
STATION: CHADRON NEBRASKA AIRPORT
MONTH: DECEMBER
YEAR: 2021
LATITUDE: 42 50 N
LONGITUDE: 103 6 W
[TEMPERATURE DATA] [PRECIPITATION DATA] SYMBOLS USED IN COLUMN 16
AVERAGE MONTHLY: 29.4 TOTAL FOR MONTH: T 1 = FOG OR MIST
DPTR FM NORMAL: 3.7 DPTR FM NORMAL: -0.31 2 = FOG REDUCING VISIBILITY
HIGHEST: 75 ON 2 GRTST 24HR T ON 5- 5 TO 1/4 MILE OR LESS
LOWEST: -2 ON 31 3 = THUNDER
SNOW, ICE PELLETS, HAIL 4 = ICE PELLETS
TOTAL MONTH: M 5 = HAIL
GRTST 24HR M ON M 6 = FREEZING RAIN OR DRIZZLE
GRTST DEPTH: M ON M 7 = DUSTSTORM OR SANDSTORM:
VSBY 1/2 MILE OR LESS
8 = SMOKE OR HAZE
[NO. OF DAYS WITH] [WEATHER - DAYS WITH] 9 = BLOWING SNOW
X = TORNADO
MAX 32 OR BELOW: 6 0.01 INCH OR MORE: 0
MAX 90 OR ABOVE: 0 0.10 INCH OR MORE: 0
MIN 32 OR BELOW: 31 0.50 INCH OR MORE: 0
MIN 0 OR BELOW: 3 1.00 INCH OR MORE: 0
[HDD (BASE 65) ]
TOTAL THIS MO. 1098 CLEAR (SCALE 0-3) 21
DPTR FM NORMAL -120 PTCLDY (SCALE 4-7) 8
TOTAL FM JUL 1 2272 CLOUDY (SCALE 8-10) 2
DPTR FM NORMAL -525
[CDD (BASE 65) ]
TOTAL THIS MO. 0
DPTR FM NORMAL 0 [PRESSURE DATA]
TOTAL FM JAN 1 1082 HIGHEST SLP 30.53 ON 18
DPTR FM NORMAL 274 LOWEST SLP 29.30 ON 24
[REMARKS]
DECEMBER 1...RECORD HIGH 71 DEGREES (PREVIOUS 68 DEGREES IN 1951)
DECEMBER 2...RECORD HIGH 75 DEGREES (PREVIOUS 70 IN 1998)
75 DEGREES WAS THE WARMEST FOR DECEMBER, SURPASSING THE PREVIOUS
RECORD 72 DEGREES SET DECEMBER 4 1980 AND DECEMBER 12 2014.
MONTHLY PRECIPITATION TRACE WAS DRIEST FOR DECEMBER
#FINAL-12-21#