000
CXUS53 KGRB 010912
CF6GRB
PRELIMINARY LOCAL CLIMATOLOGICAL DATA (WS FORM: F-6)
STATION: GREEN BAY WI
MONTH: AUGUST
YEAR: 2021
LATITUDE: 44 28 N
LONGITUDE: 88 8 W
TEMPERATURE IN F: :PCPN: SNOW: WIND :SUNSHINE: SKY :PK WND
================================================================================
1 2 3 4 5 6A 6B 7 8 9 10 11 12 13 14 15 16 17 18
12Z AVG MX 2MIN
DY MAX MIN AVG DEP HDD CDD WTR SNW DPTH SPD SPD DIR MIN PSBL S-S WX SPD DR
================================================================================
1 75 57 66 -4 0 1 0.00 0.0 0 5.5 18 10 M M 4 18 25 350
2 80 56 68 -2 0 3 0.00 0.0 0 4.3 13 150 M M 3 1 15 160
3 82 57 70 0 0 5 T 0.0 0 3.1 10 280 M M 2 18 15 230
4 85 58 72 2 0 7 0.00 0.0 0 3.3 10 260 M M 0 18 14 260
5 83 59 71 1 0 6 T 0.0 0 6.6 18 200 M M 3 18 27 200
6 80 65 73 3 0 8 T 0.0 0 4.9 15 220 M M 5 1 23 250
7 74 64 69 -1 0 4 0.50 0.0 0 6.9 14 50 M M 8 13 18 180
8 82 67 75 5 0 10 3.42 0.0 0 7.2 26 280 M M 7 13 36 290
9 79 68 74 4 0 9 0.31 0.0 0 5.5 16 180 M M 5 13 25 180
10 88 65 77 7 0 12 0.46 0.0 0 6.6 21 80 M M 6 123 32 310
11 85 68 77 8 0 12 0.29 0.0 0 7.4 28 320 M M 4 13 47 290
12 81 61 71 2 0 6 0.00 0.0 0 6.9 14 300 M M 1 20 200
13 79 54 67 -2 0 2 0.00 0.0 0 5.9 21 270 M M 1 27 280
14 80 52 66 -3 0 1 0.00 0.0 0 4.8 12 240 M M 0 17 230
15 81 56 69 0 0 4 0.00 0.0 0 5.2 13 210 M M 0 18 220
16 80 53 67 -2 0 2 0.00 0.0 0 4.1 13 150 M M 2 17 170
17 81 56 69 0 0 4 0.00 0.0 0 3.9 13 190 M M 0 1 18 220
18 87 59 73 5 0 8 0.00 0.0 0 2.5 10 160 M M 0 1 13 160
19 87 62 75 7 0 10 0.00 0.0 0 3.2 12 140 M M 1 128 17 110
20 86 62 74 6 0 9 0.00 0.0 0 5.2 16 130 M M 0 128 24 140
21 84 64 74 6 0 9 T 0.0 0 7.9 15 200 M M 3 1 22 170
22 75 57 66 -2 0 1 0.00 0.0 0 6.3 17 50 M M 1 23 50
23 83 56 70 2 0 5 0.01 0.0 0 4.6 12 190 M M 1 1 17 230
24 81 62 72 4 0 7 0.16 0.0 0 4.0 18 350 M M 3 123 29 340
25 86 64 75 8 0 10 0.00 0.0 0 4.5 13 280 M M 4 12 17 270
26 81 64 73 6 0 8 0.00 0.0 0 8.0 17 50 M M 1 22 50
27 77 65 71 4 0 6 1.69 0.0 0 7.7 26 280 M M 8 13 40 300
28 84 67 76 9 0 11 0.38 0.0 0 5.4 15 170 M M 3 138 23 170
29 83 66 75 9 0 10 1.08 0.0 0 10.0 26 30 M M 2 13 36 80
30 82 61 72 6 0 7 0.00 0.0 0 5.8 17 290 M M 1 26 280
31 76 58 67 1 0 2 0.00 0.0 0 7.5 16 50 M M 1 20 50
================================================================================
SM 2527 1883 0 199 8.30 0.0 174.7 M 80
================================================================================
AV 81.5 60.7 5.6 FASTST M M 3 MAX(MPH)
MISC ----> 28 320 47 290
================================================================================
NOTES:
# LAST OF SEVERAL OCCURRENCES
COLUMN 17 PEAK WIND IN M.P.H.
PRELIMINARY LOCAL CLIMATOLOGICAL DATA (WS FORM: F-6) , PAGE 2
STATION: GREEN BAY WI
MONTH: AUGUST
YEAR: 2021
LATITUDE: 44 28 N
LONGITUDE: 88 8 W
[TEMPERATURE DATA] [PRECIPITATION DATA] SYMBOLS USED IN COLUMN 16
AVERAGE MONTHLY: 71.1 TOTAL FOR MONTH: 8.30 1 = FOG OR MIST
DPTR FM NORMAL: 2.5 DPTR FM NORMAL: 4.91 2 = FOG REDUCING VISIBILITY
HIGHEST: 88 ON 10 GRTST 24HR 3.78 ON 7- 8 TO 1/4 MILE OR LESS
LOWEST: 52 ON 14 3 = THUNDER
SNOW, ICE PELLETS, HAIL 4 = ICE PELLETS
TOTAL MONTH: 0.0 INCH 5 = HAIL
GRTST 24HR 0.0 6 = FREEZING RAIN OR DRIZZLE
GRTST DEPTH: 0 7 = DUSTSTORM OR SANDSTORM:
VSBY 1/2 MILE OR LESS
8 = SMOKE OR HAZE
[NO. OF DAYS WITH] [WEATHER - DAYS WITH] 9 = BLOWING SNOW
X = TORNADO
MAX 32 OR BELOW: 0 0.01 INCH OR MORE: 10
MAX 90 OR ABOVE: 0 0.10 INCH OR MORE: 9
MIN 32 OR BELOW: 0 0.50 INCH OR MORE: 4
MIN 0 OR BELOW: 0 1.00 INCH OR MORE: 3
[HDD (BASE 65) ]
TOTAL THIS MO. 0 CLEAR (SCALE 0-3) 22
DPTR FM NORMAL -27 PTCLDY (SCALE 4-7) 9
TOTAL FM JUL 1 9 CLOUDY (SCALE 8-10) 0
DPTR FM NORMAL -30
[CDD (BASE 65) ]
TOTAL THIS MO. 199
DPTR FM NORMAL 62 [PRESSURE DATA]
TOTAL FM JAN 1 639 HIGHEST SLP 30.27 ON 14
DPTR FM NORMAL 182 LOWEST SLP 29.61 ON 11
[REMARKS]
#FINAL-08-21#