000
CXUS53 KDDC 011445
CF6GCK
PRELIMINARY LOCAL CLIMATOLOGICAL DATA (WS FORM: F-6)
STATION: GARDEN CITY REGIONAL ARPT KS
MONTH: AUGUST
YEAR: 2023
LATITUDE: 37 55 N
LONGITUDE: 100 43 W
TEMPERATURE IN F: :PCPN: SNOW: WIND :SUNSHINE: SKY :PK WND
================================================================================
1 2 3 4 5 6A 6B 7 8 9 10 11 12 13 14 15 16 17 18
12Z AVG MX 2MIN
DY MAX MIN AVG DEP HDD CDD WTR SNW DPTH SPD SPD DIR MIN PSBL S-S WX SPD DR
================================================================================
1 97 66 82 4 0 17 0.00 M M 7.3 18 190 M M 0 26 190
2 97 67 82 4 0 17 0.00 M M 7.1 28 360 M M 0 8 37 360
3 95 68 82 4 0 17 0.02 M M 11.0 33 360 M M 1 38 48 340
4 89 62 76 -2 0 11 1.36 M M 7.2 32 350 M M 2 138 43 10
5 86 63 75 -3 0 10 0.11 M M 9.8 31 30 M M 4 138 42 30
6 82 59 71 -7 0 6 0.03 M M 10.6 21 350 M M 2 13 26 350
7 82 58 70 -8 0 5 0.26 M M 10.7 32 30 M M 2 13 43 30
8 82 59 71 -7 0 6 0.01 M M 11.6 24 130 M M 2 13 34 130
9 84 60 72 -5 0 7 0.00 M M 10.5 26 50 M M 2 37 40
10 90 56 73 -4 0 8 0.00 M M 9.9 20 190 M M 0 25 180
11 92 68 80 3 0 15 0.05 M M 8.5 28 30 M M 1 13 44 30
12 88 65 77 0 0 12 1.30 M M 9.0 41 240 M M 2 13 60 230
13 85 63 74 -3 0 9 0.00 M M 10.6 30 20 M M 3 1 39 20
14 81 55 68 -9 0 3 0.00 M M 8.8 20 340 M M 1 25 330
15 87 54 71 -5 0 6 0.00 M M 5.3 13 160 M M 0 18 18 150
16 93 58 76 0 0 11 0.00 M M 10.0 18 200 M M 0 25 200
17 87 60 74 -2 0 9 0.00 M M 12.6 29 60 M M 0 1 40 60
18 94 57 76 0 0 11 0.00 M M 12.6 22 180 M M 0 30 190
19 100 65 83 7 0 18 0.00 M M 8.1 15 330 M M 0 21 260
20 98 60 79 3 0 14 0.00 M M 8.5 20 150 M M 0 28 150
21 97 63 80 4 0 15 0.00 M M 10.3 18 180 M M 0 26 180
22 96 68 82 7 0 17 0.00 M M 8.6 15 140 M M 0 8 21 200
23 96 69 83 8 0 18 0.00 M M 9.2 20 190 M M 0 28 180
24 95 64 80 5 0 15 0.00 M M 10.1 24 190 M M 0 32 190
25 98 69 84 9 0 19 0.00 M M 10.5 26 20 M M 1 38 34 10
26 79 61 70 -5 0 5 T M M 11.4 23 20 M M 6 30 360
27 85 53 69 -5 0 4 0.00 M M 4.8 10 350 M M 0 1 15 10
28 91 54 73 -1 0 8 0.00 M M 4.7 15 70 M M 2 20 70
29 89 62 76 2 0 11 0.00 M M 8.6 18 30 M M 2 138 26 350
30 89 55 72 -2 0 7 0.00 M M 7.5 17 140 M M 0 8 22 140
31 93 59 76 2 0 11 0.00 M M 14.4 23 160 M M 0 34 150
================================================================================
SM 2797 1900 0 342 3.14 M 289.8 M 33
================================================================================
AV 90.2 61.3 9.3 FASTST M M 1 MAX(MPH)
MISC ----> 41 240 60 230
================================================================================
NOTES:
# LAST OF SEVERAL OCCURRENCES
COLUMN 17 PEAK WIND IN M.P.H.
PRELIMINARY LOCAL CLIMATOLOGICAL DATA (WS FORM: F-6) , PAGE 2
STATION: GARDEN CITY REGIONAL ARPT KS
MONTH: AUGUST
YEAR: 2023
LATITUDE: 37 55 N
LONGITUDE: 100 43 W
[TEMPERATURE DATA] [PRECIPITATION DATA] SYMBOLS USED IN COLUMN 16
AVERAGE MONTHLY: 75.8 TOTAL FOR MONTH: 3.14 1 = FOG OR MIST
DPTR FM NORMAL: -0.4 DPTR FM NORMAL: 0.65 2 = FOG REDUCING VISIBILITY
HIGHEST: 100 ON 19 GRTST 24HR 1.38 ON 3- 4 TO 1/4 MILE OR LESS
LOWEST: 53 ON 27 3 = THUNDER
4 = ICE PELLETS
5 = HAIL
6 = FREEZING RAIN OR DRIZZLE
7 = DUSTSTORM OR SANDSTORM:
VSBY 1/2 MILE OR LESS
8 = SMOKE OR HAZE
[NO. OF DAYS WITH] [WEATHER - DAYS WITH] 9 = BLOWING SNOW
X = TORNADO
MAX 32 OR BELOW: 0 0.01 INCH OR MORE: 8
MAX 90 OR ABOVE: 16 0.10 INCH OR MORE: 4
MIN 32 OR BELOW: 0 0.50 INCH OR MORE: 2
MIN 0 OR BELOW: 0 1.00 INCH OR MORE: 2
[HDD (BASE 65) ]
TOTAL THIS MO. 0 CLEAR (SCALE 0-3) 29
DPTR FM NORMAL -3 PTCLDY (SCALE 4-7) 2
TOTAL FM JUL 1 0 CLOUDY (SCALE 8-10) 0
DPTR FM NORMAL -4
[CDD (BASE 65) ]
TOTAL THIS MO. 342
DPTR FM NORMAL -8 [PRESSURE DATA]
TOTAL FM JAN 1 979 HIGHEST SLP 30.25 ON 14
DPTR FM NORMAL -158 LOWEST SLP 29.71 ON 11
[REMARKS]
#FINAL-08-23#