000
CXUS54 KLZK 011130
CF6BPK
PRELIMINARY LOCAL CLIMATOLOGICAL DATA (WS FORM: F-6)
STATION: Mountain Home Airport
MONTH: JUNE
YEAR: 2020
LATITUDE: 36 22 N
LONGITUDE: 92 28 W
TEMPERATURE IN F: :PCPN: SNOW: WIND :SUNSHINE: SKY :PK WND
================================================================================
1 2 3 4 5 6A 6B 7 8 9 10 11 12 13 14 15 16 17 18
12Z AVG MX 2MIN
DY MAX MIN AVG DEP HDD CDD WTR SNW DPTH SPD SPD DIR MIN PSBL S-S WX SPD DR
================================================================================
1 82 60 71 0 0 6 0.00 M M 3.7 9 170 M M 0 15 150
2 85 59 72 1 0 7 0.00 M M 3.7 12 210 M M 0 17 220
3 87 65 76 4 0 11 0.37 M M 2.6 13 250 M M 2 13 21 250
4 81 64 73 1 0 8 0.10 M M 2.8 6 270 M M 2 1 M M
5 91 68 80 8 0 15 0.00 M M 2.6 12 200 M M 2 15 190
6 90 70 80 8 0 15 0.00 M M 3.8 10 100 M M 2 12 16 140
7 90 69 80 7 0 15 0.00 M M 5.8 12 100 M M 1 1 18 120
8 79 70 75 2 0 10 2.31 M M 6.6 14 80 M M 4 1 22 70
9 89 72 81 8 0 16 0.28 M M 8.6 18 220 M M 5 1 28 250
10 75 58 67 -7 0 2 0.00 M M 5.6 14 300 M M 4 26 310
11 84 56 70 -4 0 5 0.00 M M 2.0 7 360 M M 0 11 350
12 87 59 73 -1 0 8 0.00 M M 1.1 7 220 M M 0 10 220
13 89 62 76 2 0 11 0.00 M M 2.3 10 130 M M 1 3 14 140
14 88 64 76 1 0 11 0.00 M M 2.3 8 140 M M 1 1 11 150
15 87 67 77 2 0 12 0.00 M M 4.1 9 140 M M 0 13 130
16 82 62 72 -3 0 7 0.00 M M 4.8 10 190 M M 3 15 150
17 84 57 71 -5 0 6 T M M 2.9 9 200 M M 1 13 230
18 86 61 74 -2 0 9 T M M 2.6 9 170 M M 0 13 180
19 88 64 76 0 0 11 0.00 M M 4.3 10 210 M M 1 17 180
20 86 66 76 0 0 11 0.14 M M 3.9 15 200 M M 2 13 20 180
21 84 64 74 -2 0 9 T M M 1.7 8 260 M M 4 1 12 260
22 82 67 75 -2 0 10 0.18 M M 3.6 9 200 M M 4 13 11 230
23 83 66 75 -2 0 10 T M M 1.0 7 10 M M 3 123 11 30
24 83 58 71 -6 0 6 0.00 M M 2.1 7 200 M M 1 11 70
25 87 62 75 -2 0 10 0.00 M M 4.0 12 220 M M 0 16 190
26 87 67 77 0 0 12 0.01 M M 6.5 16 200 M M 3 22 230
27 86 68 77 -1 0 12 0.00 M M 6.1 16 230 M M 3 27 220
28 90 72 81 3 0 16 0.00 M M 7.2 15 220 M M 2 23 220
29 82 72 77 -1 0 12 T M M 6.4 16 200 M M 4 22 220
30 90 73 82 4 0 17 T M M 5.5 13 220 M M 5 3 19 220
================================================================================
SM 2564 1942 0 310 3.39 M 120.2 M 60
================================================================================
AV 85.5 64.7 4.0 FASTST M M 2 MAX(MPH)
MISC ----> # 18 220 # 28 250
================================================================================
NOTES:
# LAST OF SEVERAL OCCURRENCES
COLUMN 17 PEAK WIND IN M.P.H.
PRELIMINARY LOCAL CLIMATOLOGICAL DATA (WS FORM: F-6) , PAGE 2
STATION: Mountain Home Airport
MONTH: JUNE
YEAR: 2020
LATITUDE: 36 22 N
LONGITUDE: 92 28 W
[TEMPERATURE DATA] [PRECIPITATION DATA] SYMBOLS USED IN COLUMN 16
AVERAGE MONTHLY: 75.1 TOTAL FOR MONTH: 3.39 1 = FOG OR MIST
DPTR FM NORMAL: 0.2 DPTR FM NORMAL: 0.06 2 = FOG REDUCING VISIBILITY
HIGHEST: 91 ON 5 GRTST 24HR 2.31 ON 8- 8 TO 1/4 MILE OR LESS
LOWEST: 56 ON 11 3 = THUNDER
SNOW, ICE PELLETS, HAIL 4 = ICE PELLETS
TOTAL MONTH: M 5 = HAIL
GRTST 24HR M ON M 6 = FREEZING RAIN OR DRIZZLE
GRTST DEPTH: M ON M 7 = DUSTSTORM OR SANDSTORM:
VSBY 1/2 MILE OR LESS
8 = SMOKE OR HAZE
[NO. OF DAYS WITH] [WEATHER - DAYS WITH] 9 = BLOWING SNOW
X = TORNADO
MAX 32 OR BELOW: 0 0.01 INCH OR MORE: 7
MAX 90 OR ABOVE: 5 0.10 INCH OR MORE: 6
MIN 32 OR BELOW: 0 0.50 INCH OR MORE: 1
MIN 0 OR BELOW: 0 1.00 INCH OR MORE: 1
[HDD (BASE 65) ]
TOTAL THIS MO. 0 CLEAR (SCALE 0-3) 20
DPTR FM NORMAL -3 PTCLDY (SCALE 4-7) 10
TOTAL FM JUL 1 3727 CLOUDY (SCALE 8-10) 0
DPTR FM NORMAL -69
[CDD (BASE 65) ]
TOTAL THIS MO. 310
DPTR FM NORMAL 10 [PRESSURE DATA]
TOTAL FM JAN 1 436 HIGHEST SLP 30.32 ON 12
DPTR FM NORMAL -24 LOWEST SLP 29.38 ON 9
[REMARKS]
#FINAL-06-20#