264
CDUS43 KDLH 130637
CLIDLH


CLIMATE REPORT
NATIONAL WEATHER SERVICE DULUTH MN
134 AM CDT SUN MAY 13 2018


...................................

...THE DULUTH MN CLIMATE SUMMARY FOR MAY 12 2018...

CLIMATE NORMAL PERIOD 1981 TO 2010
CLIMATE RECORD PERIOD 1870 TO 2018


WEATHER ITEM   OBSERVED TIME   RECORD YEAR NORMAL DEPARTURE LAST
                VALUE   (LST)  VALUE       VALUE  FROM      YEAR
                                                  NORMAL
..................................................................
TEMPERATURE (F)
 YESTERDAY
  MAXIMUM         62    325 PM  84    1940  61      1       72
  MINIMUM         29    322 AM  24    1946  40    -11       36
  AVERAGE         46                        50     -4       54

PRECIPITATION (IN)
  YESTERDAY        0.00          2.70 1879   0.10  -0.10     0.00
  MONTH TO DATE    0.37                      1.21  -0.84     0.53
  SINCE MAR 1      2.20                      5.13  -2.93     4.60
  SINCE JAN 1      4.56                      6.90  -2.34     7.56

SNOWFALL (IN)
  YESTERDAY        0.0           0.1  1911   0.0    0.0      0.0
  MONTH TO DATE    0.0                       0.3   -0.3      0.8
  SINCE MAR 1     23.6                      20.4    3.2      8.0
  SINCE JUL 1     91.9                      86.0    5.9     67.0
  SNOW DEPTH       0

DEGREE DAYS
 HEATING
  YESTERDAY       19                        15      4       11
  MONTH TO DATE  159                       198    -39      191
  SINCE MAR 1   2314                      2170    144     2062
  SINCE JUL 1   9335                      9037    298     7752

 COOLING
  YESTERDAY        0                         0      0        0
  MONTH TO DATE    0                         0      0        0
  SINCE MAR 1      0                         0      0        0
  SINCE JAN 1      0                         0      0        0
..................................................................


WIND (MPH)
  HIGHEST WIND SPEED    12   HIGHEST WIND DIRECTION     E (100)
  HIGHEST GUST SPEED    17   HIGHEST GUST DIRECTION     E (80)
  AVERAGE WIND SPEED     5.2


SKY COVER
  AVERAGE SKY COVER 0.2


WEATHER CONDITIONS
 THE FOLLOWING WEATHER WAS RECORDED YESTERDAY.
  NO SIGNIFICANT WEATHER WAS OBSERVED.


RELATIVE HUMIDITY (PERCENT)
 HIGHEST    70           600 AM
 LOWEST     22          1100 AM
 AVERAGE    46

..........................................................


THE DULUTH MN CLIMATE NORMALS FOR TODAY
                         NORMAL    RECORD    YEAR
 MAXIMUM TEMPERATURE (F)   62        86      1977
 MINIMUM TEMPERATURE (F)   40        22      1997


SUNRISE AND SUNSET
MAY 13 2018...........SUNRISE   536 AM CDT   SUNSET   835 PM CDT
MAY 14 2018...........SUNRISE   535 AM CDT   SUNSET   836 PM CDT


-  INDICATES NEGATIVE NUMBERS.
R  INDICATES RECORD WAS SET OR TIED.
MM INDICATES DATA IS MISSING.
T  INDICATES TRACE AMOUNT.




$$
