000
CXUS53 KBIS 010830
CF6DIK
PRELIMINARY LOCAL CLIMATOLOGICAL DATA (WS FORM: F-6)
STATION: DICKINSON ND
MONTH: AUGUST
YEAR: 2020
LATITUDE: 46 47 N
LONGITUDE: 102 48 W
TEMPERATURE IN F: :PCPN: SNOW: WIND :SUNSHINE: SKY :PK WND
================================================================================
1 2 3 4 5 6A 6B 7 8 9 10 11 12 13 14 15 16 17 18
12Z AVG MX 2MIN
DY MAX MIN AVG DEP HDD CDD WTR SNW DPTH SPD SPD DIR MIN PSBL S-S WX SPD DR
================================================================================
1 79 54 67 -4 0 2 0.00 M M 7.2 15 40 M M 2 1 21 50
2 80 50 65 -6 0 0 0.00 M M 7.9 16 140 M M 2 28 130
3 81 51 66 -5 0 1 0.00 M M 15.0 25 140 M M 0 38 150
4 81 54 68 -3 0 3 T M M 8.9 17 140 M M 2 22 150
5 84 53 69 -2 0 4 0.00 M M 9.6 18 340 M M 0 25 350
6 89 54 72 2 0 7 0.00 M M 13.7 24 130 M M 0 34 130
7 98 60 79 9 0 14 0.00 M M 9.8 23 320 M M 0 30 310
8 89 52 71 1 0 6 0.00 M M 7.2 16 130 M M 0 21 100
9 79 56 68 -2 0 3 T M M 12.9 25 320 M M 1 3 34 310
10 85 49 67 -3 0 2 T M M 8.4 24 270 M M 0 31 260
11 93 53 73 3 0 8 T M M 12.2 25 200 M M 0 40 190
12 93 55 74 4 0 9 0.00 M M 15.6 30 160 M M 0 40 170
13 88 59 74 4 0 9 0.04 M M 10.0 25 320 M M 1 123 35 330
14 81 51 66 -3 0 1 0.41 M M 10.8 30 290 M M 1 13 39 320
15 85 52 69 0 0 4 0.00 M M 8.0 17 300 M M 0 23 310
16 87 53 70 1 0 5 0.00 M M 8.1 18 360 M M 1 25 330
17 96 55 76 7 0 11 0.00 M M 11.2 20 140 M M 0 30 160
18 98 56 77 9 0 12 0.00 M M 7.2 14 170 M M 0 19 190
19 99 59 79 11 0 14 0.00 M M 7.1 14 290 M M 0 8 18 40
20 98 62 80 12 0 15 0.00 M M 6.0 14 20 M M 0 18 20 140
21 91 58 75 7 0 10 T M M 8.9 26 290 M M 1 8 37 290
22 95 56 76 9 0 11 0.00 M M 6.5 14 140 M M 0 18 140
23 83 56 70 3 0 5 0.00 M M 11.7 20 50 M M 0 27 50
24 89 52 71 4 0 6 0.00 M M 9.6 17 120 M M 1 12 25 130
25 97 61 79 13 0 14 T M M 9.2 18 170 M M 1 12 25 190
26 90 65 78 12 0 13 0.00 M M 7.9 15 190 M M 3 24 190
27 84 60 72 6 0 7 0.08 M M 7.9 39 320 M M 4 138 52 320
28 74 47 61 -4 4 0 0.00 M M 11.1 23 330 M M 1 30 330
29 86 46 66 1 0 1 0.00 M M 14.7 26 140 M M 0 36 150
30 84 44 64 0 1 0 T M M 14.2 46 290 M M 1 69 300
31 74 42 58 -6 7 0 0.00 M M 10.7 21 280 M M 2 26 280
================================================================================
SM 2710 1675 12 197 0.53 M 309.2 M 24
================================================================================
AV 87.4 54.0 10.0 FASTST M M 1 MAX(MPH)
MISC ----> # 46 290 # 69 300
================================================================================
NOTES:
# LAST OF SEVERAL OCCURRENCES
COLUMN 17 PEAK WIND IN M.P.H.
PRELIMINARY LOCAL CLIMATOLOGICAL DATA (WS FORM: F-6) , PAGE 2
STATION: DICKINSON ND
MONTH: AUGUST
YEAR: 2020
LATITUDE: 46 47 N
LONGITUDE: 102 48 W
[TEMPERATURE DATA] [PRECIPITATION DATA] SYMBOLS USED IN COLUMN 16
AVERAGE MONTHLY: 70.7 TOTAL FOR MONTH: 0.53 1 = FOG OR MIST
DPTR FM NORMAL: 2.3 DPTR FM NORMAL: -1.01 2 = FOG REDUCING VISIBILITY
HIGHEST: 99 ON 19 GRTST 24HR 0.41 ON 14-14 TO 1/4 MILE OR LESS
LOWEST: 42 ON 31 3 = THUNDER
SNOW, ICE PELLETS, HAIL 4 = ICE PELLETS
TOTAL MONTH: M 5 = HAIL
GRTST 24HR M ON M 6 = FREEZING RAIN OR DRIZZLE
GRTST DEPTH: M ON M 7 = DUSTSTORM OR SANDSTORM:
VSBY 1/2 MILE OR LESS
8 = SMOKE OR HAZE
[NO. OF DAYS WITH] [WEATHER - DAYS WITH] 9 = BLOWING SNOW
X = TORNADO
MAX 32 OR BELOW: 0 0.01 INCH OR MORE: 3
MAX 90 OR ABOVE: 11 0.10 INCH OR MORE: 1
MIN 32 OR BELOW: 0 0.50 INCH OR MORE: 0
MIN 0 OR BELOW: 0 1.00 INCH OR MORE: 0
[HDD (BASE 65) ]
TOTAL THIS MO. 12 CLEAR (SCALE 0-3) 30
DPTR FM NORMAL -40 PTCLDY (SCALE 4-7) 1
TOTAL FM JUL 1 16 CLOUDY (SCALE 8-10) 0
DPTR FM NORMAL -70
[CDD (BASE 65) ]
TOTAL THIS MO. 197
DPTR FM NORMAL 40 [PRESSURE DATA]
TOTAL FM JAN 1 473 HIGHEST SLP 30.23 ON 3
DPTR FM NORMAL 87 LOWEST SLP 29.51 ON 30
[REMARKS]
#FINAL-08-20#