000
CDUS43 KLSX 050733
CLIUIN


CLIMATE REPORT
NATIONAL WEATHER SERVICE ST LOUIS MO
232 AM CDT THU APR 5 2018


...................................

...THE QUINCY IL CLIMATE SUMMARY FOR APRIL 4 2018...

CLIMATE NORMAL PERIOD 1981 TO 2010
CLIMATE RECORD PERIOD 1901 TO 2018


WEATHER ITEM   OBSERVED TIME   RECORD YEAR NORMAL DEPARTURE LAST
                VALUE   (LST)  VALUE       VALUE  FROM      YEAR
                                                  NORMAL
..................................................................
TEMPERATURE (F)
 YESTERDAY
  MAXIMUM         39    446 PM  86    1942  59    -20       57
                                      1929
  MINIMUM         21    707 AM  20    2002  39    -18       49
  AVERAGE         30                        49    -19

PRECIPITATION (IN)
  YESTERDAY        0.00          1.77 1947   0.11  -0.11     0.51
  MONTH TO DATE    0.25                      0.43  -0.18     0.80
  SINCE MAR 1      3.63                      2.89   0.74     3.98
  SINCE JAN 1      7.75                      6.29   1.46     6.03

DEGREE DAYS
 HEATING
  YESTERDAY       35                        16     19
  MONTH TO DATE  145                        66     79
  SINCE MAR 1    920                       784    136
  SINCE JUL 1   5087                      5126    -39

 COOLING
  YESTERDAY        0                         0      0
  MONTH TO DATE    0                         0      0
  SINCE MAR 1      0                         2     -2
  SINCE JAN 1      0                         2     -2
..................................................................


WIND (MPH)
  HIGHEST WIND SPEED    31   HIGHEST WIND DIRECTION    NW (300)
  HIGHEST GUST SPEED    40   HIGHEST GUST DIRECTION    NW (300)
  AVERAGE WIND SPEED    12.8


SKY COVER
  AVERAGE SKY COVER 0.4



RELATIVE HUMIDITY (PERCENT)
 HIGHEST    77           600 AM
 LOWEST     44           300 PM
 AVERAGE    61

..........................................................


THE QUINCY IL CLIMATE NORMALS FOR TODAY
                         NORMAL    RECORD    YEAR
 MAXIMUM TEMPERATURE (F)   60        84      1942
 MINIMUM TEMPERATURE (F)   39        15      1920


SUNRISE AND SUNSET
APRIL  5 2018.........SUNRISE   642 AM CDT   SUNSET   733 PM CDT
APRIL  6 2018.........SUNRISE   641 AM CDT   SUNSET   734 PM CDT


-  INDICATES NEGATIVE NUMBERS.
R  INDICATES RECORD WAS SET OR TIED.
MM INDICATES DATA IS MISSING.
T  INDICATES TRACE AMOUNT.




$$
