000
CXUS53 KILX 262300
CF6LWV
PRELIMINARY LOCAL CLIMATOLOGICAL DATA (WS FORM: F-6)

                                          STATION:   LAWRENCEVILLE IL AIRPORT
                                          MONTH:     APRIL
                                          YEAR:      2018
                                          LATITUDE:   38 45 N
                                          LONGITUDE:  87 36 W

  TEMPERATURE IN F:       :PCPN:    SNOW:  WIND      :SUNSHINE: SKY     :PK WND
================================================================================
1   2   3   4   5  6A  6B    7    8   9   10  11  12  13   14  15   16   17  18
                                     12Z  AVG MX 2MIN
DY MAX MIN AVG DEP HDD CDD  WTR  SNW DPTH SPD SPD DIR MIN PSBL S-S WX    SPD DR
================================================================================

 1  47  33  40 -11  25   0 0.22    M    M 11.9 22 350   M    M   6 1      27 350
 2  47  31  39 -12  26   0 0.44    M    M  9.9 15 130   M    M  10 13     20 110
 3  71  40  56   5   9   0 0.54    M    M 20.6 40 300   M    M   7 13     50 300
 4  40  30  35 -17  30   0 0.00    M    M 14.1 36 300   M    M   8        44 300
 5  53  29  41 -11  24   0 0.00    M    M  6.4 17 190   M    M   0 1      22 180
 6  57  31  44  -8  21   0    T    M    M 12.8 28 350   M    M   4        31 350
 7  44  30  37 -16  28   0 0.00    M    M 11.0 20 360   M    M   3        25 360
 8  44  28  36 -17  29   0 0.05    M    M  3.8 15 100   M    M   4 18     21  60
 9  47  34  41 -13  24   0 0.00    M    M  5.2 14 350   M    M   9 18     15 350
10  45  31  38 -16  27   0 0.00    M    M  5.3 12 300   M    M   7 18     15 300
11  67  33  50  -4  15   0 0.00    M    M 12.9 24 210   M    M   2        31 180
12  81  50  66  11   0   1 0.00    M    M 19.6 33 210   M    M   0        41 190
13  75  56  66  11   0   1 0.04    M    M 15.7 32 220   M    M   5        45 200
14  69  52  61   5   4   0 0.68    M    M 13.3 24 190   M    M   7 13     31 150
15  52  37  45 -11  20   0 0.36    M    M 14.5 25 290   M    M   9 1      32 270
16  38  30  34 -22  31   0    T    M    M 16.2 31 310   M    M   9 18     37 300
17  56  30  43 -14  22   0 0.00    M    M  7.6 14  70   M    M   0        23 320
18  78  40  59   2   6   0 0.00    M    M 18.8 36 320   M    M   2        45 330
19  57  36  47 -10  18   0 0.00    M    M 12.9 28 310   M    M   5        34 310
20  66  35  51  -7  14   0 0.00    M    M  8.3 16  60   M    M   0        20  90
21  69  40  55  -3  10   0 0.00    M    M 10.9 18  50   M    M   0        22  40
22  74  51  63   5   2   0    T    M    M 11.2 20  70   M    M   6        25  80
23  61  50  56  -3   9   0 0.25    M    M 12.5 21  90   M    M  10 1      25 100
24  63  52  58  -1   7   0 0.06    M    M   M   M   M   M    M   9 1       M  M
25  69  46  58  -2   7   0 0.00    M    M   M   M   M   M    M   2 12      M  M
================================================================================
SM 1470  955       408   2  2.64    M    275.4          M      124
================================================================================
AV 58.8 38.2                              12.0 FASTST   M    M   5    MAX(MPH)
                                 MISC ---->  # 40 300               # 50  300
================================================================================
NOTES:
# LAST OF SEVERAL OCCURRENCES

COLUMN 17 PEAK WIND IN M.P.H.

PRELIMINARY LOCAL CLIMATOLOGICAL DATA (WS FORM: F-6) , PAGE 2

                                          STATION:  LAWRENCEVILLE IL AIRPORT
                                          MONTH:    APRIL
                                          YEAR:     2018
                                          LATITUDE:   38 45 N
                                          LONGITUDE:  87 36 W

[TEMPERATURE DATA]      [PRECIPITATION DATA]       SYMBOLS USED IN COLUMN 16

AVERAGE MONTHLY: 48.5   TOTAL FOR MONTH:   2.64    1 = FOG OR MIST
DPTR FM NORMAL:  -6.6   DPTR FM NORMAL:   -0.51    2 = FOG REDUCING VISIBILITY
HIGHEST:    81 ON 12    GRTST 24HR  0.68 ON 14-14      TO 1/4 MILE OR LESS
LOWEST:     28 ON  8                               3 = THUNDER
                        SNOW, ICE PELLETS, HAIL    4 = ICE PELLETS
                        TOTAL MONTH:    M          5 = HAIL
                        GRTST 24HR    M  ON   M    6 = FREEZING RAIN OR DRIZZLE
                        GRTST DEPTH:  M  ON   M    7 = DUSTSTORM OR SANDSTORM:
                                                       VSBY 1/2 MILE OR LESS
                                                   8 = SMOKE OR HAZE
[NO. OF DAYS WITH]      [WEATHER - DAYS WITH]      9 = BLOWING SNOW
                                                   X = TORNADO
MAX 32 OR BELOW:   0    0.01 INCH OR MORE:   9
MAX 90 OR ABOVE:   0    0.10 INCH OR MORE:   6
MIN 32 OR BELOW:   9    0.50 INCH OR MORE:   2
MIN  0 OR BELOW:   0    1.00 INCH OR MORE:   0

[HDD (BASE 65) ]
TOTAL THIS MO.   408    CLEAR  (SCALE 0-3)   8
DPTR FM NORMAL   141    PTCLDY (SCALE 4-7)  11
TOTAL FM JUL 1  4703    CLOUDY (SCALE 8-10)  6
DPTR FM NORMAL   139

[CDD (BASE 65) ]
TOTAL THIS MO.     2
DPTR FM NORMAL   -17    [PRESSURE DATA]
TOTAL FM JAN 1     3    HIGHEST SLP M ON M
DPTR FM NORMAL   -18    LOWEST  SLP 29.50 ON  3

[REMARKS]
