000
CXUS53 KILX 252300
CF6LWV
PRELIMINARY LOCAL CLIMATOLOGICAL DATA (WS FORM: F-6)

                                          STATION:   LAWRENCEVILLE IL AIRPORT
                                          MONTH:     MAY
                                          YEAR:      2020
                                          LATITUDE:   38 45 N
                                          LONGITUDE:  87 36 W

  TEMPERATURE IN F:       :PCPN:    SNOW:  WIND      :SUNSHINE: SKY     :PK WND
================================================================================
1   2   3   4   5  6A  6B    7    8   9   10  11  12  13   14  15   16   17  18
                                     12Z  AVG MX 2MIN
DY MAX MIN AVG DEP HDD CDD  WTR  SNW DPTH SPD SPD DIR MIN PSBL S-S WX    SPD DR
================================================================================

 1  72  40  56  -6   9   0    T    M    M  5.1 13 190   M    M   0        17 210
 2  85  55  70   8   0   5    T    M    M 10.9 21 220   M    M   1        26 230
 3  73  52  63   1   2   0    T    M    M  7.5 31 340   M    M   7 3      38 340
 4  74  47  61  -1   4   0 0.03    M    M  7.2 23 100   M    M   2 8      29 100
 5  56  46  51 -12  14   0 0.24    M    M  8.3 20  60   M    M  10 13     25  70
 6  64  43  54  -9  11   0 0.00    M    M 11.9 22 310   M    M   4        35 330
 7  70  48  59  -4   6   0 0.00  0.0    M 10.3 21 260   M    M   4        31 240
 8  59  38  49 -15  16   0 0.45    M    M 11.0 30 330   M    M   5 1      38 340
 9  60  35  48 -16  17   0 0.00    M    M  6.1 15 310   M    M   0        25 300
10  64  43  54 -10  11   0    T    M    M 15.3 33 300   M    M   5        44 300
11  59  39  49 -16  16   0 0.00    M    M  7.6 18 290   M    M   6        24 320
12  62  41  52 -13  13   0 0.00    M    M  3.3 14 300   M    M   5        20 290
13  55  49  52 -13  13   0 0.01    M    M 10.4 18 110   M    M  10 1      23 130
14  86  55  71   5   0   6 0.09    M    M 14.6 30 230   M    M   4 13     40 220
15  77  61  69   3   0   4 0.06    M    M  9.8 25 200   M    M   6 1      33 200
16  85  58  72   6   0   7 0.11    M    M  6.1 15 140   M    M   5 12     19 120
17  81  63  72   6   0   7 1.24    M    M 12.2 29 160   M    M   7 13     42 220
18   M   M   M   M   M   M 0.08    M    M  7.6 15 300   M    M   9 1       M  M
19   M   M   M   M   M   M 0.20    M    M  6.0 10  70   M    M   9 8       M  M
20   M   M   M   M   M   M 0.01    M    M 11.3 16  80   M    M  10 18     25  70
21   M   M   M   M   M   M 0.00    M    M  7.8 16  80   M    M   7         M  M
22   M   M   M   M   M   M 0.00    M    M  4.2  8 110   M    M   6         M  M
23   M   M   M   M   M   M    T    M    M  8.7 15 200   M    M   2 8      22 210
24   M   M   M   M   M   M 0.13    M    M  7.4 17 160   M    M   2 3      23 160
================================================================================
SM 1182  813       132  29  2.65     0.0 210.6          M      126
================================================================================
AV 69.5 47.8                               8.8 FASTST   M    M   5    MAX(MPH)
                                 MISC ---->  # 33 300               # 44  300
================================================================================
NOTES:
# LAST OF SEVERAL OCCURRENCES

COLUMN 17 PEAK WIND IN M.P.H.

PRELIMINARY LOCAL CLIMATOLOGICAL DATA (WS FORM: F-6) , PAGE 2

                                          STATION:  LAWRENCEVILLE IL AIRPORT
                                          MONTH:    MAY
                                          YEAR:     2020
                                          LATITUDE:   38 45 N
                                          LONGITUDE:  87 36 W

[TEMPERATURE DATA]      [PRECIPITATION DATA]       SYMBOLS USED IN COLUMN 16

AVERAGE MONTHLY: 58.7   TOTAL FOR MONTH:   2.65    1 = FOG OR MIST
DPTR FM NORMAL:  -6.4   DPTR FM NORMAL:   -2.03    2 = FOG REDUCING VISIBILITY
HIGHEST:    86 ON 14    GRTST 24HR  1.24 ON 17-17      TO 1/4 MILE OR LESS
LOWEST:     35 ON  9                               3 = THUNDER
                        SNOW, ICE PELLETS, HAIL    4 = ICE PELLETS
                        TOTAL MONTH:   0.0 INCH    5 = HAIL
                        GRTST 24HR     0.0         6 = FREEZING RAIN OR DRIZZLE
                        GRTST DEPTH:  M  ON   M    7 = DUSTSTORM OR SANDSTORM:
                                                       VSBY 1/2 MILE OR LESS
                                                   8 = SMOKE OR HAZE
[NO. OF DAYS WITH]      [WEATHER - DAYS WITH]      9 = BLOWING SNOW
                                                   X = TORNADO
MAX 32 OR BELOW:   0    0.01 INCH OR MORE:  12
MAX 90 OR ABOVE:   0    0.10 INCH OR MORE:   6
MIN 32 OR BELOW:   0    0.50 INCH OR MORE:   1
MIN  0 OR BELOW:   0    1.00 INCH OR MORE:   1

[HDD (BASE 65) ]
TOTAL THIS MO.   132    CLEAR  (SCALE 0-3)   6
DPTR FM NORMAL    57    PTCLDY (SCALE 4-7)  13
TOTAL FM JUL 1  4517    CLOUDY (SCALE 8-10)  5
DPTR FM NORMAL  -149

[CDD (BASE 65) ]
TOTAL THIS MO.    29
DPTR FM NORMAL   -44    [PRESSURE DATA]
TOTAL FM JAN 1    45    HIGHEST SLP M ON M
DPTR FM NORMAL   -54    LOWEST  SLP 29.69 ON 17

[REMARKS]
