000
CDUS45 KPUB 092319
CLIALS


CLIMATE REPORT
NATIONAL WEATHER SERVICE PUEBLO
519 PM MDT MON APR 9 2018


...................................

...THE ALAMOSA CO CLIMATE SUMMARY FOR APRIL 9 2018...
VALID TODAY AS OF 0500 PM LOCAL TIME.

CLIMATE NORMAL PERIOD 1981 TO 2010
CLIMATE RECORD PERIOD 1932 TO 2018


WEATHER ITEM   OBSERVED TIME   RECORD YEAR NORMAL DEPARTURE LAST
                VALUE   (LST)  VALUE       VALUE  FROM      YEAR
                                                  NORMAL
..................................................................
TEMPERATURE (F)
 TODAY
  MAXIMUM         56    314 PM  72    1977  57     -1       57
  MINIMUM         17    538 AM   7    1938  22     -5       31
  AVERAGE         37                        40     -3       44

PRECIPITATION (IN)
  TODAY            0.00          0.33 1995   0.02  -0.02     0.00
  MONTH TO DATE    0.10                      0.17  -0.07     0.35
  SINCE MAR 1      0.25                      0.70  -0.45     1.08
  SINCE JAN 1      0.56                      1.22  -0.66     2.73

SNOWFALL (IN)
  TODAY            0.0           1.6  1959   0.2   -0.2      0.0
  MONTH TO DATE    0.0                       1.4   -1.4      3.2
  SINCE MAR 1      1.8                       6.4   -4.6      3.9
  SINCE JUL 1      8.8                      24.5  -15.7     39.4
  SNOW DEPTH       0

DEGREE DAYS
 HEATING
  TODAY           28                        25      3       21
  MONTH TO DATE  182                       235    -53      213
  SINCE MAR 1   1118                      1212    -94      952
  SINCE JUL 1   6393                      7541  -1148     6741

 COOLING
  TODAY            0                         0      0        0
  MONTH TO DATE    0                         0      0        0
  SINCE MAR 1      0                         0      0        0
  SINCE JAN 1      0                         0      0        0
..................................................................


WIND (MPH)
  HIGHEST WIND SPEED    26   HIGHEST WIND DIRECTION    NW (330)
  HIGHEST GUST SPEED    33   HIGHEST GUST DIRECTION    NW (330)
  AVERAGE WIND SPEED     8.4


SKY COVER
  POSSIBLE SUNSHINE  MM
  AVERAGE SKY COVER 0.1


WEATHER CONDITIONS
 THE FOLLOWING WEATHER WAS RECORDED TODAY.
  NO SIGNIFICANT WEATHER WAS OBSERVED.


RELATIVE HUMIDITY (PERCENT)
 HIGHEST    91           500 AM
 LOWEST     11           300 PM
 AVERAGE    51

..........................................................


THE ALAMOSA CO CLIMATE NORMALS FOR TOMORROW
                         NORMAL    RECORD    YEAR
 MAXIMUM TEMPERATURE (F)   58        75      2012
 MINIMUM TEMPERATURE (F)   23         9      1959
                                             1951


SUNRISE AND SUNSET
APRIL  9 2018.........SUNRISE   637 AM MDT   SUNSET   733 PM MDT
APRIL 10 2018.........SUNRISE   636 AM MDT   SUNSET   734 PM MDT


-  INDICATES NEGATIVE NUMBERS.
R  INDICATES RECORD WAS SET OR TIED.
MM INDICATES DATA IS MISSING.
T  INDICATES TRACE AMOUNT.




$$
