000
CXUS53 KGRR 011017
CF6LAN
PRELIMINARY LOCAL CLIMATOLOGICAL DATA (WS FORM: F-6)

                                          STATION:   LANSING MI
                                          MONTH:     MARCH
                                          YEAR:      2010
                                          LATITUDE:   42 46 N
                                          LONGITUDE:  84 36 W

  TEMPERATURE IN F:       :PCPN:    SNOW:  WIND      :SUNSHINE: SKY     :PK WND
================================================================================
1   2   3   4   5  6A  6B    7    8   9   10  11  12  13   14  15   16   17  18
                                     12Z  AVG MX 2MIN
DY MAX MIN AVG DEP HDD CDD  WTR  SNW DPTH SPD SPD DIR MIN PSBL S-S WX    SPD DR
================================================================================

 1  38  23  31   3  34   0    T    T    8  5.2 10 330   M    M   7        14 350
 2  36  15  26  -3  39   0 0.00  0.0    8  2.9 10  20   M    M   6 12     15  20
 3  37  16  27  -2  38   0 0.00  0.0    8  4.8 13  20   M    M   5        17  20
 4  38  11  25  -4  40   0 0.00  0.0    8  2.6 10  50   M    M   1        16 140
 5  39  14  27  -3  38   0 0.00  0.0    8  1.6  9 310   M    M   0 18     12 310
 6  42  16  29  -1  36   0 0.00  0.0    8  4.0 12 260   M    M   0        14 270
 7  45  24  35   5  30   0 0.00  0.0    6  3.9 14 260   M    M   3        17 250
 8  50  22  36   5  29   0 0.00  0.0    5  2.7 13 250   M    M   0 18     16 250
 9  53  26  40   9  25   0    T  0.0    4  4.3 13 120   M    M   5 18     15 150
10  54  40  47  15  18   0    T  0.0    2  9.6 16 130   M    M   7 18     22 130
11  61  42  52  20  13   0 0.18  0.0    T 10.4 22 120   M    M   7 18     28 120
12  59  46  53  21  12   0 0.04  0.0    0  9.7 17  70   M    M   9 18     22  70
13  48  39  44  11  21   0 0.04  0.0    0 14.2 22  60   M    M  10 1      29  60
14  43  37  40   7  25   0 0.02  0.0    0 12.1 22  30   M    M  10 1      28  30
15  56  36  46  12  19   0 0.00  0.0    0  8.7 18  30   M    M   9 1      25  10
16  61  27  44  10  21   0 0.00  0.0    0  2.3 12  50   M    M   4        20  30
17  63  28  46  12  19   0 0.00  0.0    0  2.7 12 260   M    M   1        14 300
18  61  36  49  14  16   0 0.00  0.0    0 10.0 25 250   M    M   4        31 250
19  65  43  54  19  11   0 0.00  0.0    0 11.1 26 250   M    M   6        32 250
20  44  30  37   2  28   0 0.11  1.2    T  9.6 16  20   M    M  10 14     20  30
21  47  30  39   3  26   0    T    T    1  7.7 13  60   M    M   9        16  30
22  51  31  41   5  24   0    T  0.0    0 13.8 24  30   M    M   5        30  20
23  57  35  46   9  19   0 0.00  0.0    0  8.4 17 270   M    M   5        23 290
24  57  27  42   5  23   0 0.00  0.0    0  1.4  9 340   M    M   4        14 340
25  48  26  37   0  28   0 0.05  0.0    0  9.7 20  20   M    M  10        23  40
26  40  17  29  -9  36   0 0.00  0.0    0  6.7 16 360   M    M   2        22  10
27  51  27  39   1  26   0 0.00  0.0    0  9.5 17 140   M    M   7        21 140
28  47  31  39   1  26   0 0.01  0.0    0  6.4 14  10   M    M   9        18 360
29  46  29  38  -1  27   0 0.00  0.0    0  5.8 15  60   M    M   5        18  60
30  59  21  40   1  25   0 0.00  0.0    0  4.4 14 200   M    M   2 18     16 200
31  74  41  58  18   7   0 0.00  0.0    0 12.2 21 170   M    M   5        31 180
================================================================================
SM 1570  886       779   0  0.45     1.2 218.4          M      167
================================================================================
AV 50.6 28.6                               7.0 FASTST   M    M   5    MAX(MPH)
                                 MISC ---->  # 26 250               # 32  250
================================================================================
NOTES:
# LAST OF SEVERAL OCCURRENCES

COLUMN 17 PEAK WIND IN M.P.H.

PRELIMINARY LOCAL CLIMATOLOGICAL DATA (WS FORM: F-6) , PAGE 2

                                          STATION:  LANSING MI
                                          MONTH:    MARCH
                                          YEAR:     2010
                                          LATITUDE:   42 46 N
                                          LONGITUDE:  84 36 W

[TEMPERATURE DATA]      [PRECIPITATION DATA]       SYMBOLS USED IN COLUMN 16

AVERAGE MONTHLY: 39.6   TOTAL FOR MONTH:   0.45    1 = FOG OR MIST
DPTR FM NORMAL:   5.7   DPTR FM NORMAL:   -1.88    2 = FOG REDUCING VISIBILITY
HIGHEST:    74 ON 31    GRTST 24HR  0.18 ON 11-11      TO 1/4 MILE OR LESS
LOWEST:     11 ON  4                               3 = THUNDER
                        SNOW, ICE PELLETS, HAIL    4 = ICE PELLETS
                        TOTAL MONTH:   1.2 INCHES  5 = HAIL
                        GRTST 24HR   1.2 ON   M    6 = FREEZING RAIN OR DRIZZLE
                        GRTST DEPTH:   8 ON  6, 5  7 = DUSTSTORM OR SANDSTORM:
                                                       VSBY 1/2 MILE OR LESS
                                                   8 = SMOKE OR HAZE
[NO. OF DAYS WITH]      [WEATHER - DAYS WITH]      9 = BLOWING SNOW
                                                   X = TORNADO
MAX 32 OR BELOW:   0    0.01 INCH OR MORE:   7
MAX 90 OR ABOVE:   0    0.10 INCH OR MORE:   2
MIN 32 OR BELOW:  21    0.50 INCH OR MORE:   0
MIN  0 OR BELOW:   0    1.00 INCH OR MORE:   0

[HDD (BASE 65) ]
TOTAL THIS MO.   779    CLEAR  (SCALE 0-3)   8
DPTR FM NORMAL  -191    PTCLDY (SCALE 4-7)  15
TOTAL FM JUL 1  5691    CLOUDY (SCALE 8-10)  8
DPTR FM NORMAL  -476

[CDD (BASE 65) ]
TOTAL THIS MO.     0
DPTR FM NORMAL    -1    [PRESSURE DATA]
TOTAL FM JAN 1     0    HIGHEST SLP 30.46 ON  6
DPTR FM NORMAL    -1    LOWEST  SLP 29.57 ON 13

[REMARKS]
#FINAL-03-10#
