000
CDUS41 KCAR 082026
CLICAR


CLIMATE REPORT
NATIONAL WEATHER SERVICE CARIBOU, ME
426 PM EDT TUE MAY 8 2018


...................................

...THE CARIBOU ME CLIMATE SUMMARY FOR MAY 8 2018...
VALID TODAY AS OF 0400 PM LOCAL TIME.

CLIMATE NORMAL PERIOD 1981 TO 2010
CLIMATE RECORD PERIOD 1939 TO 2018


WEATHER ITEM   OBSERVED TIME   RECORD YEAR NORMAL DEPARTURE LAST
                VALUE   (LST)  VALUE       VALUE  FROM      YEAR
                                                  NORMAL
..................................................................
TEMPERATURE (F)
 TODAY
  MAXIMUM         74    252 PM  83    2013  60     14       55
                                      1982
  MINIMUM         32    424 AM  19    1950  38     -6       43
  AVERAGE         53                        49      4       49

PRECIPITATION (IN)
  TODAY            0.00          0.91 1948   0.10  -0.10     0.45
  MONTH TO DATE    0.87                      0.78   0.09     2.94
  SINCE MAR 1      8.19                      5.95   2.24     9.52
  SINCE JAN 1     15.69                     10.87   4.82    15.14

SNOWFALL (IN)
  TODAY            0.0           5.8  1967   0.1   -0.1      0.0
  MONTH TO DATE    0.0                       0.3   -0.3      0.0
  SINCE MAR 1     34.9                      26.0    8.9     33.0
  SINCE JUL 1    137.2                     108.5   28.7    129.6
  SNOW DEPTH       0

DEGREE DAYS
 HEATING
  TODAY           12                        16     -4       16
  MONTH TO DATE  107                       141    -34      122
  SINCE MAR 1   2093                      2186    -93     2209
  SINCE JUL 1   8296                      8907   -611     8190

 COOLING
  TODAY            0                         0      0        0
  MONTH TO DATE    0                         0      0        0
  SINCE MAR 1      0                         0      0        0
  SINCE JAN 1      0                         0      0        0
..................................................................


WIND (MPH)
  HIGHEST WIND SPEED    22   HIGHEST WIND DIRECTION    SW (220)
  HIGHEST GUST SPEED    29   HIGHEST GUST DIRECTION     W (250)
  AVERAGE WIND SPEED     8.6


SKY COVER
  POSSIBLE SUNSHINE  MM
  AVERAGE SKY COVER 0.0


WEATHER CONDITIONS
 THE FOLLOWING WEATHER WAS RECORDED TODAY.
  NO SIGNIFICANT WEATHER WAS OBSERVED.


RELATIVE HUMIDITY (PERCENT)
 HIGHEST    75           300 AM
 LOWEST     14           300 PM
 AVERAGE    45

..........................................................


THE CARIBOU ME CLIMATE NORMALS FOR TOMORROW
                         NORMAL    RECORD    YEAR
 MAXIMUM TEMPERATURE (F)   60        90      1979
 MINIMUM TEMPERATURE (F)   38        27      1996
                                             1956


SUNRISE AND SUNSET
MAY  8 2018...........SUNRISE   506 AM EDT   SUNSET   752 PM EDT
MAY  9 2018...........SUNRISE   505 AM EDT   SUNSET   753 PM EDT


-  INDICATES NEGATIVE NUMBERS.
R  INDICATES RECORD WAS SET OR TIED.
MM INDICATES DATA IS MISSING.
T  INDICATES TRACE AMOUNT.




$$
