000
CDUS41 KCAR 170559
CLICAR

CLIMATE REPORT
NATIONAL WEATHER SERVICE CARIBOU, ME
149 AM EDT THU MAY 17 2018


...................................

...THE CARIBOU ME CLIMATE SUMMARY FOR MAY 16 2018...

CLIMATE NORMAL PERIOD 1981 TO 2010
CLIMATE RECORD PERIOD 1939 TO 2018


WEATHER ITEM   OBSERVED TIME   RECORD YEAR NORMAL DEPARTURE LAST
                VALUE   (LST)  VALUE       VALUE  FROM      YEAR
                                                  NORMAL
..................................................................
TEMPERATURE (F)
 YESTERDAY
  MAXIMUM         60    552 PM  81    1986  63     -3       71
  MINIMUM         30R   418 AM  30    1957  41    -11       43
                                      1949
  AVERAGE         45                        52     -7       57

PRECIPITATION (IN)
  YESTERDAY        0.00          1.67 1997   0.11  -0.11     0.00
  MONTH TO DATE    1.08                      1.60  -0.52     3.42
  SINCE MAR 1      8.40                      6.77   1.63    10.00
  SINCE JAN 1     15.90                     11.69   4.21    15.62

SNOWFALL (IN)
  YESTERDAY        0.0           4.5  2016   0.0    0.0      0.0
  MONTH TO DATE    0.0                       0.4   -0.4       T
  SINCE MAR 1     34.9                      26.1    8.8     33.0
  SINCE JUL 1    137.2                     108.6   28.6    129.6
  SNOW DEPTH       0

DEGREE DAYS
 HEATING
  YESTERDAY       20                        13      7        8
  MONTH TO DATE  208                       257    -49      238
  SINCE MAR 1   2194                      2302   -108     2325
  SINCE JUL 1   8397                      9023   -626     8306

 COOLING
  YESTERDAY        0                         0      0        0
  MONTH TO DATE    0                         0      0        0
  SINCE MAR 1      0                         0      0        0
  SINCE JAN 1      0                         0      0        0
..................................................................


WIND (MPH)
  HIGHEST WIND SPEED    17   HIGHEST WIND DIRECTION    SW (210)
  HIGHEST GUST SPEED    23   HIGHEST GUST DIRECTION     S (190)
  AVERAGE WIND SPEED     7.7


SKY COVER
  POSSIBLE SUNSHINE  MM
  AVERAGE SKY COVER 0.2


WEATHER CONDITIONS
 THE FOLLOWING WEATHER WAS RECORDED YESTERDAY.
  NO SIGNIFICANT WEATHER WAS OBSERVED.


RELATIVE HUMIDITY (PERCENT)
 HIGHEST    59          1100 PM
 LOWEST     24           200 PM
 AVERAGE    42

..........................................................


THE CARIBOU ME CLIMATE NORMALS FOR TODAY
                         NORMAL    RECORD    YEAR
 MAXIMUM TEMPERATURE (F)   63        83      1977
 MINIMUM TEMPERATURE (F)   41        26      1957


SUNRISE AND SUNSET
MAY 17 2018...........SUNRISE   455 AM EDT   SUNSET   803 PM EDT
MAY 18 2018...........SUNRISE   454 AM EDT   SUNSET   804 PM EDT


-  INDICATES NEGATIVE NUMBERS.
R  INDICATES RECORD WAS SET OR TIED.
MM INDICATES DATA IS MISSING.
T  INDICATES TRACE AMOUNT.

.....................................................................

THE CARIBOU ME 4 INCH UNDER SOD SOIL TEMPERATURE FOR MAY 16 2018

MAXIMUM: MISSING
MINIMUM: 47 F

$$
