000
CDUS43 KLSX 260729
CLIUIN

CLIMATE REPORT
NATIONAL WEATHER SERVICE ST LOUIS MO
229 AM CDT MON OCT 26 2020

...................................

...THE QUINCY IL CLIMATE SUMMARY FOR OCTOBER 25 2020...

CLIMATE NORMAL PERIOD 1981 TO 2010
CLIMATE RECORD PERIOD 1901 TO 2020


WEATHER ITEM   OBSERVED TIME   RECORD YEAR NORMAL DEPARTURE LAST
                VALUE   (LST)  VALUE       VALUE  FROM      YEAR
                                                  NORMAL
...................................................................
TEMPERATURE (F)
 YESTERDAY
  MAXIMUM         46    251 PM  85    1939  62    -16       50
  MINIMUM         37   1159 PM  23    2013  42     -5       38
  AVERAGE         42                        52    -10       44

PRECIPITATION (IN)
  YESTERDAY        T             1.91 1986   0.09  -0.09     0.00
  MONTH TO DATE    1.41                      2.43  -1.02     1.72
  SINCE SEP 1      3.59                      5.73  -2.14     6.78
  SINCE JAN 1     30.92                     31.48  -0.56    37.81

DEGREE DAYS
 HEATING
  YESTERDAY       23                        13     10       21
  MONTH TO DATE  262                       248     14      267
  SINCE SEP 1    314                       330    -16      269
  SINCE JUL 1    315                       335    -20      271

 COOLING
  YESTERDAY        0                         0      0        0
  MONTH TO DATE   26                        14     12       28
  SINCE SEP 1    117                       137    -20      289
  SINCE JAN 1   1171                      1090     81     1346
...................................................................


WIND (MPH)
  HIGHEST WIND SPEED    15   HIGHEST WIND DIRECTION     N (360)
  HIGHEST GUST SPEED    21   HIGHEST GUST DIRECTION    NE (50)
  AVERAGE WIND SPEED    12.2


SKY COVER
  AVERAGE SKY COVER 1.0


WEATHER CONDITIONS
THE FOLLOWING WEATHER WAS RECORDED YESTERDAY.
  LIGHT RAIN


RELATIVE HUMIDITY (PERCENT)
 HIGHEST    82          1100 PM
 LOWEST     65           100 PM
 AVERAGE    74

..........................................................


THE QUINCY IL CLIMATE NORMALS FOR TODAY
                         NORMAL    RECORD    YEAR
 MAXIMUM TEMPERATURE (F)   61        85      1927
                                             1940
                                             1963
 MINIMUM TEMPERATURE (F)   42        21      1942


SUNRISE AND SUNSET
OCTOBER 26 2020.......SUNRISE   728 AM CDT   SUNSET   609 PM CDT
OCTOBER 27 2020.......SUNRISE   729 AM CDT   SUNSET   608 PM CDT


-  INDICATES NEGATIVE NUMBERS.
R  INDICATES RECORD WAS SET OR TIED.
MM INDICATES DATA IS MISSING.
T  INDICATES TRACE AMOUNT.




$$
