000
CDUS43 KLSX 020728
CLIUIN

CLIMATE REPORT
NATIONAL WEATHER SERVICE ST LOUIS MO
228 AM CDT TUE JUN 02 2020

...................................

...THE QUINCY IL CLIMATE SUMMARY FOR JUNE 1 2020...

CLIMATE NORMAL PERIOD 1981 TO 2010
CLIMATE RECORD PERIOD 1901 TO 2020


WEATHER ITEM   OBSERVED TIME   RECORD YEAR NORMAL DEPARTURE LAST
                VALUE   (LST)  VALUE       VALUE  FROM      YEAR
                                                  NORMAL
...................................................................
TEMPERATURE (F)
 YESTERDAY
  MAXIMUM         81    417 PM 101    1934  78      3       84
  MINIMUM         62    311 AM  45    1972  58      4       60
                                      2012
  AVERAGE         72                        68      4       72

PRECIPITATION (IN)
  YESTERDAY        T             2.81 2006   0.15  -0.15     0.07
  MONTH TO DATE    T                         0.15  -0.15     0.07
  SINCE JUN 1      T                         0.15  -0.15     0.07
  SINCE JAN 1     14.30                     14.24   0.06    19.60

DEGREE DAYS
 HEATING
  YESTERDAY        0                         2     -2        0
  MONTH TO DATE    0                         2     -2        0
  SINCE JUN 1      0                         2     -2        0
  SINCE JUL 1   5361                      5568   -207     5796

 COOLING
  YESTERDAY        7                         4      3        7
  MONTH TO DATE    7                         4      3        7
  SINCE JUN 1      7                         4      3        7
  SINCE JAN 1     78                        90    -12      117
...................................................................


WIND (MPH)
  HIGHEST WIND SPEED    17   HIGHEST WIND DIRECTION     S (190)
  HIGHEST GUST SPEED    26   HIGHEST GUST DIRECTION    SW (210)
  AVERAGE WIND SPEED    10.8


SKY COVER
  AVERAGE SKY COVER 0.2


WEATHER CONDITIONS
THE FOLLOWING WEATHER WAS RECORDED YESTERDAY.
  NO SIGNIFICANT WEATHER WAS OBSERVED.


RELATIVE HUMIDITY (PERCENT)
 HIGHEST    70           300 AM
 LOWEST     52           400 PM
 AVERAGE    61

..........................................................


THE QUINCY IL CLIMATE NORMALS FOR TODAY
                         NORMAL    RECORD    YEAR
 MAXIMUM TEMPERATURE (F)   78       102      1934
 MINIMUM TEMPERATURE (F)   58        43      1956


SUNRISE AND SUNSET
JUNE  2 2020..........SUNRISE   538 AM CDT   SUNSET   829 PM CDT
JUNE  3 2020..........SUNRISE   537 AM CDT   SUNSET   829 PM CDT


-  INDICATES NEGATIVE NUMBERS.
R  INDICATES RECORD WAS SET OR TIED.
MM INDICATES DATA IS MISSING.
T  INDICATES TRACE AMOUNT.




$$
