000
CDUS43 KLSX 260730
CLIUIN


CLIMATE REPORT
NATIONAL WEATHER SERVICE ST LOUIS MO
229 AM CDT SUN MAY 26 2019


...................................

...THE QUINCY IL CLIMATE SUMMARY FOR MAY 25 2019...

CLIMATE NORMAL PERIOD 1981 TO 2010
CLIMATE RECORD PERIOD 1901 TO 2019


WEATHER ITEM   OBSERVED TIME   RECORD YEAR NORMAL DEPARTURE LAST
                VALUE   (LST)  VALUE       VALUE  FROM      YEAR
                                                  NORMAL
..................................................................
TEMPERATURE (F)
 YESTERDAY
  MAXIMUM         85    449 PM  95    1911  75     10       85
  MINIMUM         64    955 PM  34    1925  56      8       68
  AVERAGE         75                        66      9

PRECIPITATION (IN)
  YESTERDAY        0.56          1.76 1990   0.16   0.40     0.14
  MONTH TO DATE    5.36                      3.60   1.76     1.55
  SINCE MAR 1     14.87                      9.75   5.12     5.56
  SINCE JAN 1     17.97                     13.15   4.82     9.68

DEGREE DAYS
 HEATING
  YESTERDAY        0                         3     -3
  MONTH TO DATE  147                       123     24
  SINCE MAR 1   1305                      1211     94
  SINCE JUL 1   5796                      5553    243

 COOLING
  YESTERDAY       10                         3      7
  MONTH TO DATE   64                        45     19
  SINCE MAR 1     74                        63     11
  SINCE JAN 1     74                        63     11
..................................................................


WIND (MPH)
  HIGHEST WIND SPEED    45   HIGHEST WIND DIRECTION     N (360)
  HIGHEST GUST SPEED    70   HIGHEST GUST DIRECTION     N (360)
  AVERAGE WIND SPEED    11.6


SKY COVER
  AVERAGE SKY COVER 0.5



RELATIVE HUMIDITY (PERCENT)
 HIGHEST    93          1100 PM
 LOWEST     51           300 PM
 AVERAGE    72

..........................................................


THE QUINCY IL CLIMATE NORMALS FOR TODAY
                         NORMAL    RECORD    YEAR
 MAXIMUM TEMPERATURE (F)   76        95      1911
 MINIMUM TEMPERATURE (F)   56        36      1901


SUNRISE AND SUNSET
MAY 26 2019...........SUNRISE   541 AM CDT   SUNSET   823 PM CDT
MAY 27 2019...........SUNRISE   541 AM CDT   SUNSET   824 PM CDT


-  INDICATES NEGATIVE NUMBERS.
R  INDICATES RECORD WAS SET OR TIED.
MM INDICATES DATA IS MISSING.
T  INDICATES TRACE AMOUNT.




$$
