000
CDUS43 KLSX 162233
CLIUIN


CLIMATE REPORT
NATIONAL WEATHER SERVICE ST LOUIS MO
433 PM CST WED JAN 16 2019


...................................

...THE QUINCY IL CLIMATE SUMMARY FOR JANUARY 16 2019...
VALID TODAY AS OF 0400 PM LOCAL TIME.

CLIMATE NORMAL PERIOD 1981 TO 2010
CLIMATE RECORD PERIOD 1901 TO 2019


WEATHER ITEM   OBSERVED TIME   RECORD YEAR NORMAL DEPARTURE LAST
                VALUE   (LST)  VALUE       VALUE  FROM      YEAR
                                                  NORMAL
..................................................................
TEMPERATURE (F)
 TODAY
  MAXIMUM         34   1055 AM  69    1990  34      0       10
  MINIMUM         32    331 PM -19    1977  18     14       -6
  AVERAGE         33                        26      7        2

PRECIPITATION (IN)
  TODAY            0.00          0.85 2017   0.04  -0.04      T
  MONTH TO DATE    0.97                      0.81   0.16     0.54
  SINCE DEC 1      3.60                      3.06   0.54     0.71
  SINCE JAN 1      0.97                      0.81   0.16     0.54

DEGREE DAYS
 HEATING
  TODAY           32                        39     -7
  MONTH TO DATE  506                       620   -114
  SINCE DEC 1   1450                      1711   -261
  SINCE JUL 1   2746                      2811    -65

 COOLING
  TODAY            0                         0      0
  MONTH TO DATE    0                         0      0
  SINCE DEC 1      0                         0      0
  SINCE JAN 1      0                         0      0
..................................................................


WIND (MPH)
  HIGHEST WIND SPEED    15   HIGHEST WIND DIRECTION     W (290)
  HIGHEST GUST SPEED    18   HIGHEST GUST DIRECTION     W (280)
  AVERAGE WIND SPEED     6.3


SKY COVER
  AVERAGE SKY COVER 1.0



RELATIVE HUMIDITY (PERCENT)
 HIGHEST    96          1200 AM
 LOWEST     82           500 AM
 AVERAGE    89

..........................................................


THE QUINCY IL CLIMATE NORMALS FOR TOMORROW
                         NORMAL    RECORD    YEAR
 MAXIMUM TEMPERATURE (F)   34        63      1996
 MINIMUM TEMPERATURE (F)   18       -19      1977


SUNRISE AND SUNSET
JANUARY 16 2019.......SUNRISE   724 AM CST   SUNSET   505 PM CST
JANUARY 17 2019.......SUNRISE   724 AM CST   SUNSET   506 PM CST


-  INDICATES NEGATIVE NUMBERS.
R  INDICATES RECORD WAS SET OR TIED.
MM INDICATES DATA IS MISSING.
T  INDICATES TRACE AMOUNT.




$$
