880
CDUS43 KLSX 170827
CLIUIN


CLIMATE REPORT
NATIONAL WEATHER SERVICE ST LOUIS MO
227 AM CST SUN NOV 17 2019

...................................

...THE QUINCY IL CLIMATE SUMMARY FOR NOVEMBER 16 2019...

CLIMATE NORMAL PERIOD 1981 TO 2010
CLIMATE RECORD PERIOD 1901 TO 2019


WEATHER ITEM   OBSERVED TIME   RECORD YEAR NORMAL DEPARTURE LAST
                VALUE   (LST)  VALUE       VALUE  FROM      YEAR
                                                  NORMAL
...................................................................
TEMPERATURE (F)
 YESTERDAY
  MAXIMUM         47    144 PM  77    1952  51     -4       44
  MINIMUM         28    719 AM   4    1959  34     -6       31
  AVERAGE         38                        42     -4       38

PRECIPITATION (IN)
  YESTERDAY        0.00          1.97 2009   0.09  -0.09     0.00
  MONTH TO DATE    0.00                      1.64  -1.64     1.26
  SINCE SEP 1      8.36                      7.95   0.41    11.82
  SINCE JAN 1     39.39                     33.70   5.69    31.92

DEGREE DAYS
 HEATING
  YESTERDAY       27                        23      4       27
  MONTH TO DATE  476                       306    170      460
  SINCE SEP 1    895                       725    170      860
  SINCE JUL 1    897                       730    167      860

 COOLING
  YESTERDAY        0                         0      0        0
  MONTH TO DATE    0                         0      0        0
  SINCE SEP 1    289                       140    149      281
  SINCE JAN 1   1346                      1093    253     1646
...................................................................


WIND (MPH)
  HIGHEST WIND SPEED    14   HIGHEST WIND DIRECTION    SE (140)
  HIGHEST GUST SPEED    19   HIGHEST GUST DIRECTION     S (180)
  AVERAGE WIND SPEED     8.5


SKY COVER
  AVERAGE SKY COVER 0.0


WEATHER CONDITIONS
THE FOLLOWING WEATHER WAS RECORDED YESTERDAY.
  FOG
  HAZE


RELATIVE HUMIDITY (PERCENT)
 HIGHEST    88           800 AM
 LOWEST     60           200 PM
 AVERAGE    74

..........................................................


THE QUINCY IL CLIMATE NORMALS FOR TODAY
                         NORMAL    RECORD    YEAR
 MAXIMUM TEMPERATURE (F)   51        78      1952
                                             2016
 MINIMUM TEMPERATURE (F)   33         3      1959


SUNRISE AND SUNSET
NOVEMBER 17 2019......SUNRISE   652 AM CST   SUNSET   447 PM CST
NOVEMBER 18 2019......SUNRISE   653 AM CST   SUNSET   446 PM CST


-  INDICATES NEGATIVE NUMBERS.
R  INDICATES RECORD WAS SET OR TIED.
MM INDICATES DATA IS MISSING.
T  INDICATES TRACE AMOUNT.




$$
