000
CDUS43 KLSX 060726
CLIUIN

CLIMATE REPORT
NATIONAL WEATHER SERVICE ST LOUIS MO
226 AM CDT THU MAY 06 2021

...................................

...THE QUINCY IL CLIMATE SUMMARY FOR MAY 5 2021...

CLIMATE NORMAL PERIOD 1991 TO 2020
CLIMATE RECORD PERIOD 1901 TO 2021


WEATHER ITEM   OBSERVED TIME   RECORD YEAR NORMAL DEPARTURE LAST
                VALUE   (LST)  VALUE       VALUE  FROM      YEAR
                                                  NORMAL
...................................................................
TEMPERATURE (F)
 YESTERDAY
  MAXIMUM         66    513 PM  92    1943  70     -4       57
  MINIMUM         41    538 AM  33    1954  50     -9       45
  AVERAGE         54                        60     -6       51

PRECIPITATION (IN)
  YESTERDAY        0.00          1.45 1967   0.14  -0.14     0.14
  MONTH TO DATE    0.26                      0.71  -0.45     0.41
  SINCE MAR 1     10.22                      6.98   3.24     7.89
  SINCE JAN 1     11.94                     10.32   1.62    10.87

DEGREE DAYS
 HEATING
  YESTERDAY       11                         6      5       14
  MONTH TO DATE   22                        34    -12       34
  SINCE MAR 1    929                      1115   -186     1063
  SINCE JUL 1   5249                      5377   -128     5214

 COOLING
  YESTERDAY        0                         1     -1        0
  MONTH TO DATE   12                         5      7        6
  SINCE MAR 1     30                        21      9       13
  SINCE JAN 1     30                        21      9       13
...................................................................


WIND (MPH)
  HIGHEST WIND SPEED    13   HIGHEST WIND DIRECTION     N (20)
  HIGHEST GUST SPEED    18   HIGHEST GUST DIRECTION     N (10)
  AVERAGE WIND SPEED     4.7


SKY COVER
  AVERAGE SKY COVER 0.0


WEATHER CONDITIONS
THE FOLLOWING WEATHER WAS RECORDED YESTERDAY.
  NO SIGNIFICANT WEATHER WAS OBSERVED.


RELATIVE HUMIDITY (PERCENT)
 HIGHEST    86           600 AM
 LOWEST     29           500 PM
 AVERAGE    58

..........................................................


THE QUINCY IL CLIMATE NORMALS FOR TODAY
                         NORMAL    RECORD    YEAR
 MAXIMUM TEMPERATURE (F)   70        91      1934
 MINIMUM TEMPERATURE (F)   50        32      1989


SUNRISE AND SUNSET
MAY  6 2021...........SUNRISE   559 AM CDT   SUNSET   805 PM CDT
MAY  7 2021...........SUNRISE   557 AM CDT   SUNSET   806 PM CDT


-  INDICATES NEGATIVE NUMBERS.
R  INDICATES RECORD WAS SET OR TIED.
MM INDICATES DATA IS MISSING.
T  INDICATES TRACE AMOUNT.




$$
