000
CDUS43 KLSX 032227
CLIUIN

CLIMATE REPORT
NATIONAL WEATHER SERVICE ST LOUIS MO
427 PM CST WED MAR 03 2021

...................................

...THE QUINCY IL CLIMATE SUMMARY FOR MARCH 3 2021...
VALID TODAY AS OF 0400 PM LOCAL TIME.

CLIMATE NORMAL PERIOD 1981 TO 2010
CLIMATE RECORD PERIOD 1901 TO 2021


WEATHER ITEM   OBSERVED TIME   RECORD YEAR NORMAL DEPARTURE LAST
                VALUE   (LST)  VALUE       VALUE  FROM      YEAR
                                                  NORMAL
...................................................................
TEMPERATURE (F)
 TODAY
  MAXIMUM         64    359 PM  77    1946  46     18       56
  MINIMUM         36    654 AM  -9    2014  28      8       32
  AVERAGE         50                        37     13       44

PRECIPITATION (IN)
  TODAY            0.00          1.44 1985   0.08  -0.08     0.00
  MONTH TO DATE    0.00                      0.24  -0.24     0.11
  SINCE MAR 1      0.00                      0.24  -0.24     0.11
  SINCE JAN 1      1.72                      3.64  -1.92     3.09

DEGREE DAYS
 HEATING
  TODAY           15                        28    -13       21
  MONTH TO DATE   71                        86    -15       57
  SINCE MAR 1     71                        86    -15       57
  SINCE JUL 1   4391                      4428    -37     4208

 COOLING
  TODAY            0                         0      0        0
  MONTH TO DATE    0                         0      0        0
  SINCE MAR 1      0                         0      0        0
  SINCE JAN 1      0                         0      0        0
...................................................................


WIND (MPH)
  HIGHEST WIND SPEED    14   HIGHEST WIND DIRECTION     W (280)
  HIGHEST GUST SPEED    19   HIGHEST GUST DIRECTION    NW (300)
  AVERAGE WIND SPEED     8.5


SKY COVER
  AVERAGE SKY COVER 0.0


WEATHER CONDITIONS
THE FOLLOWING WEATHER WAS RECORDED TODAY.
  NO SIGNIFICANT WEATHER WAS OBSERVED.


RELATIVE HUMIDITY (PERCENT)
 HIGHEST    67           700 AM
 LOWEST     29           300 PM
 AVERAGE    48

..........................................................


THE QUINCY IL CLIMATE NORMALS FOR TOMORROW
                         NORMAL    RECORD    YEAR
 MAXIMUM TEMPERATURE (F)   46        73      1961
 MINIMUM TEMPERATURE (F)   28        -8      1978


SUNRISE AND SUNSET
MARCH  3 2021.........SUNRISE   635 AM CST   SUNSET   559 PM CST
MARCH  4 2021.........SUNRISE   633 AM CST   SUNSET   600 PM CST


-  INDICATES NEGATIVE NUMBERS.
R  INDICATES RECORD WAS SET OR TIED.
MM INDICATES DATA IS MISSING.
T  INDICATES TRACE AMOUNT.




$$
