000
CDUS43 KLSX 242231
CLIUIN


CLIMATE REPORT
NATIONAL WEATHER SERVICE ST LOUIS MO
530 PM CDT SUN MAR 24 2019


...................................

...THE QUINCY IL CLIMATE SUMMARY FOR MARCH 24 2019...
VALID TODAY AS OF 0500 PM LOCAL TIME.

CLIMATE NORMAL PERIOD 1981 TO 2010
CLIMATE RECORD PERIOD 1901 TO 2019


WEATHER ITEM   OBSERVED TIME   RECORD YEAR NORMAL DEPARTURE LAST
                VALUE   (LST)  VALUE       VALUE  FROM      YEAR
                                                  NORMAL
..................................................................
TEMPERATURE (F)
 TODAY
  MAXIMUM         57    249 PM  85    1929  55      2       41
  MINIMUM         45    757 AM   9    1974  35     10       32
                                      1960
  AVERAGE         51                        45      6       37

PRECIPITATION (IN)
  TODAY            0.59          1.29 1957   0.08   0.51     0.44
  MONTH TO DATE    2.41                      1.85   0.56     2.05
  SINCE MAR 1      2.41                      1.85   0.56     2.05
  SINCE JAN 1      5.51                      5.25   0.26     6.17

DEGREE DAYS
 HEATING
  TODAY           14                        20     -6
  MONTH TO DATE  690                       589    101
  SINCE MAR 1    690                       589    101
  SINCE JUL 1   5181                      4931    250

 COOLING
  TODAY            0                         0      0
  MONTH TO DATE    0                         0      0
  SINCE MAR 1      0                         0      0
  SINCE JAN 1      0                         0      0
..................................................................


WIND (MPH)
  HIGHEST WIND SPEED    13   HIGHEST WIND DIRECTION     S (160)
  HIGHEST GUST SPEED    17   HIGHEST GUST DIRECTION    SE (120)
  AVERAGE WIND SPEED     6.8


SKY COVER
  AVERAGE SKY COVER 0.8



RELATIVE HUMIDITY (PERCENT)
 HIGHEST    93          1000 AM
 LOWEST     77           200 PM
 AVERAGE    85

..........................................................


THE QUINCY IL CLIMATE NORMALS FOR TOMORROW
                         NORMAL    RECORD    YEAR
 MAXIMUM TEMPERATURE (F)   56        85      1907
 MINIMUM TEMPERATURE (F)   36         7      1955


SUNRISE AND SUNSET
MARCH 24 2019.........SUNRISE   702 AM CDT   SUNSET   721 PM CDT
MARCH 25 2019.........SUNRISE   700 AM CDT   SUNSET   722 PM CDT


-  INDICATES NEGATIVE NUMBERS.
R  INDICATES RECORD WAS SET OR TIED.
MM INDICATES DATA IS MISSING.
T  INDICATES TRACE AMOUNT.




$$
