000
CDUS43 KLSX 160731
CLIUIN

CLIMATE REPORT
NATIONAL WEATHER SERVICE ST LOUIS MO
231 AM CDT MON MAY 16 2022

...................................

...THE QUINCY IL CLIMATE SUMMARY FOR MAY 15 2022...

CLIMATE NORMAL PERIOD 1991 TO 2020
CLIMATE RECORD PERIOD 1901 TO 2022


WEATHER ITEM   OBSERVED TIME   RECORD YEAR NORMAL DEPARTURE LAST
                VALUE   (LST)  VALUE       VALUE  FROM      YEAR
                                                  NORMAL
...................................................................
TEMPERATURE (F)
 YESTERDAY
  MAXIMUM         74    256 PM  93    1944  73      1       61
  MINIMUM         53   1159 PM  35    1959  54     -1       51
  AVERAGE         64                        63      1       56

PRECIPITATION (IN)
  YESTERDAY        0.05          2.59 2009   0.14  -0.09     0.15
  MONTH TO DATE    1.63                      2.14  -0.51     1.44
  SINCE MAR 1      8.14                      8.41  -0.27    11.40
  SINCE JAN 1      9.37                     11.75  -2.38    13.12

DEGREE DAYS
 HEATING
  YESTERDAY        1                         4     -3        9
  MONTH TO DATE   78                        86     -8      143
  SINCE MAR 1   1193                      1167     26     1050
  SINCE JUL 1   5168                      5429   -261     5370

 COOLING
  YESTERDAY        0                         2     -2        0
  MONTH TO DATE   86                        24     62       12
  SINCE MAR 1    103                        40     63       30
  SINCE JAN 1    103                        40     63       30
...................................................................


WIND (MPH)
  HIGHEST WIND SPEED    24   HIGHEST WIND DIRECTION     N (340)
  HIGHEST GUST SPEED    35   HIGHEST GUST DIRECTION    NW (330)
  AVERAGE WIND SPEED     9.0


SKY COVER
  AVERAGE SKY COVER 0.3


WEATHER CONDITIONS
THE FOLLOWING WEATHER WAS RECORDED YESTERDAY.
  LIGHT RAIN
  FOG


RELATIVE HUMIDITY (PERCENT)
 HIGHEST    96          1000 PM
 LOWEST     36           500 PM
 AVERAGE    66

..........................................................


THE QUINCY IL CLIMATE NORMALS FOR TODAY
                         NORMAL    RECORD    YEAR
 MAXIMUM TEMPERATURE (F)   73        92      1911
                                             1944
 MINIMUM TEMPERATURE (F)   54        34      1907
                                             1956


SUNRISE AND SUNSET
MAY 16 2022...........SUNRISE   549 AM CDT   SUNSET   814 PM CDT
MAY 17 2022...........SUNRISE   548 AM CDT   SUNSET   815 PM CDT


-  INDICATES NEGATIVE NUMBERS.
R  INDICATES RECORD WAS SET OR TIED.
MM INDICATES DATA IS MISSING.
T  INDICATES TRACE AMOUNT.




$$
