000
CDUS43 KLSX 170735
CLIUIN


CLIMATE REPORT
NATIONAL WEATHER SERVICE ST LOUIS MO
231 AM CDT TUE SEP 17 2019


...................................

...THE QUINCY IL CLIMATE SUMMARY FOR SEPTEMBER 16 2019...

CLIMATE NORMAL PERIOD 1981 TO 2010
CLIMATE RECORD PERIOD 1901 TO 2019


WEATHER ITEM   OBSERVED TIME   RECORD YEAR NORMAL DEPARTURE LAST
                VALUE   (LST)  VALUE       VALUE  FROM      YEAR
                                                  NORMAL
..................................................................
TEMPERATURE (F)
 YESTERDAY
  MAXIMUM         91    344 PM  99    1927  77     14       90
  MINIMUM         69    556 AM  41    1984  56     13       64
                                      1916
  AVERAGE         80                        66     14

PRECIPITATION (IN)
  YESTERDAY        0.00          2.95 1978   0.10  -0.10     0.00
  MONTH TO DATE    0.73                      1.75  -1.02     5.35
  SINCE SEP 1      0.73                      1.75  -1.02     5.35
  SINCE JAN 1     31.76                     27.50   4.26    25.45

DEGREE DAYS
 HEATING
  YESTERDAY        0                         2     -2
  MONTH TO DATE    0                        20    -20
  SINCE SEP 1      0                        20    -20
  SINCE JUL 1      2                        25    -23

 COOLING
  YESTERDAY       15                         4     11
  MONTH TO DATE  138                        88     50
  SINCE SEP 1    138                        88     50
  SINCE JAN 1   1195                      1041    154
..................................................................


WIND (MPH)
  HIGHEST WIND SPEED    10   HIGHEST WIND DIRECTION     E (100)
  HIGHEST GUST SPEED    15   HIGHEST GUST DIRECTION     E (100)
  AVERAGE WIND SPEED     5.2


SKY COVER
  AVERAGE SKY COVER 0.0



RELATIVE HUMIDITY (PERCENT)
 HIGHEST    97           200 AM
 LOWEST     52           100 PM
 AVERAGE    75

..........................................................


THE QUINCY IL CLIMATE NORMALS FOR TODAY
                         NORMAL    RECORD    YEAR
 MAXIMUM TEMPERATURE (F)   77        99      1927
 MINIMUM TEMPERATURE (F)   55        39      1903


SUNRISE AND SUNSET
SEPTEMBER 17 2019.....SUNRISE   647 AM CDT   SUNSET   710 PM CDT
SEPTEMBER 18 2019.....SUNRISE   648 AM CDT   SUNSET   709 PM CDT


-  INDICATES NEGATIVE NUMBERS.
R  INDICATES RECORD WAS SET OR TIED.
MM INDICATES DATA IS MISSING.
T  INDICATES TRACE AMOUNT.




$$
