000
CDUS43 KLSX 230731
CLIUIN


CLIMATE REPORT
NATIONAL WEATHER SERVICE ST LOUIS MO
230 AM CDT TUE JUL 23 2019


...................................

...THE QUINCY IL CLIMATE SUMMARY FOR JULY 22 2019...

CLIMATE NORMAL PERIOD 1981 TO 2010
CLIMATE RECORD PERIOD 1901 TO 2019


WEATHER ITEM   OBSERVED TIME   RECORD YEAR NORMAL DEPARTURE LAST
                VALUE   (LST)  VALUE       VALUE  FROM      YEAR
                                                  NORMAL
..................................................................
TEMPERATURE (F)
 YESTERDAY
  MAXIMUM         83    207 PM 111    1901  86     -3       80
  MINIMUM         63   1159 PM  50    1947  66     -3       65
  AVERAGE         73                        76     -3

PRECIPITATION (IN)
  YESTERDAY        0.14          4.62 1951   0.13   0.01     0.00
  MONTH TO DATE    1.12                      2.94  -1.82     1.69
  SINCE JUN 1      4.99                      6.93  -1.94     3.80
  SINCE JAN 1     24.52                     21.02   3.50    13.50

DEGREE DAYS
 HEATING
  YESTERDAY        0                         0      0
  MONTH TO DATE    0                         0      0
  SINCE JUN 1      5                        16    -11
  SINCE JUL 1      0                         0      0

 COOLING
  YESTERDAY        8                        11     -3
  MONTH TO DATE  344                       242    102
  SINCE JUN 1    581                       469    112
  SINCE JAN 1    691                       555    136
..................................................................


WIND (MPH)
  HIGHEST WIND SPEED    18   HIGHEST WIND DIRECTION     N (360)
  HIGHEST GUST SPEED    26   HIGHEST GUST DIRECTION    NE (60)
  AVERAGE WIND SPEED     9.4


SKY COVER
  AVERAGE SKY COVER 0.3



RELATIVE HUMIDITY (PERCENT)
 HIGHEST    87           200 AM
 LOWEST     51           100 PM
 AVERAGE    69

..........................................................


THE QUINCY IL CLIMATE NORMALS FOR TODAY
                         NORMAL    RECORD    YEAR
 MAXIMUM TEMPERATURE (F)   86       112      1934
 MINIMUM TEMPERATURE (F)   66        53      1947
                                             1904


SUNRISE AND SUNSET
JULY 23 2019..........SUNRISE   555 AM CDT   SUNSET   827 PM CDT
JULY 24 2019..........SUNRISE   556 AM CDT   SUNSET   826 PM CDT


-  INDICATES NEGATIVE NUMBERS.
R  INDICATES RECORD WAS SET OR TIED.
MM INDICATES DATA IS MISSING.
T  INDICATES TRACE AMOUNT.




$$
