000
CDUS43 KLSX 210829
CLIUIN

CLIMATE REPORT
NATIONAL WEATHER SERVICE ST LOUIS MO
229 AM CST FRI FEB 21 2020

...................................

...THE QUINCY IL CLIMATE SUMMARY FOR FEBRUARY 20 2020...

CLIMATE NORMAL PERIOD 1981 TO 2010
CLIMATE RECORD PERIOD 1901 TO 2020


WEATHER ITEM   OBSERVED TIME   RECORD YEAR NORMAL DEPARTURE LAST
                VALUE   (LST)  VALUE       VALUE  FROM      YEAR
                                                  NORMAL
...................................................................
TEMPERATURE (F)
 YESTERDAY
  MAXIMUM         27    228 PM  77    2017  41    -14       38
  MINIMUM         15    755 AM  -3    1929  24     -9       29
  AVERAGE         21                        32    -11       34

PRECIPITATION (IN)
  YESTERDAY        0.00          1.91 1997   0.07  -0.07      T
  MONTH TO DATE    0.57                      1.26  -0.69     0.51
  SINCE DEC 1      3.72                      5.03  -1.31     4.92
  SINCE JAN 1      2.57                      2.78  -0.21     2.29

DEGREE DAYS
 HEATING
  YESTERDAY       44                        33     11       31
  MONTH TO DATE  700                       708     -8      738
  SINCE DEC 1   2654                      2994   -340     2912
  SINCE JUL 1   3880                      4094   -214     4208

 COOLING
  YESTERDAY        0                         0      0        0
  MONTH TO DATE    0                         0      0        0
  SINCE DEC 1      0                         0      0        0
  SINCE JAN 1      0                         0      0        0
...................................................................


WIND (MPH)
  HIGHEST WIND SPEED    20   HIGHEST WIND DIRECTION     N (10)
  HIGHEST GUST SPEED    23   HIGHEST GUST DIRECTION     N (20)
  AVERAGE WIND SPEED    10.8


SKY COVER
  AVERAGE SKY COVER 0.3


WEATHER CONDITIONS
THE FOLLOWING WEATHER WAS RECORDED YESTERDAY.
  NO SIGNIFICANT WEATHER WAS OBSERVED.


RELATIVE HUMIDITY (PERCENT)
 HIGHEST    77          1200 AM
 LOWEST     46           500 PM
 AVERAGE    62

..........................................................


THE QUINCY IL CLIMATE NORMALS FOR TODAY
                         NORMAL    RECORD    YEAR
 MAXIMUM TEMPERATURE (F)   41        69      1930
 MINIMUM TEMPERATURE (F)   24        -5      1963


SUNRISE AND SUNSET
FEBRUARY 21 2020......SUNRISE   650 AM CST   SUNSET   547 PM CST
FEBRUARY 22 2020......SUNRISE   649 AM CST   SUNSET   548 PM CST


-  INDICATES NEGATIVE NUMBERS.
R  INDICATES RECORD WAS SET OR TIED.
MM INDICATES DATA IS MISSING.
T  INDICATES TRACE AMOUNT.




$$
