186
CDUS41 KOKX 240617
CLINYC


CLIMATE REPORT
NATIONAL WEATHER SERVICE NEW YORK NY
216 AM EDT THU MAY 24 2018


...................................

...THE CENTRAL PARK NY CLIMATE SUMMARY FOR MAY 23 2018...

CLIMATE NORMAL PERIOD 1981 TO 2010
CLIMATE RECORD PERIOD 1869 TO 2018


WEATHER ITEM   OBSERVED TIME   RECORD YEAR NORMAL DEPARTURE LAST
                VALUE   (LST)  VALUE       VALUE  FROM      YEAR
                                                  NORMAL
..................................................................
TEMPERATURE (F)
 YESTERDAY
  MAXIMUM         81    404 PM  94    1964  73      8       69
  MINIMUM         59    505 AM  43    1963  56      3       56
  AVERAGE         70                        64      6       63

PRECIPITATION (IN)
  YESTERDAY        0.29          2.70 1979   0.15   0.14     0.00
  MONTH TO DATE    2.99                      3.00  -0.01     5.44
  SINCE MAR 1     13.94                     11.86   2.08    14.53
  SINCE JAN 1     21.95                     18.60   3.35    21.84

SNOWFALL (IN)
  YESTERDAY        0.0           0.0  2002   0.0    0.0      0.0
                                      2001
  MONTH TO DATE    0.0                       0.0    0.0      0.0
  SINCE OCT 1     40.9                      25.8   15.1     30.2
  SINCE JUL 1     40.9                      25.8   15.1     30.2
  SNOW DEPTH       0

DEGREE DAYS
 HEATING
  YESTERDAY        0                         3     -3        2
  MONTH TO DATE   58                       118    -60      143
  SINCE MAR 1   1289                      1189    100     1197
  SINCE JUL 1   4535                      4711   -176     4180

 COOLING
  YESTERDAY        5                         2      3        0
  MONTH TO DATE   73                        32     41       53
  SINCE MAR 1     79                        44     35       87
  SINCE JAN 1     81                        44     37       87
..................................................................


WIND (MPH)
  HIGHEST WIND SPEED     9   HIGHEST WIND DIRECTION    NW (300)
  HIGHEST GUST SPEED    15   HIGHEST GUST DIRECTION     W (290)
  AVERAGE WIND SPEED     2.4


SKY COVER
  AVERAGE SKY COVER 0.5


WEATHER CONDITIONS
 THE FOLLOWING WEATHER WAS RECORDED YESTERDAY.
  HEAVY RAIN
  RAIN
  LIGHT RAIN
  FOG


RELATIVE HUMIDITY (PERCENT)
 HIGHEST    97           600 AM
 LOWEST     35           700 PM
 AVERAGE    66

..........................................................


THE CENTRAL PARK NY CLIMATE NORMALS FOR TODAY
                         NORMAL    RECORD    YEAR
 MAXIMUM TEMPERATURE (F)   73        93      1975
 MINIMUM TEMPERATURE (F)   56        39      1963


SUNRISE AND SUNSET
MAY 24 2018...........SUNRISE   531 AM EDT   SUNSET   815 PM EDT
MAY 25 2018...........SUNRISE   531 AM EDT   SUNSET   816 PM EDT


-  INDICATES NEGATIVE NUMBERS.
R  INDICATES RECORD WAS SET OR TIED.
MM INDICATES DATA IS MISSING.
T  INDICATES TRACE AMOUNT.




$$
