000
CDUS41 KOKX 170616
CLINYC


CLIMATE REPORT
NATIONAL WEATHER SERVICE NEW YORK NY
216 AM EDT THU MAY 17 2018


...................................

...THE CENTRAL PARK NY CLIMATE SUMMARY FOR MAY 16 2018...

CLIMATE NORMAL PERIOD 1981 TO 2010
CLIMATE RECORD PERIOD 1869 TO 2018


WEATHER ITEM   OBSERVED TIME   RECORD YEAR NORMAL DEPARTURE LAST
                VALUE   (LST)  VALUE       VALUE  FROM      YEAR
                                                  NORMAL
..................................................................
TEMPERATURE (F)
 YESTERDAY
  MAXIMUM         64    929 AM  90    1951  71     -7       79
  MINIMUM         56   1159 PM  42    1878  54      2       56
                                      1873
  AVERAGE         60                        62     -2       68

PRECIPITATION (IN)
  YESTERDAY        0.34          2.66 1916   0.13   0.21     0.00
  MONTH TO DATE    1.54                      2.03  -0.49     4.84
  SINCE MAR 1     12.49                     10.89   1.60    13.93
  SINCE JAN 1     20.50                     17.63   2.87    21.24

SNOWFALL (IN)
  YESTERDAY        0.0           0.0  2002   0.0    0.0      0.0
                                      2001
  MONTH TO DATE    0.0                       0.0    0.0      0.0
  SINCE OCT 1     40.9                      25.8   15.1     30.2
  SINCE JUL 1     40.9                      25.8   15.1     30.2
  SNOW DEPTH       0

DEGREE DAYS
 HEATING
  YESTERDAY        5                         4      1        0
  MONTH TO DATE   39                        93    -54      124
  SINCE MAR 1   1270                      1164    106     1178
  SINCE JUL 1   4516                      4686   -170     4161

 COOLING
  YESTERDAY        0                         2     -2        3
  MONTH TO DATE   60                        18     42        7
  SINCE MAR 1     66                        30     36       41
  SINCE JAN 1     68                        30     38       41
..................................................................


WIND (MPH)
  HIGHEST WIND SPEED     9   HIGHEST WIND DIRECTION     E (110)
  HIGHEST GUST SPEED    15   HIGHEST GUST DIRECTION     E (110)
  AVERAGE WIND SPEED     2.5


SKY COVER
  AVERAGE SKY COVER 1.0


WEATHER CONDITIONS
 THE FOLLOWING WEATHER WAS RECORDED YESTERDAY.
  RAIN
  LIGHT RAIN
  FOG


RELATIVE HUMIDITY (PERCENT)
 HIGHEST   100           600 PM
 LOWEST     73           600 AM
 AVERAGE    87

..........................................................


THE CENTRAL PARK NY CLIMATE NORMALS FOR TODAY
                         NORMAL    RECORD    YEAR
 MAXIMUM TEMPERATURE (F)   71        92      1974
 MINIMUM TEMPERATURE (F)   54        39      1956


SUNRISE AND SUNSET
MAY 17 2018...........SUNRISE   537 AM EDT   SUNSET   808 PM EDT
MAY 18 2018...........SUNRISE   536 AM EDT   SUNSET   809 PM EDT


-  INDICATES NEGATIVE NUMBERS.
R  INDICATES RECORD WAS SET OR TIED.
MM INDICATES DATA IS MISSING.
T  INDICATES TRACE AMOUNT.




$$
