000
CDUS41 KOKX 200619
CLINYC


CLIMATE REPORT
NATIONAL WEATHER SERVICE NEW YORK NY
219 AM EDT SUN MAY 20 2018


...................................

...THE CENTRAL PARK NY CLIMATE SUMMARY FOR MAY 19 2018...

CLIMATE NORMAL PERIOD 1981 TO 2010
CLIMATE RECORD PERIOD 1869 TO 2018


WEATHER ITEM   OBSERVED TIME   RECORD YEAR NORMAL DEPARTURE LAST
                VALUE   (LST)  VALUE       VALUE  FROM      YEAR
                                                  NORMAL
..................................................................
TEMPERATURE (F)
 YESTERDAY
  MAXIMUM         56   1159 PM  99    1962  72    -16       91
  MINIMUM         49    602 AM  38    1976  55     -6       66
  AVERAGE         53                        63    -10       79

PRECIPITATION (IN)
  YESTERDAY        0.65          2.02 1900   0.13   0.52     0.00
  MONTH TO DATE    2.41                      2.42  -0.01     4.84
  SINCE MAR 1     13.36                     11.28   2.08    13.93
  SINCE JAN 1     21.37                     18.02   3.35    21.24

SNOWFALL (IN)
  YESTERDAY        0.0           0.0  2002   0.0    0.0      0.0
                                      2001
  MONTH TO DATE    0.0                       0.0    0.0      0.0
  SINCE OCT 1     40.9                      25.8   15.1     30.2
  SINCE JUL 1     40.9                      25.8   15.1     30.2
  SNOW DEPTH       0

DEGREE DAYS
 HEATING
  YESTERDAY       12                         4      8        0
  MONTH TO DATE   55                       105    -50      124
  SINCE MAR 1   1286                      1176    110     1178
  SINCE JUL 1   4532                      4698   -166     4161

 COOLING
  YESTERDAY        0                         2     -2       14
  MONTH TO DATE   60                        24     36       53
  SINCE MAR 1     66                        36     30       87
  SINCE JAN 1     68                        36     32       87
..................................................................


WIND (MPH)
  HIGHEST WIND SPEED    14   HIGHEST WIND DIRECTION     E (70)
  HIGHEST GUST SPEED    22   HIGHEST GUST DIRECTION     E (70)
  AVERAGE WIND SPEED     4.1


SKY COVER
  AVERAGE SKY COVER 1.0


WEATHER CONDITIONS
 THE FOLLOWING WEATHER WAS RECORDED YESTERDAY.
  HEAVY RAIN
  RAIN
  LIGHT RAIN
  FOG


RELATIVE HUMIDITY (PERCENT)
 HIGHEST   100           100 PM
 LOWEST     47          1200 AM
 AVERAGE    74

..........................................................


THE CENTRAL PARK NY CLIMATE NORMALS FOR TODAY
                         NORMAL    RECORD    YEAR
 MAXIMUM TEMPERATURE (F)   72        96      1996
 MINIMUM TEMPERATURE (F)   55        43      2002
                                             1907


SUNRISE AND SUNSET
MAY 20 2018...........SUNRISE   534 AM EDT   SUNSET   811 PM EDT
MAY 21 2018...........SUNRISE   533 AM EDT   SUNSET   812 PM EDT


-  INDICATES NEGATIVE NUMBERS.
R  INDICATES RECORD WAS SET OR TIED.
MM INDICATES DATA IS MISSING.
T  INDICATES TRACE AMOUNT.




$$
