000
CDUS43 KLMK 180626
CLISDF


CLIMATE REPORT
NATIONAL WEATHER SERVICE LOUISVILLE KY
226 AM EDT SUN AUG 18 2019


...................................

...THE LOUISVILLE KY CLIMATE SUMMARY FOR AUGUST 17 2019...

CLIMATE NORMAL PERIOD 1981 TO 2010
CLIMATE RECORD PERIOD 1871 TO 2019


WEATHER ITEM   OBSERVED TIME   RECORD YEAR NORMAL DEPARTURE LAST
                VALUE   (LST)  VALUE       VALUE  FROM      YEAR
                                                  NORMAL
..................................................................
TEMPERATURE (F)
 YESTERDAY
  MAXIMUM         94    157 PM 101    1988  89      5       87
  MINIMUM         72    624 AM  55    2004  69      3       76
                                      1964
  AVERAGE         83                        79      4       82

PRECIPITATION (IN)
  YESTERDAY        0.00          2.56 2017   0.11  -0.11      T
  MONTH TO DATE    0.59                      1.97  -1.38     5.12
  SINCE JUN 1      9.72                      9.99  -0.27    16.63
  SINCE JAN 1     36.29                     29.86   6.43    42.36

SNOWFALL (IN)
  YESTERDAY        0.0          MM      MM   0.0    0.0      0.0
  MONTH TO DATE    0.0                       0.0    0.0      0.0
  SINCE JUN 1      0.0                       0.0    0.0       T
  SINCE JUL 1      0.0                       0.0    0.0       T
  SNOW DEPTH       0

DEGREE DAYS
 HEATING
  YESTERDAY        0                         0      0        0
  MONTH TO DATE    0                         0      0        0
  SINCE JUN 1      0                         5     -5        0
  SINCE JUL 1      0                         0      0        0

 COOLING
  YESTERDAY       18                        14      4       17
  MONTH TO DATE  279                       238     41      252
  SINCE JUN 1   1123                      1005    118     1153
  SINCE JAN 1   1397                      1179    218     1530
..................................................................


WIND (MPH)
  HIGHEST WIND SPEED    14   HIGHEST WIND DIRECTION     S (180)
  HIGHEST GUST SPEED    19   HIGHEST GUST DIRECTION     S (180)
  AVERAGE WIND SPEED     6.3


SKY COVER
  POSSIBLE SUNSHINE  MM
  AVERAGE SKY COVER 0.6


WEATHER CONDITIONS
 THE FOLLOWING WEATHER WAS RECORDED YESTERDAY.
  THUNDERSTORM


RELATIVE HUMIDITY (PERCENT)
 HIGHEST    79           300 AM
 LOWEST     41           200 PM
 AVERAGE    60

..........................................................


THE LOUISVILLE KY CLIMATE NORMALS FOR TODAY
                         NORMAL    RECORD    YEAR
 MAXIMUM TEMPERATURE (F)   89        99      1988
                                             1936
 MINIMUM TEMPERATURE (F)   69        55      1962
                                             1943
                                             1889


SUNRISE AND SUNSET
AUGUST 18 2019........SUNRISE   700 AM EDT   SUNSET   833 PM EDT
AUGUST 19 2019........SUNRISE   701 AM EDT   SUNSET   831 PM EDT


-  INDICATES NEGATIVE NUMBERS.
R  INDICATES RECORD WAS SET OR TIED.
MM INDICATES DATA IS MISSING.
T  INDICATES TRACE AMOUNT.




$$
