000
CDUS45 KPUB 150023
CLIALS

CLIMATE REPORT
NATIONAL WEATHER SERVICE
623 PM MDT FRI AUG 14 2020

...................................

...THE ALAMOSA CO CLIMATE SUMMARY FOR AUGUST 14 2020...
VALID TODAY AS OF 0500 PM LOCAL TIME.

CLIMATE NORMAL PERIOD: 1981 TO 2010
CLIMATE RECORD PERIOD: 1932 TO 2020


WEATHER ITEM   OBSERVED TIME   RECORD YEAR NORMAL DEPARTURE LAST
                VALUE   (LST)  VALUE       VALUE  FROM      YEAR
                                                  NORMAL
...................................................................
TEMPERATURE (F)
 TODAY
  MAXIMUM         90R  1:34 PM  88    1951  80     10       84
                                      1958
                                      2015
  MINIMUM         43   5:49 AM  36    1974  47     -4       43
                                      2002
  AVERAGE         67                        63      4       64

PRECIPITATION (IN)
  TODAY            0.00          0.65 2009   0.05  -0.05      T
  MONTH TO DATE    0.02                      0.57  -0.55     0.81
  SINCE JAN 1      2.57                      4.25  -1.68     6.01

SNOWFALL (IN)
  TODAY            0.0           0.0  2002   0.0    0.0      0.0
  MONTH TO DATE    0.0                       0.0    0.0      0.0
  SINCE JUL 1      0.0                       0.0    0.0      0.0
  SNOW DEPTH       0

DEGREE DAYS
 HEATING
  TODAY            0                         2     -2        1
  MONTH TO DATE    7                        25    -18        3
  SINCE JUL 1     26                        70    -44       30

 COOLING
  TODAY            2                         0      2        0
  MONTH TO DATE   10                        12     -2       13
  SINCE JAN 1     62                        50     12       63
...................................................................


WIND (MPH)
  HIGHEST WIND SPEED    24   HIGHEST WIND DIRECTION    SW (240)
  HIGHEST GUST SPEED    34   HIGHEST GUST DIRECTION     W (260)
  AVERAGE WIND SPEED     5.3


SKY COVER
  POSSIBLE SUNSHINE  MM
  AVERAGE SKY COVER 0.0


WEATHER CONDITIONS
THE FOLLOWING WEATHER WAS RECORDED TODAY.
  NO SIGNIFICANT WEATHER WAS OBSERVED.


RELATIVE HUMIDITY (PERCENT)
 HIGHEST    62           6:00 AM
 LOWEST      9           1:00 PM
 AVERAGE    36

..........................................................


THE ALAMOSA CO CLIMATE NORMALS FOR TOMORROW
                         NORMAL    RECORD    YEAR
 MAXIMUM TEMPERATURE (F)   80        89      1944
 MINIMUM TEMPERATURE (F)   46        35      1978


SUNRISE AND SUNSET
AUGUST 14 2020........SUNRISE   6:19 AM MDT   SUNSET   7:56 PM MDT
AUGUST 15 2020........SUNRISE   6:20 AM MDT   SUNSET   7:55 PM MDT


-  INDICATES NEGATIVE NUMBERS.
R  INDICATES RECORD WAS SET OR TIED.
MM INDICATES DATA IS MISSING.
T  INDICATES TRACE AMOUNT.




$$
