000
CDUS45 KPUB 190735
CLIALS

CLIMATE REPORT
NATIONAL WEATHER SERVICE
135 AM MDT SAT JUN 19 2021

...................................

...THE ALAMOSA CO CLIMATE SUMMARY FOR JUNE 18 2021...

CLIMATE NORMAL PERIOD 1991 TO 2020
CLIMATE RECORD PERIOD 1932 TO 2021


WEATHER ITEM   OBSERVED TIME   RECORD YEAR NORMAL DEPARTURE LAST
                VALUE   (LST)  VALUE       VALUE  FROM      YEAR
                                                  NORMAL
...................................................................
TEMPERATURE (F)
 YESTERDAY
  MAXIMUM         87    154 PM  90    1989  81      6       82
  MINIMUM         48    509 AM  28    1944  42      6       40
                                      1998
  AVERAGE         68                        61      7       61

PRECIPITATION (IN)
  YESTERDAY        0.42          0.45 1965   0.01   0.41     0.00
  MONTH TO DATE    0.71                      0.22   0.49     0.17
  SINCE JAN 1      3.48                      2.50   0.98     0.97

SNOWFALL (IN)
  YESTERDAY        0.0           T    1953  MM     MM        0.0
  MONTH TO DATE    0.0                       0.0    0.0       T
  SINCE JUL 1     48.5                      MM     MM       16.8
  SNOW DEPTH       0

DEGREE DAYS
 HEATING
  YESTERDAY        0                         4     -4        4
  MONTH TO DATE   52                       109    -57       60
  SINCE JUL 1   7929                      8286   -357     7905

 COOLING
  YESTERDAY        3                         0      3        0
  MONTH TO DATE   23                         0     23        3
  SINCE JAN 1     23                         0     23        3
...................................................................


WIND (MPH)
  HIGHEST WIND SPEED    24   HIGHEST WIND DIRECTION     N (360)
  HIGHEST GUST SPEED    36   HIGHEST GUST DIRECTION     N (360)
  AVERAGE WIND SPEED     5.0


SKY COVER
  POSSIBLE SUNSHINE  MM
  AVERAGE SKY COVER 0.2


WEATHER CONDITIONS
THE FOLLOWING WEATHER WAS RECORDED YESTERDAY.
  THUNDERSTORM
  HEAVY RAIN
  RAIN
  LIGHT RAIN


RELATIVE HUMIDITY (PERCENT)
 HIGHEST    87          1000 PM
 LOWEST     18           200 PM
 AVERAGE    53

..........................................................


THE ALAMOSA CO CLIMATE NORMALS FOR TODAY
                         NORMAL    RECORD    YEAR
 MAXIMUM TEMPERATURE (F)   81        93      2016
 MINIMUM TEMPERATURE (F)   42        26      1939


SUNRISE AND SUNSET
JUNE 19 2021..........SUNRISE   542 AM MDT   SUNSET   827 PM MDT
JUNE 20 2021..........SUNRISE   543 AM MDT   SUNSET   828 PM MDT


-  INDICATES NEGATIVE NUMBERS.
R  INDICATES RECORD WAS SET OR TIED.
MM INDICATES DATA IS MISSING.
T  INDICATES TRACE AMOUNT.




$$
