628
CDUS45 KPUB 210020
CLIALS


CLIMATE REPORT
NATIONAL WEATHER SERVICE
520 PM MST WED NOV 20 2019

...................................

...THE ALAMOSA CO CLIMATE SUMMARY FOR NOVEMBER 20 2019...
VALID TODAY AS OF 0500 PM LOCAL TIME.

CLIMATE NORMAL PERIOD: 1981 TO 2010
CLIMATE RECORD PERIOD: 1932 TO 2019


WEATHER ITEM   OBSERVED TIME   RECORD YEAR NORMAL DEPARTURE LAST
                VALUE   (LST)  VALUE       VALUE  FROM      YEAR
                                                  NORMAL
...................................................................
TEMPERATURE (F)
 TODAY
  MAXIMUM         54   2:53 PM  65    1989  44     10       47
  MINIMUM         27   2:36 AM -14    1964  10     17        6
  AVERAGE         41                        27     14       27

PRECIPITATION (IN)
  TODAY            T             0.22 1940   0.01  -0.01     0.00
  MONTH TO DATE    T                         0.30  -0.30     0.09
  SINCE SEP 1      0.80                      1.89  -1.09     2.27
  SINCE JAN 1      6.85                      6.84   0.01     5.38

SNOWFALL (IN)
  TODAY            0.0           5.0  1940   0.1   -0.1      0.0
  MONTH TO DATE    0.0                       2.4   -2.4      1.7
  SINCE SEP 1      0.6                       4.5   -3.9      7.2
  SINCE JUL 1      0.6                       4.5   -3.9      7.2
  SNOW DEPTH       0

DEGREE DAYS
 HEATING
  TODAY           24                        38    -14       38
  MONTH TO DATE  638                       660    -22      722
  SINCE SEP 1   1643                      1641      2     1585
  SINCE JUL 1   1706                      1770    -64     1659

 COOLING
  TODAY            0                         0      0        0
  MONTH TO DATE    0                         0      0        0
  SINCE SEP 1      6                         0      6        0
  SINCE JAN 1     72                        51     21      104
...................................................................


WIND (MPH)
  HIGHEST WIND SPEED    21   HIGHEST WIND DIRECTION     S (200)
  HIGHEST GUST SPEED    31   HIGHEST GUST DIRECTION     S (200)
  AVERAGE WIND SPEED     8.7


SKY COVER
  POSSIBLE SUNSHINE  MM
  AVERAGE SKY COVER 0.5


WEATHER CONDITIONS
THE FOLLOWING WEATHER WAS RECORDED TODAY.
  LIGHT RAIN


RELATIVE HUMIDITY (PERCENT)
 HIGHEST    86          10:00 AM
 LOWEST     34           3:00 PM
 AVERAGE    60

..........................................................


THE ALAMOSA CO CLIMATE NORMALS FOR TOMORROW
                         NORMAL    RECORD    YEAR
 MAXIMUM TEMPERATURE (F)   44        61      1989
 MINIMUM TEMPERATURE (F)   10       -12      1964


SUNRISE AND SUNSET
NOVEMBER 20 2019......SUNRISE   6:48 AM MST   SUNSET   4:50 PM MST
NOVEMBER 21 2019......SUNRISE   6:49 AM MST   SUNSET   4:49 PM MST


-  INDICATES NEGATIVE NUMBERS.
R  INDICATES RECORD WAS SET OR TIED.
MM INDICATES DATA IS MISSING.
T  INDICATES TRACE AMOUNT.




$$
