000
CDUS45 KPUB 011049
CLIALS

CLIMATE REPORT
NATIONAL WEATHER SERVICE
349 AM MST MON MAR 01 2021

...................................

...THE ALAMOSA CO CLIMATE SUMMARY FOR FEBRUARY 28 2021...

CLIMATE NORMAL PERIOD 1981 TO 2010
CLIMATE RECORD PERIOD 1932 TO 2021


WEATHER ITEM   OBSERVED TIME   RECORD YEAR NORMAL DEPARTURE LAST
                VALUE   (LST)  VALUE       VALUE  FROM      YEAR
                                                  NORMAL
...................................................................
TEMPERATURE (F)
 YESTERDAY
  MAXIMUM         33    317 PM  64    2006  45    -12       52
  MINIMUM          7   1149 PM -17    1984  12     -5       10
  AVERAGE         20                        28     -8       31

PRECIPITATION (IN)
  YESTERDAY        T             0.24 2001   0.01  -0.01     0.00
  MONTH TO DATE    0.28                      0.26   0.02     0.12
  SINCE JAN 1      0.51                      0.52  -0.01     0.26

SNOWFALL (IN)
  YESTERDAY        T             2.4  2001   0.1   -0.1      0.0
  MONTH TO DATE    4.5                       3.8    0.7      1.1
  SINCE JUL 1     39.8                      18.1   21.7     16.5
  SNOW DEPTH       0

DEGREE DAYS
 HEATING
  YESTERDAY       45                        37      8       34
  MONTH TO DATE 1100                      1181    -81     1008
  SINCE JUL 1   5869                      6328   -459     6144

 COOLING
  YESTERDAY        0                         0      0        0
  MONTH TO DATE    0                         0      0        0
  SINCE JAN 1      0                         0      0        0
...................................................................


WIND (MPH)
  HIGHEST WIND SPEED    15   HIGHEST WIND DIRECTION     N (10)
  HIGHEST GUST SPEED    21   HIGHEST GUST DIRECTION    NE (30)
  AVERAGE WIND SPEED     6.6


SKY COVER
  POSSIBLE SUNSHINE  MM
  AVERAGE SKY COVER 0.6


WEATHER CONDITIONS
THE FOLLOWING WEATHER WAS RECORDED YESTERDAY.
  HAZE


RELATIVE HUMIDITY (PERCENT)
 HIGHEST    64           400 AM
 LOWEST     31           500 PM
 AVERAGE    48

..........................................................


THE ALAMOSA CO CLIMATE NORMALS FOR TODAY
                         NORMAL    RECORD    YEAR
 MAXIMUM TEMPERATURE (F)   45        61      1986
                                             1999
 MINIMUM TEMPERATURE (F)   12        -7      1971
                                             1984
                                             1997


SUNRISE AND SUNSET
MARCH  1 2021.........SUNRISE   634 AM MST   SUNSET   558 PM MST
MARCH  2 2021.........SUNRISE   633 AM MST   SUNSET   559 PM MST


-  INDICATES NEGATIVE NUMBERS.
R  INDICATES RECORD WAS SET OR TIED.
MM INDICATES DATA IS MISSING.
T  INDICATES TRACE AMOUNT.




$$
