000
CXUS53 KGRR 011017
CF6LAN
PRELIMINARY LOCAL CLIMATOLOGICAL DATA (WS FORM: F-6)

                                          STATION:   LANSING MI
                                          MONTH:     JULY
                                          YEAR:      2011
                                          LATITUDE:   42 46 N
                                          LONGITUDE:  84 36 W

  TEMPERATURE IN F:       :PCPN:    SNOW:  WIND      :SUNSHINE: SKY     :PK WND
================================================================================
1   2   3   4   5  6A  6B    7    8   9   10  11  12  13   14  15   16   17  18
                                     12Z  AVG MX 2MIN
DY MAX MIN AVG DEP HDD CDD  WTR  SNW DPTH SPD SPD DIR MIN PSBL S-S WX    SPD DR
================================================================================

 1  87  59  73   4   0   8    T  0.0    0  7.0 14 210   M    M   5 3      21 190
 2  94  70  82  13   0  17 0.00  0.0    0 10.2 23 260   M    M   6        32 250
 3  87  63  75   6   0  10 0.00  0.0    0  4.2 14 300   M    M   6 1      17 320
 4  86  60  73   3   0   8 0.00  0.0    0  2.6 13  40   M    M   4 8      25 330
 5  90  61  76   6   0  11 0.00  0.0    0  6.0 16 270   M    M   2 8      38 190
 6  87  66  77   7   0  12 0.00  0.0    0  8.1 23 320   M    M   5 8       M  M
 7  80  56  68  -2   0   3 0.00  0.0    0  2.8  9  40   M    M   6        12 100
 8  87  59  73   3   0   8 0.00  0.0    0  2.4 12 340   M    M   1        21 350
 9  90  61  76   6   0  11 0.00  0.0    0  2.9 15 100   M    M   3 1       M  M
10  92  71  82  12   0  17 0.00  0.0    0  7.5 16 230   M    M   7        26 230
11  81  69  75   5   0  10 0.70  0.0    0  7.5 37 250   M    M   6 138    48 270
12  87  67  77   7   0  12 0.00  0.0    0  6.6 15 280   M    M   3 1      22 280
13  79  57  68  -2   0   3 0.00  0.0    0  6.9 14  60   M    M   4         M  M
14  80  53  67  -3   0   2 0.00  0.0    0  4.5 10  30   M    M   7        28  90
15  85  63  74   4   0   9    T  0.0    0  2.5 10 160   M    M   7        21  70
16  90  59  75   5   0  10 0.00  0.0    0  2.3 16 320   M    M   5         M  M
17  94  68  81  10   0  16 0.00  0.0    0  4.3 15 250   M    M   2         0 150
18  91  74  83  12   0  18 0.01  0.0    0  7.0 18 270   M    M   7 38     28 210
19  94  73  84  13   0  19 0.00  0.0    0  3.4  9 310   M    M   5 18     20 150
20  95  71  83  12   0  18 0.00  0.0    0  7.4 17 240   M    M   5 18     35 200
21  96  69  83  12   0  18 0.00  0.0    0 11.1 23 250   M    M   1        30 280
22  82  67  75   4   0  10 0.23  0.0    0  2.5 16 250   M    M   7 13     20 250
23  85  70  78   7   0  13 0.01  0.0    0  3.5 17 240   M    M   7 1      22 240
24  87  68  78   7   0  13 0.00  0.0    0  3.8 10 250   M    M   7 18     16 280
25  88  69  79   8   0  14 0.00  0.0    0  7.5 14 250   M    M   4         M  M
26  84  62  73   2   0   8 0.00  0.0    0  6.4 18 310   M    M   2        24 310
27  79  57  68  -3   0   3 2.15  0.0    0  6.5 15 160   M    M   7 13     20 150
28  87  71  79   8   0  14 0.97  0.0    0  7.7 18 220   M    M   9 13     23 230
29  88  70  79   9   0  14 0.69  0.0    0  6.5 14 290   M    M   6 13     30 290
30  89  63  76   6   0  11 0.00  0.0    0  2.7 13 280   M    M   2        15 270
31  90  66  78   8   0  13 0.00  0.0    0  7.6 22 260   M    M   3        26 270
================================================================================
SM 2711 2012         0 353  4.76     0.0 171.9          M      151
================================================================================
AV 87.5 64.9                               5.5 FASTST   M    M   5    MAX(MPH)
                                 MISC ---->  # 37 250               # 48  270
================================================================================
NOTES:
# LAST OF SEVERAL OCCURRENCES

COLUMN 17 PEAK WIND IN M.P.H.

PRELIMINARY LOCAL CLIMATOLOGICAL DATA (WS FORM: F-6) , PAGE 2

                                          STATION:  LANSING MI
                                          MONTH:    JULY
                                          YEAR:     2011
                                          LATITUDE:   42 46 N
                                          LONGITUDE:  84 36 W

[TEMPERATURE DATA]      [PRECIPITATION DATA]       SYMBOLS USED IN COLUMN 16

AVERAGE MONTHLY: 76.2   TOTAL FOR MONTH:   4.76    1 = FOG OR MIST
DPTR FM NORMAL:   5.9   DPTR FM NORMAL:    2.08    2 = FOG REDUCING VISIBILITY
HIGHEST:    96 ON 21    GRTST 24HR  2.39 ON 27-28      TO 1/4 MILE OR LESS
LOWEST:     53 ON 14                               3 = THUNDER
                        SNOW, ICE PELLETS, HAIL    4 = ICE PELLETS
                        TOTAL MONTH:   0.0 INCH    5 = HAIL
                        GRTST 24HR     0.0         6 = FREEZING RAIN OR DRIZZLE
                        GRTST DEPTH:   0           7 = DUSTSTORM OR SANDSTORM:
                                                       VSBY 1/2 MILE OR LESS
                                                   8 = SMOKE OR HAZE
[NO. OF DAYS WITH]      [WEATHER - DAYS WITH]      9 = BLOWING SNOW
                                                   X = TORNADO
MAX 32 OR BELOW:   0    0.01 INCH OR MORE:   7
MAX 90 OR ABOVE:  11    0.10 INCH OR MORE:   5
MIN 32 OR BELOW:   0    0.50 INCH OR MORE:   4
MIN  0 OR BELOW:   0    1.00 INCH OR MORE:   1

[HDD (BASE 65) ]
TOTAL THIS MO.     0    CLEAR  (SCALE 0-3)   9
DPTR FM NORMAL   -17    PTCLDY (SCALE 4-7)  21
TOTAL FM JUL 1     0    CLOUDY (SCALE 8-10)  1
DPTR FM NORMAL   -17

[CDD (BASE 65) ]
TOTAL THIS MO.   353
DPTR FM NORMAL   158    [PRESSURE DATA]
TOTAL FM JAN 1   528    HIGHEST SLP 30.14 ON 14
DPTR FM NORMAL   179    LOWEST  SLP 29.67 ON 11

[REMARKS]
#FINAL-07-11#
