514
CDUS41 KOKX 190704
CLIJFK


CLIMATE REPORT
NATIONAL WEATHER SERVICE NEW YORK NY
304 AM EDT THU APR 19 2018


...................................

...THE KENNEDY NY CLIMATE SUMMARY FOR APRIL 18 2018...

CLIMATE NORMAL PERIOD 1981 TO 2010
CLIMATE RECORD PERIOD 1948 TO 2018


WEATHER ITEM   OBSERVED TIME   RECORD YEAR NORMAL DEPARTURE LAST
                VALUE   (LST)  VALUE       VALUE  FROM      YEAR
                                                  NORMAL
..................................................................
TEMPERATURE (F)
 YESTERDAY
  MAXIMUM         53    305 PM  86    2002  60     -7       62
  MINIMUM         37    237 AM  35    2003  44     -7       47
  AVERAGE         45                        52     -7       55

PRECIPITATION (IN)
  YESTERDAY        0.00          0.56 1997   0.13  -0.13     0.00
  MONTH TO DATE    2.51                      2.40   0.11     2.11
  SINCE MAR 1      7.59                      6.18   1.41     7.90
  SINCE JAN 1     15.36                     11.93   3.43    14.12

SNOWFALL (IN)
  YESTERDAY        0.0          MM      MM   0.0    0.0      0.0
  MONTH TO DATE    3.7                       0.7    3.0      0.0
  SINCE OCT 1     35.5                      23.7   11.8     30.9
  SINCE JUL 1     35.5                      23.7   11.8     30.9
  SNOW DEPTH       0

DEGREE DAYS
 HEATING
  YESTERDAY       20                        13      7       10
  MONTH TO DATE  365                       285     80      204
  SINCE MAR 1   1153                      1010    143      992
  SINCE JUL 1   4532                      4521     11     3910

 COOLING
  YESTERDAY        0                         0      0        0
  MONTH TO DATE    0                         0      0        4
  SINCE MAR 1      0                         0      0        4
  SINCE JAN 1      0                         0      0        4
..................................................................


WIND (MPH)
  HIGHEST WIND SPEED    23   HIGHEST WIND DIRECTION    SW (230)
  HIGHEST GUST SPEED    28   HIGHEST GUST DIRECTION     W (260)
  AVERAGE WIND SPEED    15.0


SKY COVER
  POSSIBLE SUNSHINE  MM
  AVERAGE SKY COVER 0.6


WEATHER CONDITIONS
 THE FOLLOWING WEATHER WAS RECORDED YESTERDAY.
  NO SIGNIFICANT WEATHER WAS OBSERVED.


RELATIVE HUMIDITY (PERCENT)
 HIGHEST    71          1000 PM
 LOWEST     41           200 PM
 AVERAGE    56

..........................................................


THE KENNEDY NY CLIMATE NORMALS FOR TODAY
                         NORMAL    RECORD    YEAR
 MAXIMUM TEMPERATURE (F)   60        84      1985
 MINIMUM TEMPERATURE (F)   45        34      2001


SUNRISE AND SUNSET
APRIL 19 2018.........SUNRISE   611 AM EDT   SUNSET   739 PM EDT
APRIL 20 2018.........SUNRISE   609 AM EDT   SUNSET   740 PM EDT


-  INDICATES NEGATIVE NUMBERS.
R  INDICATES RECORD WAS SET OR TIED.
MM INDICATES DATA IS MISSING.
T  INDICATES TRACE AMOUNT.




$$
