000
CDUS41 KOKX 200619
CLIJFK


CLIMATE REPORT
NATIONAL WEATHER SERVICE NEW YORK NY
219 AM EDT SUN MAY 20 2018


...................................

...THE KENNEDY NY CLIMATE SUMMARY FOR MAY 19 2018...

CLIMATE NORMAL PERIOD 1981 TO 2010
CLIMATE RECORD PERIOD 1948 TO 2018


WEATHER ITEM   OBSERVED TIME   RECORD YEAR NORMAL DEPARTURE LAST
                VALUE   (LST)  VALUE       VALUE  FROM      YEAR
                                                  NORMAL
..................................................................
TEMPERATURE (F)
 YESTERDAY
  MAXIMUM         57   1159 PM  92    2017  69    -12       92
  MINIMUM         50    727 AM  42    2002  54     -4       67
                                      1976
  AVERAGE         54                        62     -8       80

PRECIPITATION (IN)
  YESTERDAY        0.75          1.76 1999   0.13   0.62     0.00
  MONTH TO DATE    2.78                      2.25   0.53     3.51
  SINCE MAR 1     11.16                      9.90   1.26    13.36
  SINCE JAN 1     18.93                     15.65   3.28    19.58

SNOWFALL (IN)
  YESTERDAY        0.0          MM      MM   0.0    0.0      0.0
  MONTH TO DATE    0.0                       0.0    0.0      0.0
  SINCE OCT 1     35.5                      23.8   11.7     30.9
  SINCE JUL 1     35.5                      23.8   11.7     30.9
  SNOW DEPTH       0

DEGREE DAYS
 HEATING
  YESTERDAY       11                         5      6        0
  MONTH TO DATE   80                       129    -49      129
  SINCE MAR 1   1401                      1269    132     1217
  SINCE JUL 1   4780                      4780      0     4135

 COOLING
  YESTERDAY        0                         1     -1       15
  MONTH TO DATE   16                        10      6       33
  SINCE MAR 1     16                        13      3       45
  SINCE JAN 1     16                        13      3       45
..................................................................


WIND (MPH)
  HIGHEST WIND SPEED    21   HIGHEST WIND DIRECTION     E (80)
  HIGHEST GUST SPEED    26   HIGHEST GUST DIRECTION     E (90)
  AVERAGE WIND SPEED     8.9


SKY COVER
  POSSIBLE SUNSHINE  MM
  AVERAGE SKY COVER 1.0


WEATHER CONDITIONS
 THE FOLLOWING WEATHER WAS RECORDED YESTERDAY.
  HEAVY RAIN
  RAIN
  LIGHT RAIN
  FOG
  FOG W/VISIBILITY <= 1/4 MILE


RELATIVE HUMIDITY (PERCENT)
 HIGHEST   100           700 AM
 LOWEST     47          1200 AM
 AVERAGE    74

..........................................................


THE KENNEDY NY CLIMATE NORMALS FOR TODAY
                         NORMAL    RECORD    YEAR
 MAXIMUM TEMPERATURE (F)   70        95      1996
 MINIMUM TEMPERATURE (F)   54        42      2002


SUNRISE AND SUNSET
MAY 20 2018...........SUNRISE   534 AM EDT   SUNSET   810 PM EDT
MAY 21 2018...........SUNRISE   533 AM EDT   SUNSET   811 PM EDT


-  INDICATES NEGATIVE NUMBERS.
R  INDICATES RECORD WAS SET OR TIED.
MM INDICATES DATA IS MISSING.
T  INDICATES TRACE AMOUNT.




$$
