070
CDUS43 KLMK 160628
CLIFFT

CLIMATE REPORT
NATIONAL WEATHER SERVICE LOUISVILLE KY
228 AM EDT SUN MAY 16 2021

...................................

...THE FRANKFORT KY CLIMATE SUMMARY FOR MAY 15 2021...

CLIMATE NORMAL PERIOD 1991 TO 2020
CLIMATE RECORD PERIOD 1895 TO 2021


WEATHER ITEM   OBSERVED TIME   RECORD YEAR NORMAL DEPARTURE LAST
                VALUE   (LST)  VALUE       VALUE  FROM      YEAR
                                                  NORMAL
...................................................................
TEMPERATURE (F)
 YESTERDAY
  MAXIMUM         75    342 PM  91    1916  76     -1       79
                                      1962
  MINIMUM         38    459 AM  33    1996  54    -16       66
  AVERAGE         57                        65     -8       73

PRECIPITATION (IN)
  YESTERDAY        0.00          2.75 1942   0.17  -0.17     0.40
  MONTH TO DATE    1.82                      2.70  -0.88     2.00
  SINCE MAR 1      9.39                     11.97  -2.58    11.64
  SINCE JAN 1     17.90                     18.64  -0.74    19.71

DEGREE DAYS
 HEATING
  YESTERDAY        8                         3      5        0
  MONTH TO DATE  124                        61     63      157
  SINCE MAR 1    929                       924      5      957
  SINCE JUL 1   4376                      4349     27     4141

 COOLING
  YESTERDAY        0                         3     -3        8
  MONTH TO DATE    8                        36    -28       16
  SINCE MAR 1     29                        66    -37       36
  SINCE JAN 1     29                        66    -37       36
...................................................................


WIND (MPH)
  HIGHEST WIND SPEED    13   HIGHEST WIND DIRECTION    SE (120)
  HIGHEST GUST SPEED    20   HIGHEST GUST DIRECTION     S (180)
  AVERAGE WIND SPEED     2.9


SKY COVER
  POSSIBLE SUNSHINE  MM
  AVERAGE SKY COVER 0.2


WEATHER CONDITIONS
THE FOLLOWING WEATHER WAS RECORDED YESTERDAY.
  NO SIGNIFICANT WEATHER WAS OBSERVED.


RELATIVE HUMIDITY (PERCENT)
 HIGHEST    86           700 AM
 LOWEST     27          1200 PM
 AVERAGE    57

..........................................................


THE FRANKFORT KY CLIMATE NORMALS FOR TODAY
                         NORMAL    RECORD    YEAR
 MAXIMUM TEMPERATURE (F)   77        90      1915
                                             1962
 MINIMUM TEMPERATURE (F)   54        31      1997


SUNRISE AND SUNSET
MAY 16 2021...........SUNRISE   628 AM EDT   SUNSET   845 PM EDT
MAY 17 2021...........SUNRISE   627 AM EDT   SUNSET   846 PM EDT


-  INDICATES NEGATIVE NUMBERS.
R  INDICATES RECORD WAS SET OR TIED.
MM INDICATES DATA IS MISSING.
T  INDICATES TRACE AMOUNT.




$$
