865
CDUS43 KLMK 232035
CLIFFT


CLIMATE REPORT
NATIONAL WEATHER SERVICE LOUISVILLE KY
435 PM EDT FRI AUG 23 2019


...................................

...THE FRANKFORT KY CLIMATE SUMMARY FOR AUGUST 23 2019...
VALID TODAY AS OF 0400 PM LOCAL TIME.

CLIMATE NORMAL PERIOD 1981 TO 2010
CLIMATE RECORD PERIOD 1895 TO 2019


WEATHER ITEM   OBSERVED TIME   RECORD YEAR NORMAL DEPARTURE LAST
                VALUE   (LST)  VALUE       VALUE  FROM      YEAR
                                                  NORMAL
..................................................................
TEMPERATURE (F)
 TODAY
  MAXIMUM         75    106 AM 100    1983  86    -11       80
  MINIMUM         68    221 PM  48    1997  63      5       53
  AVERAGE         72                        75     -3       67

PRECIPITATION (IN)
  TODAY            0.23          2.50 1905   0.12   0.11     0.00
  MONTH TO DATE    1.65                      2.43  -0.78     6.95
  SINCE JUN 1     12.73                     10.91   1.82    18.29
  SINCE JAN 1     39.24                     30.38   8.86    45.33

SNOWFALL (IN)
  TODAY           MM            MM      MM  MM     MM       MM
  MONTH TO DATE   MM                        MM     MM       MM
  SINCE JUN 1     MM                        MM     MM       MM
  SINCE JUL 1     MM                        MM     MM       MM
  SNOW DEPTH      MM

DEGREE DAYS
 HEATING
  TODAY            0                         0      0        0
  MONTH TO DATE    0                         0      0        0
  SINCE JUN 1     12                        10      2        0
  SINCE JUL 1      0                         0      0        0

 COOLING
  TODAY            7                        10     -3        2
  MONTH TO DATE  305                       246     59      253
  SINCE JUN 1   1000                       832    168      967
  SINCE JAN 1   1201                       931    270     1248
..................................................................


WIND (MPH)
  HIGHEST WIND SPEED    13   HIGHEST WIND DIRECTION    NE (40)
  HIGHEST GUST SPEED    19   HIGHEST GUST DIRECTION    NE (60)
  AVERAGE WIND SPEED     3.0


SKY COVER
  POSSIBLE SUNSHINE  MM
  AVERAGE SKY COVER 1.0


WEATHER CONDITIONS
 THE FOLLOWING WEATHER WAS RECORDED TODAY.
  LIGHT RAIN
  FOG


RELATIVE HUMIDITY (PERCENT)
 HIGHEST    93           400 AM
 LOWEST     78          1100 AM
 AVERAGE    86

..........................................................


THE FRANKFORT KY CLIMATE NORMALS FOR TOMORROW
                         NORMAL    RECORD    YEAR
 MAXIMUM TEMPERATURE (F)   86       102      1943
 MINIMUM TEMPERATURE (F)   63        49      1952
                                             1951
                                             1923


SUNRISE AND SUNSET
AUGUST 23 2019........SUNRISE   701 AM EDT   SUNSET   823 PM EDT
AUGUST 24 2019........SUNRISE   702 AM EDT   SUNSET   821 PM EDT


-  INDICATES NEGATIVE NUMBERS.
R  INDICATES RECORD WAS SET OR TIED.
MM INDICATES DATA IS MISSING.
T  INDICATES TRACE AMOUNT.




$$
