000
CDUS43 KLMK 102034
CLIFFT


CLIMATE REPORT
NATIONAL WEATHER SERVICE LOUISVILLE KY
433 PM EDT MON AUG 10 2020


...................................

...THE FRANKFORT KY CLIMATE SUMMARY FOR AUGUST 10 2020...
VALID TODAY AS OF 0400 PM LOCAL TIME.

CLIMATE NORMAL PERIOD 1981 TO 2010
CLIMATE RECORD PERIOD 1895 TO 2020


WEATHER ITEM   OBSERVED TIME   RECORD YEAR NORMAL DEPARTURE LAST
                VALUE   (LST)  VALUE       VALUE  FROM      YEAR
                                                  NORMAL
..................................................................
TEMPERATURE (F)
 TODAY
  MAXIMUM         84    259 PM  99    1911  87     -3       87
  MINIMUM         69    551 AM  52    1989  65      4       62
                                      1972
  AVERAGE         77                        76      1       75

PRECIPITATION (IN)
  TODAY            1.28          2.02 1974   0.09   1.19     0.00
  MONTH TO DATE    1.58                      1.02   0.56     0.09
  SINCE JUN 1      8.89                      9.50  -0.61    11.17
  SINCE JAN 1     32.85                     28.97   3.88    37.68

SNOWFALL (IN)
  TODAY           MM            MM      MM  MM     MM       MM
  MONTH TO DATE   MM                        MM     MM       MM
  SINCE JUN 1     MM                        MM     MM       MM
  SINCE JUL 1     MM                        MM     MM       MM
  SNOW DEPTH      MM

DEGREE DAYS
 HEATING
  TODAY            0                         0      0        0
  MONTH TO DATE    0                         0      0        0
  SINCE JUN 1      3                        10     -7       12
  SINCE JUL 1      0                         0      0        0

 COOLING
  TODAY           12                        11      1       10
  MONTH TO DATE   92                       110    -18      125
  SINCE JUN 1    827                       696    131      820
  SINCE JAN 1    956                       795    161     1021
..................................................................


WIND (MPH)
  HIGHEST WIND SPEED    13   HIGHEST WIND DIRECTION     N (350)
  HIGHEST GUST SPEED    22   HIGHEST GUST DIRECTION    NW (330)
  AVERAGE WIND SPEED     1.5


SKY COVER
  POSSIBLE SUNSHINE  MM
  AVERAGE SKY COVER 0.7


WEATHER CONDITIONS
 THE FOLLOWING WEATHER WAS RECORDED TODAY.
  THUNDERSTORM
  HEAVY RAIN
  RAIN
  LIGHT RAIN
  FOG
  HAZE


RELATIVE HUMIDITY (PERCENT)
 HIGHEST    90           500 AM
 LOWEST     69           300 PM
 AVERAGE    80

..........................................................


THE FRANKFORT KY CLIMATE NORMALS FOR TOMORROW
                         NORMAL    RECORD    YEAR
 MAXIMUM TEMPERATURE (F)   87        99      1944
                                             1941
 MINIMUM TEMPERATURE (F)   65        50      1972


SUNRISE AND SUNSET
AUGUST 10 2020........SUNRISE   651 AM EDT   SUNSET   839 PM EDT
AUGUST 11 2020........SUNRISE   651 AM EDT   SUNSET   837 PM EDT


-  INDICATES NEGATIVE NUMBERS.
R  INDICATES RECORD WAS SET OR TIED.
MM INDICATES DATA IS MISSING.
T  INDICATES TRACE AMOUNT.




$$
