000
CDUS43 KLMK 020631
CLILEX

CLIMATE REPORT
NATIONAL WEATHER SERVICE LOUISVILLE KY
131 AM EST TUE MAR 02 2021

...................................

...THE LEXINGTON KY CLIMATE SUMMARY FOR MARCH 1 2021...

CLIMATE NORMAL PERIOD 1981 TO 2010
CLIMATE RECORD PERIOD 1872 TO 2021


WEATHER ITEM   OBSERVED TIME   RECORD YEAR NORMAL DEPARTURE LAST
                VALUE   (LST)  VALUE       VALUE  FROM      YEAR
                                                  NORMAL
...................................................................
TEMPERATURE (F)
 YESTERDAY
  MAXIMUM         54    150 AM  73    1976  50      4       63
  MINIMUM         32   1159 PM   7    1960  32      0       25
  AVERAGE         43                        41      2       44

PRECIPITATION (IN)
  YESTERDAY        0.26          5.56 1997   0.12   0.14     0.00
  MONTH TO DATE    0.26                      0.12   0.14     0.00
  SINCE MAR 1      0.26                      0.12   0.14     0.00
  SINCE JAN 1      9.61                      6.52   3.09     8.49

SNOWFALL (IN)
  YESTERDAY        0.0           4.2  1980   0.1   -0.1      0.0
  MONTH TO DATE    0.0                       0.1   -0.1      0.0
  SINCE MAR 1      0.0                       0.1   -0.1      0.0
  SINCE JUL 1     20.8                      11.4    9.4      5.4
  SNOW DEPTH       0

DEGREE DAYS
 HEATING
  YESTERDAY       22                        24     -2       21
  MONTH TO DATE   22                        24     -2       21
  SINCE MAR 1     22                        24     -2       21
  SINCE JUL 1   3668                      3595     73     3054

 COOLING
  YESTERDAY        0                         0      0        0
  MONTH TO DATE    0                         0      0        0
  SINCE MAR 1      0                         0      0        0
  SINCE JAN 1      0                         0      0        0
...................................................................


WIND (MPH)
  HIGHEST WIND SPEED    20   HIGHEST WIND DIRECTION    NW (320)
  HIGHEST GUST SPEED    28   HIGHEST GUST DIRECTION    NW (320)
  AVERAGE WIND SPEED     9.8


SKY COVER
  POSSIBLE SUNSHINE  MM
  AVERAGE SKY COVER 0.4


WEATHER CONDITIONS
THE FOLLOWING WEATHER WAS RECORDED YESTERDAY.
  RAIN
  LIGHT RAIN
  FOG


RELATIVE HUMIDITY (PERCENT)
 HIGHEST   100           200 AM
 LOWEST     40           400 PM
 AVERAGE    70

..........................................................


THE LEXINGTON KY CLIMATE NORMALS FOR TODAY
                         NORMAL    RECORD    YEAR
 MAXIMUM TEMPERATURE (F)   50        75      1976
 MINIMUM TEMPERATURE (F)   32         3      1980


SUNRISE AND SUNSET
MARCH  2 2021.........SUNRISE   708 AM EST   SUNSET   633 PM EST
MARCH  3 2021.........SUNRISE   707 AM EST   SUNSET   634 PM EST


-  INDICATES NEGATIVE NUMBERS.
R  INDICATES RECORD WAS SET OR TIED.
MM INDICATES DATA IS MISSING.
T  INDICATES TRACE AMOUNT.




$$
