000
CDUS43 KLMK 172031
CLILEX


CLIMATE REPORT
NATIONAL WEATHER SERVICE LOUISVILLE KY
430 PM EDT THU OCT 17 2019


...................................

...THE LEXINGTON KY CLIMATE SUMMARY FOR OCTOBER 17 2019...
VALID TODAY AS OF 0400 PM LOCAL TIME.

CLIMATE NORMAL PERIOD 1981 TO 2010
CLIMATE RECORD PERIOD 1872 TO 2019


WEATHER ITEM   OBSERVED TIME   RECORD YEAR NORMAL DEPARTURE LAST
                VALUE   (LST)  VALUE       VALUE  FROM      YEAR
                                                  NORMAL
..................................................................
TEMPERATURE (F)
 TODAY
  MAXIMUM         62    208 PM  87    1938  67     -5       64
  MINIMUM         37    712 AM  29    1970  46     -9       39
                                      1948
  AVERAGE         50                        57     -7       52

PRECIPITATION (IN)
  TODAY            0.00          2.41 1975   0.10  -0.10     0.00
  MONTH TO DATE    3.62                      1.66   1.96     4.89
  SINCE SEP 1      3.62                      4.57  -0.95    15.31
  SINCE JAN 1     40.13                     36.24   3.89    58.64

SNOWFALL (IN)
  TODAY            0.0           0.0    MM   0.0    0.0      0.0
  MONTH TO DATE    0.0                       0.0    0.0      0.0
  SINCE SEP 1      0.0                       0.0    0.0      0.0
  SINCE JUL 1      0.0                       0.0    0.0      0.0
  SNOW DEPTH       0

DEGREE DAYS
 HEATING
  TODAY           15                         9      6       13
  MONTH TO DATE   81                       117    -36       91
  SINCE SEP 1     81                       169    -88      108
  SINCE JUL 1     81                       171    -90      108

 COOLING
  TODAY            0                         1     -1        0
  MONTH TO DATE   70                        21     49      126
  SINCE SEP 1    453                       167    286      395
  SINCE JAN 1   1753                      1184    569     1734
..................................................................


WIND (MPH)
  HIGHEST WIND SPEED    16   HIGHEST WIND DIRECTION     W (280)
  HIGHEST GUST SPEED    20   HIGHEST GUST DIRECTION     W (280)
  AVERAGE WIND SPEED     6.5


SKY COVER
  POSSIBLE SUNSHINE  MM
  AVERAGE SKY COVER 0.1


WEATHER CONDITIONS
 THE FOLLOWING WEATHER WAS RECORDED TODAY.
  NO SIGNIFICANT WEATHER WAS OBSERVED.


RELATIVE HUMIDITY (PERCENT)
 HIGHEST    85           700 AM
 LOWEST     39           200 PM
 AVERAGE    62

..........................................................


THE LEXINGTON KY CLIMATE NORMALS FOR TOMORROW
                         NORMAL    RECORD    YEAR
 MAXIMUM TEMPERATURE (F)   67        87      1938
 MINIMUM TEMPERATURE (F)   46        24      1948


SUNRISE AND SUNSET
OCTOBER 17 2019.......SUNRISE   749 AM EDT   SUNSET   658 PM EDT
OCTOBER 18 2019.......SUNRISE   750 AM EDT   SUNSET   657 PM EDT


-  INDICATES NEGATIVE NUMBERS.
R  INDICATES RECORD WAS SET OR TIED.
MM INDICATES DATA IS MISSING.
T  INDICATES TRACE AMOUNT.




$$
