000
CDUS43 KTOP 222245
CLITOP


CLIMATE REPORT
NATIONAL WEATHER SERVICE TOPEKA KS
545 PM CDT MON JUN 22 2015


...................................

...THE TOPEKA KS CLIMATE SUMMARY FOR JUNE 22 2015...
VALID TODAY AS OF 0500 PM LOCAL TIME.

CLIMATE NORMAL PERIOD 1981 TO 2010
CLIMATE RECORD PERIOD 1887 TO 2015


WEATHER ITEM   OBSERVED TIME   RECORD YEAR NORMAL DEPARTURE LAST
                VALUE   (LST)  VALUE       VALUE  FROM      YEAR
                                                  NORMAL
..................................................................
TEMPERATURE (F)
 TODAY
  MAXIMUM         96    359 PM 101    1933  87      9       92
  MINIMUM         76    604 AM  45    1889  66     10       68
  AVERAGE         86                        76     10       80

PRECIPITATION (IN)
  TODAY            0.00          1.58 1989   0.18  -0.18     0.17
  MONTH TO DATE    5.16                      4.02   1.14     5.99
  SINCE JUN 1      5.16                      4.02   1.14     5.99
  SINCE JAN 1     19.75                     17.13   2.62    13.46

SNOWFALL (IN)
  TODAY            0.0           0.0    MM   0.0    0.0      0.0
  MONTH TO DATE    0.0                       0.0    0.0      0.0
  SINCE JAN 1      7.9                      11.3   -3.4     23.1
  SINCE JUL 1     10.3                      17.8   -7.5     27.4
  SNOW DEPTH       0

DEGREE DAYS
 HEATING
  TODAY            0                         0      0        0
  MONTH TO DATE    0                         6     -6        0
  SINCE JUN 1      0                         6     -6        0
  SINCE JUL 1   4874                      5019   -145     5440

 COOLING
  TODAY           21                        11     10       15
  MONTH TO DATE  260                       187     73      232
  SINCE JUN 1    260                       187     73      232
  SINCE JAN 1    342                       313     29      449
..................................................................


WIND (MPH)
  HIGHEST WIND SPEED    24   HIGHEST WIND DIRECTION     S (200)
  HIGHEST GUST SPEED    35   HIGHEST GUST DIRECTION    SW (210)
  AVERAGE WIND SPEED    13.6



WEATHER CONDITIONS
 THE FOLLOWING WEATHER WAS RECORDED TODAY.
  NO SIGNIFICANT WEATHER WAS OBSERVED.


RELATIVE HUMIDITY (PERCENT)
 HIGHEST    87           400 AM
 LOWEST     45           300 PM
 AVERAGE    66

..........................................................


THE TOPEKA KS CLIMATE NORMALS FOR TOMORROW
                         NORMAL    RECORD    YEAR
 MAXIMUM TEMPERATURE (F)   87       104      1937
 MINIMUM TEMPERATURE (F)   66        48      1887


SUNRISE AND SUNSET
JUNE 22 2015..........SUNRISE   557 AM CDT   SUNSET   852 PM CDT
JUNE 23 2015..........SUNRISE   557 AM CDT   SUNSET   852 PM CDT


-  INDICATES NEGATIVE NUMBERS.
R  INDICATES RECORD WAS SET OR TIED.
MM INDICATES DATA IS MISSING.
T  INDICATES TRACE AMOUNT.




$$
