034
CDUS43 KLOT 290632
CLIORD


CLIMATE REPORT
NATIONAL WEATHER SERVICE CHICAGO IL
131 AM CDT FRI APR 29 2016


...................................

...THE CHICAGO-OHARE CLIMATE SUMMARY FOR APRIL 28 2016...

CLIMATE NORMAL PERIOD 1981 TO 2010
CLIMATE RECORD PERIOD 1871 TO 2016


WEATHER ITEM   OBSERVED TIME   RECORD YEAR NORMAL DEPARTURE LAST
                VALUE   (LST)  VALUE       VALUE  FROM      YEAR
                                                  NORMAL
..................................................................
TEMPERATURE (F)
 YESTERDAY
  MAXIMUM         50    152 PM  86    1915  64    -14       58
  MINIMUM         42   1159 PM  28    1992  43     -1       35
  AVERAGE         46                        54     -8       47

PRECIPITATION (IN)
  YESTERDAY        0.45          2.04 1981   0.12   0.33     0.00
  MONTH TO DATE    2.18                      3.14  -0.96     2.87
  SINCE MAR 1      5.52                      5.64  -0.12     3.97
  SINCE JAN 1      7.59                      9.16  -1.57     6.83

SNOWFALL (IN)
  YESTERDAY        0.0           T    2008   0.0    0.0      0.0
                                      1950
                                      1961
  MONTH TO DATE    1.1                       1.2   -0.1       T
  SINCE MAR 1      3.7                       6.8   -3.1      7.1
  SINCE JUL 1     31.2                      36.6   -5.4     50.7
  SNOW DEPTH       0

DEGREE DAYS
 HEATING
  YESTERDAY       19                        12      7       18
  MONTH TO DATE  479                       470      9      425
  SINCE MAR 1   1144                      1311   -167     1335
  SINCE JUL 1   5152                      6045   -893     6515

 COOLING
  YESTERDAY        0                         0      0        0
  MONTH TO DATE    7                         0      7        0
  SINCE MAR 1      7                         1      6        0
  SINCE JAN 1      7                         1      6        0
..................................................................


WIND (MPH)
  HIGHEST WIND SPEED    22   HIGHEST WIND DIRECTION     E (70)
  HIGHEST GUST SPEED    28   HIGHEST GUST DIRECTION     E (70)
  AVERAGE WIND SPEED    10.6


SKY COVER
  POSSIBLE SUNSHINE  MM
  AVERAGE SKY COVER 0.9


WEATHER CONDITIONS
 THE FOLLOWING WEATHER WAS RECORDED YESTERDAY.
  THUNDERSTORM
  HEAVY RAIN
  RAIN
  LIGHT RAIN
  FOG


RELATIVE HUMIDITY (PERCENT)
 HIGHEST   100           300 AM
 LOWEST     74           200 PM
 AVERAGE    87

..........................................................


THE CHICAGO-OHARE CLIMATE NORMALS FOR TODAY
                         NORMAL    RECORD    YEAR
 MAXIMUM TEMPERATURE (F)   64        88      1970
                                             1899
 MINIMUM TEMPERATURE (F)   43        31      2008
                                             1958


SUNRISE AND SUNSET
APRIL 29 2016.........SUNRISE   550 AM CDT   SUNSET   749 PM CDT
APRIL 30 2016.........SUNRISE   548 AM CDT   SUNSET   750 PM CDT


-  INDICATES NEGATIVE NUMBERS.
R  INDICATES RECORD WAS SET OR TIED.
MM INDICATES DATA IS MISSING.
T  INDICATES TRACE AMOUNT.




$$
