000
CDUS43 KLOT 082141
CLIORD


CLIMATE REPORT
NATIONAL WEATHER SERVICE CHICAGO IL
439 PM CDT FRI JUL 8 2016


...................................

...THE CHICAGO-OHARE IL CLIMATE SUMMARY FOR JULY 8 2016...
VALID TODAY AS OF 0400 PM LOCAL TIME.

CLIMATE NORMAL PERIOD 1981 TO 2010
CLIMATE RECORD PERIOD 1871 TO 2016


WEATHER ITEM   OBSERVED TIME   RECORD YEAR NORMAL DEPARTURE LAST
                VALUE   (LST)  VALUE       VALUE  FROM      YEAR
                                                  NORMAL
..................................................................
TEMPERATURE (F)
 TODAY
  MAXIMUM         86    131 PM  99    1955  84      2       67
  MINIMUM         68    221 AM  48    1984  64      4       54
  AVERAGE         77                        74      3       61

PRECIPITATION (IN)
  TODAY            0.00          2.41 1951   0.11  -0.11     0.07
  MONTH TO DATE    1.92                      0.84   1.08     0.83
  SINCE JUN 1      4.77                      4.29   0.48     7.95
  SINCE JAN 1     18.41                     17.37   1.04    19.44

SNOWFALL (IN)
  TODAY            0.0           0.0    MM   0.0    0.0      0.0
  MONTH TO DATE    0.0                       0.0    0.0      0.0
  SINCE JUN 1      0.0                       0.0    0.0       T
  SINCE JUL 1      0.0                       0.0    0.0      0.0

DEGREE DAYS
 HEATING
  TODAY            0                         0      0        4
  MONTH TO DATE    0                         0      0       13
  SINCE JUN 1     13                        48    -35       52
  SINCE JUL 1      0                         0      0       13

 COOLING
  TODAY           12                         9      3        0
  MONTH TO DATE   59                        71    -12       23
  SINCE JUN 1    275                       236     39      141
  SINCE JAN 1    349                       290     59      194
..................................................................


WIND (MPH)
  HIGHEST WIND SPEED    24   HIGHEST WIND DIRECTION    NW (310)
  HIGHEST GUST SPEED    29   HIGHEST GUST DIRECTION     W (290)
  AVERAGE WIND SPEED     9.2


SKY COVER
  POSSIBLE SUNSHINE  MM
  AVERAGE SKY COVER 0.7


WEATHER CONDITIONS
 THE FOLLOWING WEATHER WAS RECORDED TODAY.
  FOG
  FOG W/VISIBILITY <= 1/4 MILE


RELATIVE HUMIDITY (PERCENT)
 HIGHEST   100           100 AM
 LOWEST     37           200 PM
 AVERAGE    69

..........................................................


THE CHICAGO-OHARE IL CLIMATE NORMALS FOR TOMORROW
                         NORMAL    RECORD    YEAR
 MAXIMUM TEMPERATURE (F)   85        98      1974
 MINIMUM TEMPERATURE (F)   64        50      1895


SUNRISE AND SUNSET
JULY  8 2016..........SUNRISE   525 AM CDT   SUNSET   829 PM CDT
JULY  9 2016..........SUNRISE   525 AM CDT   SUNSET   828 PM CDT


-  INDICATES NEGATIVE NUMBERS.
R  INDICATES RECORD WAS SET OR TIED.
MM INDICATES DATA IS MISSING.
T  INDICATES TRACE AMOUNT.




$$
