000
CDUS43 KLOT 050636
CLIORD


CLIMATE REPORT
NATIONAL WEATHER SERVICE CHICAGO IL
136 AM CDT TUE JUL 5 2016


...................................

...THE CHICAGO-OHARE CLIMATE SUMMARY FOR JULY 4 2016...

CLIMATE NORMAL PERIOD 1981 TO 2010
CLIMATE RECORD PERIOD 1871 TO 2016


WEATHER ITEM   OBSERVED TIME   RECORD YEAR NORMAL DEPARTURE LAST
                VALUE   (LST)  VALUE       VALUE  FROM      YEAR
                                                  NORMAL
..................................................................
TEMPERATURE (F)
 YESTERDAY
  MAXIMUM         79    227 PM 102    2012  84     -5       81
                                      1911
  MINIMUM         66    712 AM  50    1972  63      3       59
  AVERAGE         73                        74     -1       70

PRECIPITATION (IN)
  YESTERDAY        0.00          1.72 1995   0.10  -0.10     0.00
  MONTH TO DATE    0.00                      0.40  -0.40     0.00
  SINCE JUN 1      2.85                      3.85  -1.00     7.12
  SINCE JAN 1     16.49                     16.93  -0.44    18.61

SNOWFALL (IN)
  YESTERDAY        0.0           0.0    MM   0.0    0.0      0.0
  MONTH TO DATE    0.0                       0.0    0.0      0.0
  SINCE JUN 1      0.0                       0.0    0.0       T
  SINCE JUL 1      0.0                       0.0    0.0      0.0
  SNOW DEPTH       0

DEGREE DAYS
 HEATING
  YESTERDAY        0                         0      0        0
  MONTH TO DATE    0                         0      0        7
  SINCE JUN 1     13                        48    -35       46
  SINCE JUL 1      0                         0      0        7

 COOLING
  YESTERDAY        8                         9     -1        5
  MONTH TO DATE   10                        35    -25        6
  SINCE JUN 1    226                       200     26      124
  SINCE JAN 1    300                       254     46      177
..................................................................


WIND (MPH)
  HIGHEST WIND SPEED    13   HIGHEST WIND DIRECTION     E (100)
  HIGHEST GUST SPEED    23   HIGHEST GUST DIRECTION     E (70)
  AVERAGE WIND SPEED     6.5


SKY COVER
  POSSIBLE SUNSHINE  MM
  AVERAGE SKY COVER 0.9


WEATHER CONDITIONS
 THE FOLLOWING WEATHER WAS RECORDED YESTERDAY.
  FOG
  HAZE


RELATIVE HUMIDITY (PERCENT)
 HIGHEST    84          1100 PM
 LOWEST     61          1200 AM
 AVERAGE    73

..........................................................


THE CHICAGO-OHARE CLIMATE NORMALS FOR TODAY
                         NORMAL    RECORD    YEAR
 MAXIMUM TEMPERATURE (F)   84       103      2012
 MINIMUM TEMPERATURE (F)   63        46      1972


SUNRISE AND SUNSET
JULY  5 2016..........SUNRISE   523 AM CDT   SUNSET   830 PM CDT
JULY  6 2016..........SUNRISE   523 AM CDT   SUNSET   829 PM CDT


-  INDICATES NEGATIVE NUMBERS.
R  INDICATES RECORD WAS SET OR TIED.
MM INDICATES DATA IS MISSING.
T  INDICATES TRACE AMOUNT.




$$
