000
CDUS43 KLOT 182245
CLIORD


CLIMATE REPORT
NATIONAL WEATHER SERVICE CHICAGO IL
444 PM CST SAT NOV 18 2017


...................................

...THE CHICAGO-OHARE IL CLIMATE SUMMARY FOR NOVEMBER 18 2017...
VALID TODAY AS OF 0400 PM LOCAL TIME.

CLIMATE NORMAL PERIOD 1981 TO 2010
CLIMATE RECORD PERIOD 1871 TO 2017


WEATHER ITEM   OBSERVED TIME   RECORD YEAR NORMAL DEPARTURE LAST
                VALUE   (LST)  VALUE       VALUE  FROM      YEAR
                                                  NORMAL
..................................................................
TEMPERATURE (F)
 TODAY
  MAXIMUM         48   1203 AM  72    1953  47      1       66
  MINIMUM         35    126 PM   8    1880  32      3       39
  AVERAGE         42                        39      3       53

PRECIPITATION (IN)
  TODAY            0.54          1.44 1921   0.11   0.43     0.20
  MONTH TO DATE    1.73                      1.88  -0.15     0.41
  SINCE SEP 1     10.75                      8.24   2.51     5.94
  SINCE JAN 1     42.49                     33.37   9.12    32.92

SNOWFALL (IN)
  TODAY            T             2.5  1986   0.0    0.0      0.0
  MONTH TO DATE    0.1                       0.3   -0.2      0.0
  SINCE SEP 1      0.1                       0.5   -0.4      0.0
  SINCE JUL 1      0.1                       0.5   -0.4      0.0

DEGREE DAYS
 HEATING
  TODAY           23                        26     -3       12
  MONTH TO DATE  463                       391     72      220
  SINCE SEP 1    751                       893   -142      509
  SINCE JUL 1    756                       906   -150      509

 COOLING
  TODAY            0                         0      0        0
  MONTH TO DATE    0                         0      0        3
  SINCE SEP 1    208                       103    105      192
  SINCE JAN 1    991                       843    148     1157
..................................................................


WIND (MPH)
  HIGHEST WIND SPEED    26   HIGHEST WIND DIRECTION     N (350)
  HIGHEST GUST SPEED    34   HIGHEST GUST DIRECTION     N (350)
  AVERAGE WIND SPEED    15.1


SKY COVER
  POSSIBLE SUNSHINE  MM
  AVERAGE SKY COVER 0.8


WEATHER CONDITIONS
 THE FOLLOWING WEATHER WAS RECORDED TODAY.
  HEAVY RAIN
  RAIN
  LIGHT RAIN
  SNOW
  FOG


RELATIVE HUMIDITY (PERCENT)
 HIGHEST    93           300 AM
 LOWEST     79           400 PM
 AVERAGE    86

..........................................................


THE CHICAGO-OHARE IL CLIMATE NORMALS FOR TOMORROW
                         NORMAL    RECORD    YEAR
 MAXIMUM TEMPERATURE (F)   46        75      1930
 MINIMUM TEMPERATURE (F)   31        10      1894


SUNRISE AND SUNSET
NOVEMBER 18 2017......SUNRISE   645 AM CST   SUNSET   428 PM CST
NOVEMBER 19 2017......SUNRISE   647 AM CST   SUNSET   427 PM CST


-  INDICATES NEGATIVE NUMBERS.
R  INDICATES RECORD WAS SET OR TIED.
MM INDICATES DATA IS MISSING.
T  INDICATES TRACE AMOUNT.




$$
