330
CDUS43 KTOP 222131
CLITOP


CLIMATE REPORT
NATIONAL WEATHER SERVICE TOPEKA KS
431 PM CDT WED MAR 22 2017


...................................

...THE TOPEKA KS CLIMATE SUMMARY FOR MARCH 22 2017...
VALID TODAY AS OF 0400 PM LOCAL TIME.

CLIMATE NORMAL PERIOD 1981 TO 2010
CLIMATE RECORD PERIOD 1887 TO 2017


WEATHER ITEM   OBSERVED TIME   RECORD YEAR NORMAL DEPARTURE LAST
                VALUE   (LST)  VALUE       VALUE  FROM      YEAR
                                                  NORMAL
..................................................................
TEMPERATURE (F)
 TODAY
  MAXIMUM         60    248 PM  93    1907  59      1       77
  MINIMUM         38    637 AM  10    2002  35      3       51
  AVERAGE         49                        47      2       64

PRECIPITATION (IN)
  TODAY            0.00          0.96 1946   0.09  -0.09     0.00
  MONTH TO DATE    0.34                      1.62  -1.28     1.84
  SINCE MAR 1      0.34                      1.62  -1.28     1.84
  SINCE JAN 1      1.73                      3.80  -2.07     3.11

SNOWFALL (IN)
  TODAY            0.0           1.5  1933   0.1   -0.1      0.0
  MONTH TO DATE    1.3                       1.3    0.0       T
  SINCE JAN 1      3.5                      10.7   -7.2      2.3
  SINCE JUL 1      6.6                      17.2  -10.6      3.5
  SNOW DEPTH       0

DEGREE DAYS
 HEATING
  TODAY           16                        18     -2        1
  MONTH TO DATE  389                       478    -89      302
  SINCE MAR 1    389                       478    -89      302
  SINCE JUL 1   3570                      4445   -875     3554

 COOLING
  TODAY            0                         0      0        0
  MONTH TO DATE    8                         0      8        3
  SINCE MAR 1      8                         0      8        3
  SINCE JAN 1      8                         0      8        3
..................................................................


WIND (MPH)
  HIGHEST WIND SPEED    22   HIGHEST WIND DIRECTION     E (90)
  HIGHEST GUST SPEED    33   HIGHEST GUST DIRECTION     E (90)
  AVERAGE WIND SPEED    11.8



WEATHER CONDITIONS
 THE FOLLOWING WEATHER WAS RECORDED TODAY.
  NO SIGNIFICANT WEATHER WAS OBSERVED.


RELATIVE HUMIDITY (PERCENT)
 HIGHEST    54           600 AM
 LOWEST     24           200 PM
 AVERAGE    39

..........................................................


THE TOPEKA KS CLIMATE NORMALS FOR TOMORROW
                         NORMAL    RECORD    YEAR
 MAXIMUM TEMPERATURE (F)   59        87      1910
 MINIMUM TEMPERATURE (F)   36        12      1960


SUNRISE AND SUNSET
MARCH 22 2017.........SUNRISE   722 AM CDT   SUNSET   737 PM CDT
MARCH 23 2017.........SUNRISE   721 AM CDT   SUNSET   738 PM CDT


-  INDICATES NEGATIVE NUMBERS.
R  INDICATES RECORD WAS SET OR TIED.
MM INDICATES DATA IS MISSING.
T  INDICATES TRACE AMOUNT.




$$
