000
CDUS43 KTOP 090631
CLITOP


CLIMATE REPORT
NATIONAL WEATHER SERVICE TOPEKA KS
130 AM CDT SAT SEP 9 2017


...................................

...THE TOPEKA KS CLIMATE SUMMARY FOR SEPTEMBER 8 2017...

CLIMATE NORMAL PERIOD 1981 TO 2010
CLIMATE RECORD PERIOD 1887 TO 2017


WEATHER ITEM   OBSERVED TIME   RECORD YEAR NORMAL DEPARTURE LAST
                VALUE   (LST)  VALUE       VALUE  FROM      YEAR
                                                  NORMAL
..................................................................
TEMPERATURE (F)
 YESTERDAY
  MAXIMUM         89    309 PM 104    2013  84      5       82
  MINIMUM         55    626 AM  41    1986  60     -5       72
  AVERAGE         72                        72      0       77

PRECIPITATION (IN)
  YESTERDAY        0.00          4.35 1989   0.13  -0.13     0.28
  MONTH TO DATE    T                         0.97  -0.97     0.30
  SINCE SEP 1      T                         0.97  -0.97     0.30
  SINCE JAN 1     33.47                     27.54   5.93    33.19

SNOWFALL (IN)
  YESTERDAY        0.0           T    2008   0.0    0.0      0.0
  MONTH TO DATE    0.0                       0.0    0.0      0.0
  SINCE JAN 1      3.5                      11.3   -7.8      3.7
  SINCE JUL 1      T                         0.0    0.0       T
  SNOW DEPTH       0

DEGREE DAYS
 HEATING
  YESTERDAY        0                         1     -1        0
  MONTH TO DATE    5                         3      2        0
  SINCE SEP 1      5                         3      2        0
  SINCE JUL 1      5                         5      0        0

 COOLING
  YESTERDAY        7                         7      0       12
  MONTH TO DATE   45                        67    -22       90
  SINCE SEP 1     45                        67    -22       90
  SINCE JAN 1   1235                      1295    -60     1491
..................................................................


WIND (MPH)
  HIGHEST WIND SPEED    15   HIGHEST WIND DIRECTION     S (160)
  HIGHEST GUST SPEED    19   HIGHEST GUST DIRECTION     S (170)
  AVERAGE WIND SPEED     5.7


SKY COVER
  AVERAGE SKY COVER 0.0


WEATHER CONDITIONS
 THE FOLLOWING WEATHER WAS RECORDED YESTERDAY.
  FOG


RELATIVE HUMIDITY (PERCENT)
 HIGHEST   100           600 AM
 LOWEST     34           200 PM
 AVERAGE    67

..........................................................


THE TOPEKA KS CLIMATE NORMALS FOR TODAY
                         NORMAL    RECORD    YEAR
 MAXIMUM TEMPERATURE (F)   83       101      1970
 MINIMUM TEMPERATURE (F)   59        42      1976


SUNRISE AND SUNSET
SEPTEMBER  9 2017.....SUNRISE   659 AM CDT   SUNSET   740 PM CDT
SEPTEMBER 10 2017.....SUNRISE   700 AM CDT   SUNSET   738 PM CDT


-  INDICATES NEGATIVE NUMBERS.
R  INDICATES RECORD WAS SET OR TIED.
MM INDICATES DATA IS MISSING.
T  INDICATES TRACE AMOUNT.




$$
