000
CDUS43 KTOP 120636
CLITOP


CLIMATE REPORT
NATIONAL WEATHER SERVICE TOPEKA KS
1233 AM CST THU JAN 12 2017


...................................

...THE TOPEKA KS CLIMATE SUMMARY FOR JANUARY 11 2017...

CLIMATE NORMAL PERIOD 1981 TO 2010
CLIMATE RECORD PERIOD 1887 TO 2017


WEATHER ITEM   OBSERVED TIME   RECORD YEAR NORMAL DEPARTURE LAST
                VALUE   (LST)  VALUE       VALUE  FROM      YEAR
                                                  NORMAL
..................................................................
TEMPERATURE (F)
 YESTERDAY
  MAXIMUM         62    123 PM  66    2007  40     22       44
                                      1911
  MINIMUM         21   1159 PM -15    1977  19      2       22
                                      1918
  AVERAGE         42                        30     12       33

PRECIPITATION (IN)
  YESTERDAY        0.00          0.68 1890   0.02  -0.02     0.00
  MONTH TO DATE    0.33                      0.27   0.06     0.73
  SINCE DEC 1      1.38                      1.62  -0.24     3.44
  SINCE JAN 1      0.33                      0.27   0.06     0.73

SNOWFALL (IN)
  YESTERDAY        0.0           3.4  1909   0.1   -0.1      0.0
  MONTH TO DATE    2.2                       1.7    0.5       T
  SINCE JAN 1      2.2                       1.7    0.5       T
  SINCE JUL 1      5.3                       8.2   -2.9      1.2
  SNOW DEPTH       0

DEGREE DAYS
 HEATING
  YESTERDAY       23                        36    -13       32
  MONTH TO DATE  422                       389     33      382
  SINCE DEC 1   1481                      1412     69     1153
  SINCE JUL 1   2054                      2406   -352     1889

 COOLING
  YESTERDAY        0                         0      0        0
  MONTH TO DATE    0                         0      0        0
  SINCE DEC 1      0                         0      0        0
  SINCE JAN 1      0                         0      0        0
..................................................................


WIND (MPH)
  HIGHEST WIND SPEED    25   HIGHEST WIND DIRECTION     N (350)
  HIGHEST GUST SPEED    31   HIGHEST GUST DIRECTION     N (340)
  AVERAGE WIND SPEED    12.2


SKY COVER
  AVERAGE SKY COVER 0.3


WEATHER CONDITIONS
 THE FOLLOWING WEATHER WAS RECORDED YESTERDAY.
  HAZE


RELATIVE HUMIDITY (PERCENT)
 HIGHEST    85          1200 AM
 LOWEST     46           100 PM
 AVERAGE    66

..........................................................


THE TOPEKA KS CLIMATE NORMALS FOR TODAY
                         NORMAL    RECORD    YEAR
 MAXIMUM TEMPERATURE (F)   40        68      1960
 MINIMUM TEMPERATURE (F)   19       -20      1974


SUNRISE AND SUNSET
JANUARY 12 2017.......SUNRISE   741 AM CST   SUNSET   521 PM CST
JANUARY 13 2017.......SUNRISE   741 AM CST   SUNSET   522 PM CST


-  INDICATES NEGATIVE NUMBERS.
R  INDICATES RECORD WAS SET OR TIED.
MM INDICATES DATA IS MISSING.
T  INDICATES TRACE AMOUNT.

$$
