000
CDUS43 KGRR 170515
CLIGRR


CLIMATE REPORT
NATIONAL WEATHER SERVICE GRAND RAPIDS, MI
1214 AM EST SAT JAN 17 2015


...................................

...THE GRAND RAPIDS MI CLIMATE SUMMARY FOR JANUARY 16 2015...

CLIMATE NORMAL PERIOD 1981 TO 2010
CLIMATE RECORD PERIOD 1892 TO 2015


WEATHER ITEM   OBSERVED TIME   RECORD YEAR NORMAL DEPARTURE LAST
                VALUE   (LST)  VALUE       VALUE  FROM      YEAR
                                                  NORMAL
..................................................................
TEMPERATURE (F)
 YESTERDAY
  MAXIMUM         33   1243 AM  58    1949  31      2       32
  MINIMUM         18   1159 PM -16    1994  18      0       17
                                      1972
  AVERAGE         26                        24      2       25

PRECIPITATION (IN)
  YESTERDAY        0.00          0.60 1980   0.07  -0.07     0.11
  MONTH TO DATE    1.51                      1.19   0.32     2.23
  SINCE DEC 1      3.08                      3.69  -0.61     4.93
  SINCE JAN 1      1.51                      1.19   0.32     2.23

SNOWFALL (IN)
  YESTERDAY        0.0           5.5  1924   0.6   -0.6      1.5
  MONTH TO DATE   20.3                      11.2    9.1     18.8
  SINCE DEC 1     21.3                      33.1  -11.8     53.5
  SINCE JUL 1     52.3                      40.4   11.9     55.7
  SNOW DEPTH       6

DEGREE DAYS
 HEATING
  YESTERDAY       39                        41     -2       40
  MONTH TO DATE  775                       647    128      705
  SINCE DEC 1   1794                      1758     36     1903
  SINCE JUL 1   3290                      3096    194     3225

 COOLING
  YESTERDAY        0                         0      0        0
  MONTH TO DATE    0                         0      0        0
  SINCE DEC 1      0                         0      0        0
  SINCE JAN 1      0                         0      0        0
..................................................................


WIND (MPH)
  RESULTANT WIND SPEED   2   RESULTANT WIND DIRECTION   N (360)
  HIGHEST WIND SPEED    15   HIGHEST WIND DIRECTION    NW (320)
  HIGHEST GUST SPEED    19   HIGHEST GUST DIRECTION    NW (310)
  AVERAGE WIND SPEED     8.3


SKY COVER
  POSSIBLE SUNSHINE   0 PERCENT
  AVERAGE SKY COVER 0.7


WEATHER CONDITIONS
 THE FOLLOWING WEATHER WAS RECORDED YESTERDAY.
  NO SIGNIFICANT WEATHER WAS OBSERVED.


RELATIVE HUMIDITY (PERCENT)
 HIGHEST    78           200 AM
 LOWEST     60          1200 PM
 AVERAGE    69

..........................................................


THE GRAND RAPIDS MI CLIMATE NORMALS FOR TODAY
                         NORMAL    RECORD    YEAR
 MAXIMUM TEMPERATURE (F)   30        56      1952
 MINIMUM TEMPERATURE (F)   18       -10      1976


SUNRISE AND SUNSET
JANUARY 17 2015.......SUNRISE   809 AM EST   SUNSET   535 PM EST
JANUARY 18 2015.......SUNRISE   809 AM EST   SUNSET   537 PM EST


-  INDICATES NEGATIVE NUMBERS.
R  INDICATES RECORD WAS SET OR TIED.
MM INDICATES DATA IS MISSING.
T  INDICATES TRACE AMOUNT.




$$

CAS
