000
CDUS43 KGRR 250605
CLIGRR


CLIMATE REPORT
NATIONAL WEATHER SERVICE GRAND RAPIDS, MI
105 AM EST FRI NOV 25 2016


...................................

...THE GRAND RAPIDS MI CLIMATE SUMMARY FOR NOVEMBER 24 2016...

CLIMATE NORMAL PERIOD 1981 TO 2010
CLIMATE RECORD PERIOD 1892 TO 2016


WEATHER ITEM   OBSERVED TIME   RECORD YEAR NORMAL DEPARTURE LAST
                VALUE   (LST)  VALUE       VALUE  FROM      YEAR
                                                  NORMAL
..................................................................
TEMPERATURE (F)
 YESTERDAY
  MAXIMUM         43    418 PM  66    1931  43      0       45
  MINIMUM         38    516 AM  -9    1950  30      8       26
  AVERAGE         41                        37      4       36

PRECIPITATION (IN)
  YESTERDAY        0.16          1.09 1973   0.11   0.05     0.00
  MONTH TO DATE    2.49                      2.87  -0.38     1.52
  SINCE SEP 1     11.04                     10.41   0.63     7.05
  SINCE JAN 1     42.58                     35.13   7.45    28.69

SNOWFALL (IN)
  YESTERDAY       MM             9.7  2004   0.3   MM        0.0
  MONTH TO DATE    0.8                       4.5   -3.7      3.5
  SINCE SEP 1      0.8                       5.0   -4.2      3.5
  SINCE JUL 1      0.8                       5.0   -4.2      3.5
  SNOW DEPTH       0

DEGREE DAYS
 HEATING
  YESTERDAY       24                        28     -4       29
  MONTH TO DATE  447                       567   -120      427
  SINCE SEP 1    815                      1139   -324      879
  SINCE JUL 1    815                      1159   -344      908

 COOLING
  YESTERDAY        0                         0      0        0
  MONTH TO DATE    0                         0      0        0
  SINCE SEP 1    105                        74     31      135
  SINCE JAN 1    936                       699    237      642
..................................................................


WIND (MPH)
  RESULTANT WIND SPEED   7   RESULTANT WIND DIRECTION   W (250)
  HIGHEST WIND SPEED    15   HIGHEST WIND DIRECTION     W (270)
  HIGHEST GUST SPEED    20   HIGHEST GUST DIRECTION     W (270)
  AVERAGE WIND SPEED     7.1


SKY COVER
  POSSIBLE SUNSHINE  MM
  AVERAGE SKY COVER 1.0


WEATHER CONDITIONS
 THE FOLLOWING WEATHER WAS RECORDED YESTERDAY.
  LIGHT RAIN
  FOG


RELATIVE HUMIDITY (PERCENT)
 HIGHEST   100           400 AM
 LOWEST     82          1100 AM
 AVERAGE    91

..........................................................


THE GRAND RAPIDS MI CLIMATE NORMALS FOR TODAY
                         NORMAL    RECORD    YEAR
 MAXIMUM TEMPERATURE (F)   43        65      1908
 MINIMUM TEMPERATURE (F)   30       -10      1950


SUNRISE AND SUNSET
NOVEMBER 25 2016......SUNRISE   747 AM EST   SUNSET   511 PM EST
NOVEMBER 26 2016......SUNRISE   748 AM EST   SUNSET   511 PM EST


-  INDICATES NEGATIVE NUMBERS.
R  INDICATES RECORD WAS SET OR TIED.
MM INDICATES DATA IS MISSING.
T  INDICATES TRACE AMOUNT.




$$
