000
CDUS43 KGRR 211349
CLIGRR


CLIMATE REPORT
NATIONAL WEATHER SERVICE GRAND RAPIDS, MI
949 AM EDT FRI AUG 21 2015


...................................

...THE GRAND RAPIDS MI CLIMATE SUMMARY FOR AUGUST 21 2015...
VALID AS OF 0900 AM LOCAL TIME.

CLIMATE NORMAL PERIOD 1981 TO 2010
CLIMATE RECORD PERIOD 1892 TO 2015


WEATHER ITEM   OBSERVED TIME   RECORD YEAR NORMAL DEPARTURE LAST
                VALUE   (LST)  VALUE       VALUE  FROM      YEAR
                                                  NORMAL
..................................................................
TEMPERATURE (F)
 TODAY
  MAXIMUM         62    759 AM  97    1955  80    -18       80
                                      1916
  MINIMUM         52    606 AM  44    1956  61     -9       64
  AVERAGE         57                        70    -13       72

PRECIPITATION (IN)
  TODAY            0.00          2.05 1958   0.11  -0.11      T
  MONTH TO DATE    2.90                      2.42   0.48     2.83
  SINCE JUN 1      9.16                      9.97  -0.81    12.40
  SINCE JAN 1     20.79                     23.55  -2.76    25.67

SNOWFALL (IN)
  TODAY            0.0           0.0    MM   0.0    0.0      0.0
  MONTH TO DATE    0.0                       0.0    0.0      0.0
  SINCE JUN 1      0.0                       0.0    0.0      0.0
  SINCE JUL 1      0.0                       0.0    0.0      0.0
  SNOW DEPTH       0

DEGREE DAYS
 HEATING
  TODAY            8                         0      8        0
  MONTH TO DATE    9                         0      9        9
  SINCE JUN 1     52                        51      1       31
  SINCE JUL 1     22                         6     16       18

 COOLING
  TODAY            0                         6     -6        7
  MONTH TO DATE  146                       141      5      124
  SINCE JUN 1    433                       525    -92      427
  SINCE JAN 1    485                       572    -87      480
..................................................................


WIND (MPH)
  RESULTANT WIND SPEED   4   RESULTANT WIND DIRECTION  SW (210)
  HIGHEST WIND SPEED     9   HIGHEST WIND DIRECTION     S (190)
  HIGHEST GUST SPEED    11   HIGHEST GUST DIRECTION     S (190)
  AVERAGE WIND SPEED     4.9


SKY COVER
  AVERAGE SKY COVER 0.1


WEATHER CONDITIONS
 THE FOLLOWING WEATHER WAS RECORDED TODAY.
  NO SIGNIFICANT WEATHER WAS OBSERVED.


RELATIVE HUMIDITY (PERCENT)
 HIGHEST    93           400 AM
 LOWEST     84           800 AM
 AVERAGE    89

..........................................................


THE GRAND RAPIDS MI CLIMATE NORMALS FOR TOMORROW
                         NORMAL    RECORD    YEAR
 MAXIMUM TEMPERATURE (F)   80        98      1936
 MINIMUM TEMPERATURE (F)   61        44      1923
                                             1897
                                             1894


SUNRISE AND SUNSET
AUGUST 21 2015........SUNRISE   654 AM EDT   SUNSET   835 PM EDT
AUGUST 22 2015........SUNRISE   656 AM EDT   SUNSET   834 PM EDT


-  INDICATES NEGATIVE NUMBERS.
R  INDICATES RECORD WAS SET OR TIED.
MM INDICATES DATA IS MISSING.
T  INDICATES TRACE AMOUNT.




$$

JAM
