000
CXUS53 KGRR 011017
CF6MKG
PRELIMINARY LOCAL CLIMATOLOGICAL DATA (WS FORM: F-6)

                                          STATION:   MUSKEGON MI
                                          MONTH:     SEPTEMBER
                                          YEAR:      2012
                                          LATITUDE:   43 10 N
                                          LONGITUDE:  86 14 W

  TEMPERATURE IN F:       :PCPN:    SNOW:  WIND      :SUNSHINE: SKY     :PK WND
================================================================================
1   2   3   4   5  6A  6B    7    8   9   10  11  12  13   14  15   16   17  18
                                     12Z  AVG MX 2MIN
DY MAX MIN AVG DEP HDD CDD  WTR  SNW DPTH SPD SPD DIR MIN PSBL S-S WX    SPD DR
================================================================================

 1  83  64  74   7   0   9 0.00  0.0    0  7.4 13  70   M    M   2        17  40
 2  89  67  78  11   0  13 0.00  0.0    0 11.1 22 110   M    M   1        30 100
 3  89  64  77  10   0  12 0.00  0.0    0  5.5 13 280   M    M   1        15 300
 4  86  68  77  11   0  12 0.26  0.0    0  3.3 10 290   M    M   4 1      13 250
 5  84  67  76  10   0  11    T  0.0    0  5.7 18 170   M    M   3        23 240
 6  82  59  71   5   0   6 0.00  0.0    0  4.0 14 290   M    M   5 1      17 290
 7  76  57  67   2   0   2 0.04  0.0    0  3.8 25 340   M    M   6 1      35 350
 8  70  52  61  -4   4   0 0.21  0.0    0  8.9 21 320   M    M   4 1      28 290
 9  73  52  63  -2   2   0 0.03  0.0    0  5.7 18 320   M    M   2 1      26 310
10  73  47  60  -4   5   0 0.00  0.0    0  6.1 16 220   M    M   2        23 220
11  79  55  67   3   0   2 0.00  0.0    0 11.9 23 190   M    M   0        32 180
12  81  63  72   8   0   7 0.00  0.0    0 11.9 21 200   M    M   0        28 190
13  74  56  65   2   0   0 0.09  0.0    0  7.8 22 340   M    M   7 1      25 350
14  71  48  60  -3   5   0 0.00  0.0    0  4.2 18 260   M    M   2 12     24 250
15  74  43  59  -3   6   0 0.00  0.0    0  4.3 13 230   M    M   0        16 210
16  75  52  64   2   1   0 0.00  0.0    0  6.4 13 230   M    M   0        17 220
17  76  53  65   3   0   0 0.10  0.0    0  9.1 20 290   M    M   5 13     25 190
18  62  45  54  -7  11   0 0.11  0.0    0 10.0 28 320   M    M   8 18     40 320
19  67  40  54  -7  11   0 0.02  0.0    0 13.9 35 200   M    M   4 3      45 210
20  68  49  59  -1   6   0    T  0.0    0 10.4 29 200   M    M   3 3      39 220
21  68  48  58  -2   7   0 0.13  0.0    0  9.9 24 300   M    M   6 3      38 300
22  62  47  55  -5  10   0 0.04  0.0    0  5.9 24 330   M    M   5 13     31 320
23  55  44  50  -9  15   0    T  0.0    0  7.0 16 320   M    M   8        22 290
24  67  43  55  -4  10   0 0.00  0.0    0 15.7 29 210   M    M   2        39 210
25  71  52  62   4   3   0 0.00  0.0    0 12.2 23 220   M    M   1        31 220
26  69  50  60   2   5   0 0.00  0.0    0  7.4 16 290   M    M   2        20 280
27  68  48  58   0   7   0 0.00  0.0    0  8.4 17  70   M    M   6        21  70
28  69  46  58   1   7   0 0.00  0.0    0  4.9 14 290   M    M   3        17 290
29  71  42  57   0   8   0 0.00  0.0    0  5.9 15 340   M    M   1        20 290
30  69  46  58   2   7   0 0.00  0.0    0  6.9 16  80   M    M   1        22  70
================================================================================
SM 2201 1567       130  74  1.03     0.0 235.6          M       94
================================================================================
AV 73.4 52.2                               7.9 FASTST   M    M   3    MAX(MPH)
                                 MISC ---->  # 35 200               # 45  210
================================================================================
NOTES:
# LAST OF SEVERAL OCCURRENCES

COLUMN 17 PEAK WIND IN M.P.H.

PRELIMINARY LOCAL CLIMATOLOGICAL DATA (WS FORM: F-6) , PAGE 2

                                          STATION:  MUSKEGON MI
                                          MONTH:    SEPTEMBER
                                          YEAR:     2012
                                          LATITUDE:   43 10 N
                                          LONGITUDE:  86 14 W

[TEMPERATURE DATA]      [PRECIPITATION DATA]       SYMBOLS USED IN COLUMN 16

AVERAGE MONTHLY: 62.8   TOTAL FOR MONTH:   1.03    1 = FOG OR MIST
DPTR FM NORMAL:   0.7   DPTR FM NORMAL:   -2.86    2 = FOG REDUCING VISIBILITY
HIGHEST:    89 ON  3, 2 GRTST 24HR  0.26 ON  4- 4      TO 1/4 MILE OR LESS
LOWEST:     40 ON 19                               3 = THUNDER
                        SNOW, ICE PELLETS, HAIL    4 = ICE PELLETS
                        TOTAL MONTH:   0.0 INCH    5 = HAIL
                        GRTST 24HR     0.0         6 = FREEZING RAIN OR DRIZZLE
                        GRTST DEPTH:   0           7 = DUSTSTORM OR SANDSTORM:
                                                       VSBY 1/2 MILE OR LESS
                                                   8 = SMOKE OR HAZE
[NO. OF DAYS WITH]      [WEATHER - DAYS WITH]      9 = BLOWING SNOW
                                                   X = TORNADO
MAX 32 OR BELOW:   0    0.01 INCH OR MORE:  10
MAX 90 OR ABOVE:   0    0.10 INCH OR MORE:   5
MIN 32 OR BELOW:   0    0.50 INCH OR MORE:   0
MIN  0 OR BELOW:   0    1.00 INCH OR MORE:   0

[HDD (BASE 65) ]
TOTAL THIS MO.   130    CLEAR  (SCALE 0-3)  17
DPTR FM NORMAL   -13    PTCLDY (SCALE 4-7)  11
TOTAL FM JUL 1   142    CLOUDY (SCALE 8-10)  2
DPTR FM NORMAL   -31

[CDD (BASE 65) ]
TOTAL THIS MO.    74
DPTR FM NORMAL    20    [PRESSURE DATA]
TOTAL FM JAN 1   925    HIGHEST SLP 30.34 ON 15
DPTR FM NORMAL   364    LOWEST  SLP 29.72 ON 21

[REMARKS]
#FINAL-09-12#
