000
CXUS53 KGRR 171616
CF6MKG
PRELIMINARY LOCAL CLIMATOLOGICAL DATA (WS FORM: F-6)

                                          STATION:   MUSKEGON MI
                                          MONTH:     APRIL
                                          YEAR:      2011
                                          LATITUDE:   43 10 N
                                          LONGITUDE:  86 14 W

  TEMPERATURE IN F:       :PCPN:    SNOW:  WIND      :SUNSHINE: SKY     :PK WND
================================================================================
1   2   3   4   5  6A  6B    7    8   9   10  11  12  13   14  15   16   17  18
                                     12Z  AVG MX 2MIN
DY MAX MIN AVG DEP HDD CDD  WTR  SNW DPTH SPD SPD DIR MIN PSBL S-S WX    SPD DR
================================================================================

 1  48  22  35  -5  30   0 0.00  0.0    0  4.2 16 230   M    M   1 18     18 220
 2  47  27  37  -3  28   0 0.01  0.0    0  7.2 20 320   M    M   6 128    26 330
 3  45  28  37  -3  28   0 0.59    T    0 12.8 28 120   M    M   8 134    36 110
 4  50  38  44   3  21   0 0.32  0.0    0 12.7 25 330   M    M   7 138    33 340
 5  44  35  40  -1  25   0 0.00  0.0    0 10.8 24 330   M    M   4        31 340
 6  48  39  44   3  21   0 0.14  0.0    0  4.6 17 220   M    M   9 18     22 240
 7  57  34  46   4  19   0 0.00  0.0    0  5.2 14 130   M    M   3 128    16 100
 8  60  43  52  10  13   0 0.02  0.0    0  9.4 17  60   M    M   6        28 180
 9  64  38  51   9  14   0 0.00  0.0    0  7.0 16 120   M    M   1 18     22 120
10  78  58  68  25   0   3    T  0.0    0 19.4 35 200   M    M   3 18     49 190
11  64  44  54  11  11   0    T  0.0    0 15.5 30 210   M    M   5 3      44 220
12  59  37  48   4  17   0 0.00  0.0    0  7.2 16 280   M    M   0        23  60
13  58  32  45   1  20   0 0.00  0.0    0  4.8 14 340   M    M   1        16 340
14  57  37  47   3  18   0 0.04  0.0    0 10.7 22  80   M    M   8        26  70
15  52  35  44  -1  21   0 0.14  0.0    0 23.8 36  80   M    M   3        46  70
16  52  34  43  -2  22   0 0.37    T    0 14.7 26 290   M    M  10 1      36 270
17  44  32  38  -7  27   0    T  0.0    0 14.3 28 290   M    M   5        44 250
18  43  30  37  -9  28   0 0.05  0.8    T  6.0 14  50   M    M   7 1      18  50
19  39  35  37  -9  28   0 0.80    T    0 16.7 32  70   M    M  10 134    41  70
20  45  36  41  -6  24   0 0.05  0.0    0 10.6 22 290   M    M   8 1      28 290
21  52  36  44  -3  21   0 0.00  0.0    0  7.8 14 140   M    M   4        20 280
22  47  40  44  -3  21   0 0.56  0.0    0 15.9 25 100   M    M  10 13     33  90
23  56  41  49   1  16   0 0.00  0.0    0  8.3 16 220   M    M   8 1      23 230
24  60  43  52   4  13   0 0.00  0.0    0  3.9 12 280   M    M   6        17 130
25  66  43  55   7  10   0    T  0.0    0  8.2 23  80   M    M   4        30  90
26  65  48  57   8   8   0 1.07  0.0    0 17.8 30 180   M    M   8 13     39 200
27  57  45  51   2  14   0 0.57  0.0    0  6.6 17 240   M    M   7 1      20 250
28  48  38  43  -7  22   0 0.28  0.0    0 12.3 18 230   M    M  10 1      28 230
29  56  38  47  -3  18   0    T  0.0    0  7.2 16 280   M    M   2        21 290
30  67  37  52   2  13   0 0.00  0.0    0 16.8 31 120   M    M   3        38 110
================================================================================
SM 1628 1123       571   3  5.01     0.8 322.4          M      167
================================================================================
AV 54.3 37.4                              10.7 FASTST   M    M   6    MAX(MPH)
                                 MISC ---->  # 36  80               # 49  190
================================================================================
NOTES:
# LAST OF SEVERAL OCCURRENCES

COLUMN 17 PEAK WIND IN M.P.H.

PRELIMINARY LOCAL CLIMATOLOGICAL DATA (WS FORM: F-6) , PAGE 2

                                          STATION:  MUSKEGON MI
                                          MONTH:    APRIL
                                          YEAR:     2011
                                          LATITUDE:   43 10 N
                                          LONGITUDE:  86 14 W

[TEMPERATURE DATA]      [PRECIPITATION DATA]       SYMBOLS USED IN COLUMN 16

AVERAGE MONTHLY: 45.8   TOTAL FOR MONTH:   5.01    1 = FOG OR MIST
DPTR FM NORMAL:   0.9   DPTR FM NORMAL:    2.10    2 = FOG REDUCING VISIBILITY
HIGHEST:    78 ON 10    GRTST 24HR  1.07 ON 26-26      TO 1/4 MILE OR LESS
LOWEST:     22 ON  1                               3 = THUNDER
                        SNOW, ICE PELLETS, HAIL    4 = ICE PELLETS
                        TOTAL MONTH:   0.8 INCH    5 = HAIL
                        GRTST 24HR   0.8 ON   M    6 = FREEZING RAIN OR DRIZZLE
                        GRTST DEPTH:   T           7 = DUSTSTORM OR SANDSTORM:
                                                       VSBY 1/2 MILE OR LESS
                                                   8 = SMOKE OR HAZE
[NO. OF DAYS WITH]      [WEATHER - DAYS WITH]      9 = BLOWING SNOW
                                                   X = TORNADO
MAX 32 OR BELOW:   0    0.01 INCH OR MORE:  15
MAX 90 OR ABOVE:   0    0.10 INCH OR MORE:  10
MIN 32 OR BELOW:   6    0.50 INCH OR MORE:   5
MIN  0 OR BELOW:   0    1.00 INCH OR MORE:   1

[HDD (BASE 65) ]
TOTAL THIS MO.   571    CLEAR  (SCALE 0-3)   8
DPTR FM NORMAL   -31    PTCLDY (SCALE 4-7)  17
TOTAL FM JUL 1  6218    CLOUDY (SCALE 8-10)  5
DPTR FM NORMAL  -351

[CDD (BASE 65) ]
TOTAL THIS MO.     3
DPTR FM NORMAL    -1    [PRESSURE DATA]
TOTAL FM JAN 1     3    HIGHEST SLP 30.43 ON 21
DPTR FM NORMAL    -1    LOWEST  SLP 29.19 ON  4

[REMARKS]
#FINAL-04-11#
