000
CXUS53 KGRR 011017
CF6MKG
PRELIMINARY LOCAL CLIMATOLOGICAL DATA (WS FORM: F-6)

                                          STATION:   MUSKEGON MI
                                          MONTH:     FEBRUARY
                                          YEAR:      2011
                                          LATITUDE:   43 10 N
                                          LONGITUDE:  86 14 W

  TEMPERATURE IN F:       :PCPN:    SNOW:  WIND      :SUNSHINE: SKY     :PK WND
================================================================================
1   2   3   4   5  6A  6B    7    8   9   10  11  12  13   14  15   16   17  18
                                     12Z  AVG MX 2MIN
DY MAX MIN AVG DEP HDD CDD  WTR  SNW DPTH SPD SPD DIR MIN PSBL S-S WX    SPD DR
================================================================================

 1  23  16  20  -3  45   0 0.30  4.7   15 16.1 31  60   M    M  10 1289   41  50
 2  26  13  20  -3  45   0 0.39  9.1   23 13.8 26  30   M    M   9 1289   37  30
 3  25  18  22  -1  43   0 0.00  0.0   24 16.4 30 240   M    M   1 89     39 250
 4  31  21  26   2  39   0 0.00  0.0   24 18.8 28 250   M    M   5 9      38 250
 5  35  14  25   1  40   0 0.00  0.0   24  6.3 22 230   M    M   3        26 230
 6  32  27  30   6  35   0 0.18  2.3   24  4.2 10 200   M    M  10 128    13 200
 7  30  20  25   1  40   0    T    T   26  8.1 14 330   M    M  10 1      16  20
 8  20   1  11 -13  54   0 0.04  0.6   24  8.9 24 330   M    M   9 189    33 320
 9  22  14  18  -6  47   0 0.01  0.3   24 15.0 22 290   M    M   6        30 290
10  21  13  17  -7  48   0    T  0.1   24 13.1 22 200   M    M   9        29 210
11  30  19  25   1  40   0 0.14  2.1   24 13.1 23 250   M    M   9 1      30 260
12  35  28  32   7  33   0 0.03  0.3   24 13.9 29 290   M    M   7 18     40 280
13  40  34  37  12  28   0 0.00  0.0   24 16.6 28 200   M    M   0 8      37 210
14  41  18  30   5  35   0 0.00  0.0   19 14.8 33 330   M    M   5        43 350
15  39  14  27   2  38   0    T  0.0   17  9.6 21 150   M    M   1        26 140
16  42  34  38  13  27   0 0.02  0.0   17 10.4 18 190   M    M   6 128    24 190
17  53  37  45  19  20   0 0.01  0.0   14 22.0 30 190   M    M  10 18     40 190
18  47  33  40  14  25   0 0.00  0.0    8 17.7 25 280   M    M   1 18     37 290
19  36  23  30   4  35   0 0.00  0.0    0 10.2 23 290   M    M   0        32 280
20  34  23  29   3  36   0 1.01  8.6    0 12.6 23  70   M    M   9 124    30  70
21  29  18  24  -3  41   0 0.21  2.0    9 19.6 31  70   M    M  10 189    43  70
22  29  14  22  -5  43   0 0.00  0.0    9  8.5 18  70   M    M   3        23 110
23  27   5  16 -11  49   0 0.01  0.1    8  6.9 15 130   M    M   3 18     17 140
24  36  26  31   4  34   0 0.01  0.2    8  4.1 13  40   M    M   9 18     17  40
25  32  22  27  -1  38   0    T    T    7 10.1 20 340   M    M   7        25  10
26  27  21  24  -4  41   0 0.27  5.6    8  1.4  8  20   M    M  10 1       9  20
27  35  24  30   2  35   0 0.01  0.2   12  2.9 15 220   M    M  10 18     17 220
28  34  13  24  -5  41   0 0.03  0.2    9  9.9 22 350   M    M   5 16     26 360
================================================================================
SM  911  563      1075   0  2.67    36.4 325.0          M      177
================================================================================
AV 32.5 20.1                              11.6 FASTST   M    M   6    MAX(MPH)
                                 MISC ---->  # 33 330               # 43  350
================================================================================
NOTES:
# LAST OF SEVERAL OCCURRENCES

COLUMN 17 PEAK WIND IN M.P.H.

PRELIMINARY LOCAL CLIMATOLOGICAL DATA (WS FORM: F-6) , PAGE 2

                                          STATION:  MUSKEGON MI
                                          MONTH:    FEBRUARY
                                          YEAR:     2011
                                          LATITUDE:   43 10 N
                                          LONGITUDE:  86 14 W

[TEMPERATURE DATA]      [PRECIPITATION DATA]       SYMBOLS USED IN COLUMN 16

AVERAGE MONTHLY: 26.3   TOTAL FOR MONTH:   2.67    1 = FOG OR MIST
DPTR FM NORMAL:   0.9   DPTR FM NORMAL:    1.09    2 = FOG REDUCING VISIBILITY
HIGHEST:    53 ON 17    GRTST 24HR  1.01 ON 20-20      TO 1/4 MILE OR LESS
LOWEST:      1 ON  8                               3 = THUNDER
                        SNOW, ICE PELLETS, HAIL    4 = ICE PELLETS
                        TOTAL MONTH:  36.4 INCHES  5 = HAIL
                        GRTST 24HR   9.1 ON   M    6 = FREEZING RAIN OR DRIZZLE
                        GRTST DEPTH:  26 ON  7     7 = DUSTSTORM OR SANDSTORM:
                                                       VSBY 1/2 MILE OR LESS
                                                   8 = SMOKE OR HAZE
[NO. OF DAYS WITH]      [WEATHER - DAYS WITH]      9 = BLOWING SNOW
                                                   X = TORNADO
MAX 32 OR BELOW:  15    0.01 INCH OR MORE:  16
MAX 90 OR ABOVE:   0    0.10 INCH OR MORE:   7
MIN 32 OR BELOW:  24    0.50 INCH OR MORE:   1
MIN  0 OR BELOW:   0    1.00 INCH OR MORE:   1

[HDD (BASE 65) ]
TOTAL THIS MO.  1075    CLEAR  (SCALE 0-3)   6
DPTR FM NORMAL   -49    PTCLDY (SCALE 4-7)   9
TOTAL FM JUL 1  4671    CLOUDY (SCALE 8-10) 13
DPTR FM NORMAL  -328

[CDD (BASE 65) ]
TOTAL THIS MO.     0
DPTR FM NORMAL     0    [PRESSURE DATA]
TOTAL FM JAN 1     0    HIGHEST SLP 30.43 ON 19
DPTR FM NORMAL     0    LOWEST  SLP 29.34 ON 13

[REMARKS]
#FINAL-02-11#
