000
CXUS53 KGRR 011308
CF6MKG
PRELIMINARY LOCAL CLIMATOLOGICAL DATA (WS FORM: F-6)

                                          STATION:   MUSKEGON MI
                                          MONTH:     NOVEMBER
                                          YEAR:      2010
                                          LATITUDE:   43 10 N
                                          LONGITUDE:  86 14 W

  TEMPERATURE IN F:       :PCPN:    SNOW:  WIND      :SUNSHINE: SKY     :PK WND
================================================================================
1   2   3   4   5  6A  6B    7    8   9   10  11  12  13   14  15   16   17  18
                                     12Z  AVG MX 2MIN
DY MAX MIN AVG DEP HDD CDD  WTR  SNW DPTH SPD SPD DIR MIN PSBL S-S WX    SPD DR
================================================================================

 1  53  28  41  -3  24   0 0.00  0.0    0  1.9  9 280   M    M   0        12 280
 2  53  27  40  -4  25   0 0.00  0.0    0  2.4  8 250   M    M   1        10 250
 3  52  33  43   0  22   0    T  0.0    0 10.4 25 220   M    M   6 1      31 220
 4  48  37  43   0  22   0 0.11  0.0    0  9.3 17  10   M    M   7 1      23  20
 5  41  30  36  -6  29   0 0.01    T    0 11.8 25 340   M    M   7        31 320
 6  45  28  37  -5  28   0 0.00  0.0    0  5.0 14 210   M    M   6        17 210
 7  53  36  45   3  20   0 0.00  0.0    0 11.8 23 210   M    M   0        32 210
 8  64  33  49   8  16   0 0.00  0.0    0  4.6 13 140   M    M   0 8      15 130
 9  65  38  52  11  13   0 0.00  0.0    0  8.4 15 100   M    M   0 8      20 110
10  63  42  53  12  12   0 0.00  0.0    0 10.0 16 110   M    M   0 8      20 100
11  65  43  54  14  11   0 0.02  0.0    0  7.6 16 200   M    M   3 18     22 210
12  62  51  57  17   8   0    T  0.0    0  6.9 14  80   M    M   9 8      17  70
13  58  45  52  12  13   0 0.04  0.0    0 14.4 24 210   M    M   8 18     31 220
14  46  42  44   5  21   0 0.01  0.0    0 19.2 28 240   M    M  10        38 250
15  51  41  46   7  19   0 0.02  0.0    0  9.8 22 240   M    M   6        29 250
16  53  34  44   5  21   0 0.00  0.0    0  7.0 13  70   M    M   2 18     15 360
17  51  37  44   6  21   0    T  0.0    0  6.2 15 330   M    M   8 3      30 330
18  44  34  39   1  26   0 0.05    T    0  5.9 15 340   M    M   9 1      20  10
19  49  32  41   4  24   0 0.00  0.0    0 13.5 28 190   M    M   8        39 190
20  45  33  39   2  26   0 0.00  0.0    0  7.9 15 330   M    M   2        22 270
21  57  34  46   9  19   0 0.02  0.0    0 12.9 22 190   M    M   9 18     32 190
22  64  48  56  20   9   0 0.35  0.0    0 14.6 32 180   M    M  10 13     44 180
23  48  29  39   3  26   0 0.00  0.0    0 14.2 25 280   M    M  10        35 280
24  37  25  31  -5  34   0 0.11    T    0 12.7 25 100   M    M   4 14     33 110
25  44  27  36   1  29   0 0.05  0.0    0 12.5 26 290   M    M   9 1      38 290
26  33  26  30  -5  35   0 0.00  0.0    0 19.0 30 280   M    M  10        40 260
27  36  30  33  -2  32   0 0.00  0.0    0  8.8 20 300   M    M  10        28 310
28  43  24  34   0  31   0 0.00  0.0    0  8.3 16 180   M    M   3 1      22 180
29  51  30  41   7  24   0 0.22  0.0    0 12.1 22 130   M    M   4 1      29 130
30  51  33  42   9  23   0 0.45    T    0 17.3 29 210   M    M  10 18     37 220
================================================================================
SM 1525 1030       663   0  1.46    T    306.4          M      171
================================================================================
AV 50.8 34.3                              10.2 FASTST   M    M   6    MAX(MPH)
                                 MISC ---->  # 32 180               # 44  180
================================================================================
NOTES:
# LAST OF SEVERAL OCCURRENCES

COLUMN 17 PEAK WIND IN M.P.H.

PRELIMINARY LOCAL CLIMATOLOGICAL DATA (WS FORM: F-6) , PAGE 2

                                          STATION:  MUSKEGON MI
                                          MONTH:    NOVEMBER
                                          YEAR:     2010
                                          LATITUDE:   43 10 N
                                          LONGITUDE:  86 14 W

[TEMPERATURE DATA]      [PRECIPITATION DATA]       SYMBOLS USED IN COLUMN 16

AVERAGE MONTHLY: 42.6   TOTAL FOR MONTH:   1.46    1 = FOG OR MIST
DPTR FM NORMAL:   3.9   DPTR FM NORMAL:   -1.77    2 = FOG REDUCING VISIBILITY
HIGHEST:    65 ON 11, 9 GRTST 24HR  0.66 ON 29-30      TO 1/4 MILE OR LESS
LOWEST:     24 ON 28                               3 = THUNDER
                        SNOW, ICE PELLETS, HAIL    4 = ICE PELLETS
                        TOTAL MONTH:    T          5 = HAIL
                        GRTST 24HR    T  ON 30-30  6 = FREEZING RAIN OR DRIZZLE
                        GRTST DEPTH:   0           7 = DUSTSTORM OR SANDSTORM:
                                                       VSBY 1/2 MILE OR LESS
                                                   8 = SMOKE OR HAZE
[NO. OF DAYS WITH]      [WEATHER - DAYS WITH]      9 = BLOWING SNOW
                                                   X = TORNADO
MAX 32 OR BELOW:   0    0.01 INCH OR MORE:  13
MAX 90 OR ABOVE:   0    0.10 INCH OR MORE:   5
MIN 32 OR BELOW:  12    0.50 INCH OR MORE:   0
MIN  0 OR BELOW:   0    1.00 INCH OR MORE:   0

[HDD (BASE 65) ]
TOTAL THIS MO.   663    CLEAR  (SCALE 0-3)   9
DPTR FM NORMAL  -121    PTCLDY (SCALE 4-7)   9
TOTAL FM JUL 1  1156    CLOUDY (SCALE 8-10) 12
DPTR FM NORMAL  -314

[CDD (BASE 65) ]
TOTAL THIS MO.     0
DPTR FM NORMAL     0    [PRESSURE DATA]
TOTAL FM JAN 1   893    HIGHEST SLP 30.54 ON  2
DPTR FM NORMAL   406    LOWEST  SLP 29.51 ON 30

[REMARKS]
#FINAL-11-10#
