000
CXUS55 KJKL 011000
CF6LOZ
PRELIMINARY LOCAL CLIMATOLOGICAL DATA (WS FORM: F-6)

                                          STATION:   LONDON KY
                                          MONTH:     SEPTEMBER
                                          YEAR:      2012
                                          LATITUDE:   37  4 N
                                          LONGITUDE:  84  5 W

  TEMPERATURE IN F:       :PCPN:    SNOW:  WIND      :SUNSHINE: SKY     :PK WND
================================================================================
1   2   3   4   5  6A  6B    7    8   9   10  11  12  13   14  15   16   17  18
                                     12Z  AVG MX 2MIN
DY MAX MIN AVG DEP HDD CDD  WTR  SNW DPTH SPD SPD DIR MIN PSBL S-S WX    SPD DR
================================================================================

 1  86  71  79   6   0  14 0.30    M    M  3.3 18 220   M    M   1 1      24 220
 2  85  70  78   5   0  13 1.72    M    M  5.1 33 210   M    M   4 123    51 190
 3  78  69  74   1   0   9 0.14    M    M  3.7 10 170   M    M   9 1      15 180
 4  86  68  77   5   0  12 0.00    M    M  1.3  8 290   M    M   8        10 220
 5  87  69  78   6   0  13 0.42    M    M  3.2 21 300   M    M   5 13     28  10
 6  82  67  75   3   0  10 0.00    M    M  1.9  8  60   M    M   6 1      12  10
 7  87  63  75   3   0  10 0.00    M    M  2.3  9 240   M    M   1 12     15 230
 8  75  57  66  -5   0   1 0.27    M    M  4.6 17 330   M    M   5 1      23 360
 9  76  53  65  -6   0   0 0.00    M    M  2.0 12 280   M    M   3 1      15 300
10  77  52  65  -5   0   0 0.00    M    M  2.5 12  20   M    M   1        16  30
11  79  50  65  -5   0   0 0.00    M    M  1.4  9 150   M    M   0        14 150
12  80  56  68  -2   0   3 0.00    M    M  1.1  9 260   M    M   3 1      12 250
13  80  58  69   0   0   4 0.00    M    M  0.9 10 270   M    M   3 1      15 270
14  81  58  70   1   0   5 0.00    M    M  1.9 10 280   M    M   3 12     14 290
15  74  58  66  -3   0   1 0.00    M    M  3.9 10  20   M    M   5 1      16 130
16  75  60  68   0   0   3    T    M    M  1.0  7 340   M    M   6 1       9 350
17  67  61  64  -4   1   0 3.57    M    M  2.4 12  20   M    M   9 1      15  30
18  67  50  59  -9   6   0 0.35    M    M  4.4 15 330   M    M   8 1      22 330
19  68  45  57 -10   8   0 0.00    M    M  2.8 10 120   M    M   0 1      15 100
20  77  44  61  -6   4   0 0.00    M    M  3.1 15 230   M    M   0        20 260
21  78  52  65  -1   0   0 0.00    M    M  4.5 14 250   M    M   2 1      17 250
22  75  52  64  -2   1   0 0.00    M    M  8.3 21 260   M    M   2        28 270
23  65  39  52 -14  13   0 0.00    M    M  2.2 10 290   M    M   0        15 300
24  67  37  52 -13  13   0 0.00    M    M  1.6  9 120   M    M   0        13 100
25  66  45  56  -9   9   0 1.06    M    M  2.8 22 350   M    M   4 13     30 340
26  81  52  67   3   0   2 0.00    M    M  3.3 14 240   M    M   0 1      21 240
27  78  59  69   5   0   4 0.01    M    M  2.3 14 280   M    M   6 1      18 240
28  69  61  65   1   0   0 0.57    M    M  2.0 14 300   M    M   8 123    20 310
29  72  52  62  -1   3   0 0.01    M    M  3.5 14  20   M    M   7 12     16  30
30  72  48  60  -3   5   0 0.00    M    M  1.1  8 200   M    M   4 12     10 230
================================================================================
SM 2290 1676        63 104  8.42    M     84.4          M      113
================================================================================
AV 76.3 55.9                               2.8 FASTST   M    M   4    MAX(MPH)
                                 MISC ---->  # 33 210               # 51  190
================================================================================
NOTES:
# LAST OF SEVERAL OCCURRENCES

COLUMN 17 PEAK WIND IN M.P.H.

PRELIMINARY LOCAL CLIMATOLOGICAL DATA (WS FORM: F-6) , PAGE 2

                                          STATION:  LONDON KY
                                          MONTH:    SEPTEMBER
                                          YEAR:     2012
                                          LATITUDE:   37  4 N
                                          LONGITUDE:  84  5 W

[TEMPERATURE DATA]      [PRECIPITATION DATA]       SYMBOLS USED IN COLUMN 16

AVERAGE MONTHLY: 66.1   TOTAL FOR MONTH:   8.42    1 = FOG OR MIST
DPTR FM NORMAL:  -2.2   DPTR FM NORMAL:    5.05    2 = FOG REDUCING VISIBILITY
HIGHEST:    87 ON  7, 5 GRTST 24HR  3.81 ON 17-18      TO 1/4 MILE OR LESS
LOWEST:     37 ON 24                               3 = THUNDER
                        SNOW, ICE PELLETS, HAIL    4 = ICE PELLETS
                        TOTAL MONTH:    M          5 = HAIL
                        GRTST 24HR    M  ON   M    6 = FREEZING RAIN OR DRIZZLE
                        GRTST DEPTH:  M  ON   M    7 = DUSTSTORM OR SANDSTORM:
                                                       VSBY 1/2 MILE OR LESS
                                                   8 = SMOKE OR HAZE
[NO. OF DAYS WITH]      [WEATHER - DAYS WITH]      9 = BLOWING SNOW
                                                   X = TORNADO
MAX 32 OR BELOW:   0    0.01 INCH OR MORE:  11
MAX 90 OR ABOVE:   0    0.10 INCH OR MORE:   9
MIN 32 OR BELOW:   0    0.50 INCH OR MORE:   4
MIN  0 OR BELOW:   0    1.00 INCH OR MORE:   3

[HDD (BASE 65) ]
TOTAL THIS MO.    63    CLEAR  (SCALE 0-3)  15
DPTR FM NORMAL    17    PTCLDY (SCALE 4-7)  13
TOTAL FM JUL 1    63    CLOUDY (SCALE 8-10)  2
DPTR FM NORMAL    16

[CDD (BASE 65) ]
TOTAL THIS MO.   104
DPTR FM NORMAL   -39    [PRESSURE DATA]
TOTAL FM JAN 1  1222    HIGHEST SLP 30.34 ON 13
DPTR FM NORMAL    55    LOWEST  SLP 29.67 ON 18

[REMARKS]
#FINAL-09-12#
