000
CXUS53 KJKL 011310
CF6LOZ
PRELIMINARY LOCAL CLIMATOLOGICAL DATA (WS FORM: F-6)
STATION: LONDON KY
MONTH: AUGUST
YEAR: 2022
LATITUDE: 37 4 N
LONGITUDE: 84 5 W
TEMPERATURE IN F: :PCPN: SNOW: WIND :SUNSHINE: SKY :PK WND
================================================================================
1 2 3 4 5 6A 6B 7 8 9 10 11 12 13 14 15 16 17 18
12Z AVG MX 2MIN
DY MAX MIN AVG DEP HDD CDD WTR SNW DPTH SPD SPD DIR MIN PSBL S-S WX SPD DR
================================================================================
1 84 72 78 2 0 13 0.02 M M 8.8 17 240 M M 8 26 210
2 86 71 79 3 0 14 0.00 M M 4.6 14 250 M M 3 19 240
3 90 68 79 3 0 14 0.00 M M 3.3 13 200 M M 2 3 21 180
4 88 67 78 2 0 13 0.11 M M 3.9 21 200 M M 2 38 35 200
5 85 71 78 2 0 13 0.16 M M 3.3 18 160 M M 3 13 29 170
6 83 68 76 0 0 11 1.11 M M 3.5 14 30 M M 5 13 21 240
7 89 66 78 2 0 13 0.05 M M 3.3 12 10 M M 2 3 17 350
8 89 67 78 2 0 13 0.00 M M 3.9 12 230 M M 1 16 240
9 88 71 80 4 0 15 0.00 M M 4.0 13 210 M M 1 3 16 220
10 82 69 76 0 0 11 0.48 M M 2.3 18 200 M M 5 13 31 190
11 85 67 76 0 0 11 0.26 M M 2.4 12 360 M M 6 1 21 360
12 80 62 71 -5 0 6 0.00 M M 5.8 15 30 M M 3 1 20 30
13 83 57 70 -6 0 5 0.00 M M 3.3 9 100 M M 1 15 320
14 83 64 74 -2 0 9 0.02 M M 3.6 16 200 M M 4 1 21 200
15 84 67 76 0 0 11 0.00 M M 5.0 16 10 M M 5 22 10
16 80 64 72 -3 0 7 0.00 M M 3.6 12 340 M M 1 1 16 340
17 82 59 71 -4 0 6 0.00 M M 2.2 9 20 M M 3 1 13 40
18 83 59 71 -4 0 6 0.00 M M 1.9 8 30 M M 2 12 13 50
19 86 60 73 -2 0 8 0.00 M M 2.3 10 230 M M 2 13 15 250
20 82 65 74 -1 0 9 T M M 3.6 13 180 M M 4 3 18 170
21 78 69 74 -1 0 9 0.01 M M 3.7 13 220 M M 6 19 230
22 84 67 76 1 0 11 0.00 M M 3.9 13 290 M M 5 1 17 300
23 84 60 72 -3 0 7 0.00 M M 2.0 8 50 M M 4 12 11 40
24 86 59 73 -2 0 8 0.00 M M 1.9 9 30 M M 1 14 40
25 88 60 74 0 0 9 T M M 2.1 9 290 M M 2 1 M M
26 89 67 78 4 0 13 0.12 M M 2.8 10 110 M M 3 13 21 310
27 87 65 76 2 0 11 0.00 M M 2.0 9 90 M M 3 1 13 70
28 90 66 78 4 0 13 0.00 M M 3.0 12 180 M M 1 1 23 220
29 90 68 79 5 0 14 0.00 M M 3.7 13 240 M M 1 19 230
30 85 65 75 1 0 10 0.03 M M 5.2 18 270 M M 4 1 22 270
31 83 58 71 -2 0 6 0.00 M M 2.6 12 260 M M 1 12 18 260
================================================================================
SM 2636 2018 0 319 2.37 M 107.5 M 94
================================================================================
AV 85.0 65.1 3.5 FASTST M M 3 MAX(MPH)
MISC ----> 21 200 35 200
================================================================================
NOTES:
# LAST OF SEVERAL OCCURRENCES
COLUMN 17 PEAK WIND IN M.P.H.
PRELIMINARY LOCAL CLIMATOLOGICAL DATA (WS FORM: F-6) , PAGE 2
STATION: LONDON KY
MONTH: AUGUST
YEAR: 2022
LATITUDE: 37 4 N
LONGITUDE: 84 5 W
[TEMPERATURE DATA] [PRECIPITATION DATA] SYMBOLS USED IN COLUMN 16
AVERAGE MONTHLY: 75.1 TOTAL FOR MONTH: 2.37 1 = FOG OR MIST
DPTR FM NORMAL: -0.1 DPTR FM NORMAL: -1.60 2 = FOG REDUCING VISIBILITY
HIGHEST: 90 ON 29,28 GRTST 24HR 1.15 ON 5- 6 TO 1/4 MILE OR LESS
LOWEST: 57 ON 13 3 = THUNDER
SNOW, ICE PELLETS, HAIL 4 = ICE PELLETS
TOTAL MONTH: M 5 = HAIL
GRTST 24HR M ON M 6 = FREEZING RAIN OR DRIZZLE
GRTST DEPTH: M ON M 7 = DUSTSTORM OR SANDSTORM:
VSBY 1/2 MILE OR LESS
8 = SMOKE OR HAZE
[NO. OF DAYS WITH] [WEATHER - DAYS WITH] 9 = BLOWING SNOW
X = TORNADO
MAX 32 OR BELOW: 0 0.01 INCH OR MORE: 11
MAX 90 OR ABOVE: 3 0.10 INCH OR MORE: 6
MIN 32 OR BELOW: 0 0.50 INCH OR MORE: 1
MIN 0 OR BELOW: 0 1.00 INCH OR MORE: 1
[HDD (BASE 65) ]
TOTAL THIS MO. 0 CLEAR (SCALE 0-3) 17
DPTR FM NORMAL -1 PTCLDY (SCALE 4-7) 14
TOTAL FM JUL 1 0 CLOUDY (SCALE 8-10) 0
DPTR FM NORMAL 0
[CDD (BASE 65) ]
TOTAL THIS MO. 319
DPTR FM NORMAL 2 [PRESSURE DATA]
TOTAL FM JAN 1 1156 HIGHEST SLP 30.28 ON 6
DPTR FM NORMAL 116 LOWEST SLP 29.86 ON 15
[REMARKS]
#FINAL-08-22#