000
CDUS43 KARX 012245
CLIRST


CLIMATE REPORT
NATIONAL WEATHER SERVICE LA CROSSE WI
445 PM CST WED FEB 1 2017


...................................

...THE ROCHESTER MN CLIMATE SUMMARY FOR FEBRUARY 1 2017...
VALID TODAY AS OF 0445 PM LOCAL TIME.

CLIMATE NORMAL PERIOD 1981 TO 2010
CLIMATE RECORD PERIOD 1886 TO 2017


WEATHER ITEM   OBSERVED TIME   RECORD YEAR NORMAL DEPARTURE LAST
                VALUE   (LST)  VALUE       VALUE  FROM      YEAR
                                                  NORMAL
..................................................................
TEMPERATURE (F)
 TODAY
  MAXIMUM         28    127 AM  53    1931  25      3       30
  MINIMUM         13    440 PM -31    1918   8      5       19
  AVERAGE         21                        16      5       25

PRECIPITATION (IN)
  TODAY            0.01          0.56 1933   0.03  -0.02     0.00
  MONTH TO DATE    0.01                      0.03  -0.02     0.00
  SINCE DEC 1      4.20                      2.12   2.08     3.96
  SINCE JAN 1      2.13                      0.89   1.24     0.75

SNOWFALL (IN)
  TODAY            0.1           5.0  1915   0.4   -0.3      0.0
  MONTH TO DATE    0.1                       0.4   -0.3      0.0
  SINCE JUL 1     34.0                      31.8    2.2     21.4
  SNOW DEPTH      10

DEGREE DAYS
 HEATING
  TODAY           44                        48     -4       40
  MONTH TO DATE   44                        48     -4       40
  SINCE JUL 1   4047                      4656   -609     4017

 COOLING
  TODAY            0                         0      0        0
  MONTH TO DATE    0                         0      0        0
  SINCE JAN 1      0                         0      0        0
..................................................................


WIND (MPH)
  HIGHEST WIND SPEED    25   HIGHEST WIND DIRECTION    NW (300)
  HIGHEST GUST SPEED    30   HIGHEST GUST DIRECTION    NW (310)
  AVERAGE WIND SPEED    17.1


SKY COVER
  POSSIBLE SUNSHINE  MM
  AVERAGE SKY COVER 0.3


WEATHER CONDITIONS
 THE FOLLOWING WEATHER WAS RECORDED TODAY.
  LIGHT SNOW
  FOG
  HAZE


RELATIVE HUMIDITY (PERCENT)
 HIGHEST    92           100 AM
 LOWEST     59           300 PM
 AVERAGE    76

..........................................................


THE ROCHESTER MN CLIMATE NORMALS FOR TOMORROW
                         NORMAL    RECORD    YEAR
 MAXIMUM TEMPERATURE (F)   25        48      2012
 MINIMUM TEMPERATURE (F)    9       -35      1996


SUNRISE AND SUNSET
FEBRUARY  1 2017......SUNRISE   727 AM CST   SUNSET   521 PM CST
FEBRUARY  2 2017......SUNRISE   726 AM CST   SUNSET   522 PM CST


-  INDICATES NEGATIVE NUMBERS.
R  INDICATES RECORD WAS SET OR TIED.
MM INDICATES DATA IS MISSING.
T  INDICATES TRACE AMOUNT.




$$
