696
CDUS43 KARX 182147
CLIRST


CLIMATE REPORT
NATIONAL WEATHER SERVICE LA CROSSE WI
446 PM CDT TUE JUL 18 2017


...................................

...THE ROCHESTER MN CLIMATE SUMMARY FOR JULY 18 2017...
VALID TODAY AS OF 0400 PM LOCAL TIME.

CLIMATE NORMAL PERIOD 1981 TO 2010
CLIMATE RECORD PERIOD 1886 TO 2017


WEATHER ITEM   OBSERVED TIME   RECORD YEAR NORMAL DEPARTURE LAST
                VALUE   (LST)  VALUE       VALUE  FROM      YEAR
                                                  NORMAL
..................................................................
TEMPERATURE (F)
 TODAY
  MAXIMUM         86    124 PM  97    1964  82      4       84
                                      1940
  MINIMUM         67    533 AM  45    1937  62      5       61
                                      1911
  AVERAGE         77                        72      5       73

PRECIPITATION (IN)
  TODAY            0.23          1.98 1999   0.15   0.08     0.00
  MONTH TO DATE    0.41                      2.67  -2.26     4.30
  SINCE JUN 1      4.12                      7.35  -3.23     9.54
  SINCE JAN 1     18.39                     17.79   0.60    21.23

SNOWFALL (IN)
  TODAY            0.0           0.0  2012   0.0    0.0      0.0
  MONTH TO DATE    0.0                       0.0    0.0      0.0
  SINCE JUL 1      0.0                       0.0    0.0      0.0
  SNOW DEPTH       0

DEGREE DAYS
 HEATING
  TODAY            0                         0      0        0
  MONTH TO DATE    1                         0      1        4
  SINCE JUL 1      1                         0      1        4

 COOLING
  TODAY           12                         7      5        8
  MONTH TO DATE  116                       126    -10       88
  SINCE JAN 1    283                       290     -7      277
..................................................................


WIND (MPH)
  HIGHEST WIND SPEED    26   HIGHEST WIND DIRECTION     W (290)
  HIGHEST GUST SPEED    33   HIGHEST GUST DIRECTION     W (280)
  AVERAGE WIND SPEED    10.0


SKY COVER
  POSSIBLE SUNSHINE  MM
  AVERAGE SKY COVER 0.3


WEATHER CONDITIONS
 THE FOLLOWING WEATHER WAS RECORDED TODAY.
  THUNDERSTORM
  HEAVY RAIN
  LIGHT RAIN
  FOG


RELATIVE HUMIDITY (PERCENT)
 HIGHEST    93           500 AM
 LOWEST     74          1200 PM
 AVERAGE    84

..........................................................


THE ROCHESTER MN CLIMATE NORMALS FOR TOMORROW
                         NORMAL    RECORD    YEAR
 MAXIMUM TEMPERATURE (F)   81       102      1940
 MINIMUM TEMPERATURE (F)   61        44      1929


SUNRISE AND SUNSET
JULY 18 2017..........SUNRISE   544 AM CDT   SUNSET   848 PM CDT
JULY 19 2017..........SUNRISE   545 AM CDT   SUNSET   847 PM CDT


-  INDICATES NEGATIVE NUMBERS.
R  INDICATES RECORD WAS SET OR TIED.
MM INDICATES DATA IS MISSING.
T  INDICATES TRACE AMOUNT.




$$
