000
CDUS43 KARX 300638
CLIRST


CLIMATE REPORT
NATIONAL WEATHER SERVICE LA CROSSE WI
134 AM CDT SUN MAR 30 2014


...................................

...THE ROCHESTER MN CLIMATE SUMMARY FOR MARCH 29 2014...

CLIMATE NORMAL PERIOD 1981 TO 2010
CLIMATE RECORD PERIOD 1886 TO 2014


WEATHER ITEM   OBSERVED TIME   RECORD YEAR NORMAL DEPARTURE LAST
                VALUE   (LST)  VALUE       VALUE  FROM      YEAR
                                                  NORMAL
..................................................................
TEMPERATURE (F)
 YESTERDAY
  MAXIMUM         42    237 PM  79    1986  48     -6       44
  MINIMUM         24    616 AM  -7    1969  30     -6       25
  AVERAGE         33                        38     -5       35

PRECIPITATION (IN)
  YESTERDAY        0.00          0.58 1979   0.08  -0.08     0.00
  MONTH TO DATE    0.97                      1.72  -0.75     2.74
  SINCE MAR 1      0.97                      1.72  -0.75     2.74
  SINCE JAN 1      3.73                      3.41   0.32     4.74

SNOWFALL (IN)
  YESTERDAY        0.0           2.9  1974   0.2   -0.2      0.0
  MONTH TO DATE    6.2                       8.3   -2.1     23.5
  SINCE JUL 1     54.0                      48.2    5.8     55.3
  SNOW DEPTH       1

DEGREE DAYS
 HEATING
  YESTERDAY       32                        26      6       30
  MONTH TO DATE 1215                       958    257     1207
  SINCE JUL 1   7940                      6819   1121     6658

 COOLING
  YESTERDAY        0                         0      0        0
  MONTH TO DATE    0                         0      0        0
  SINCE JAN 1      0                         0      0        0
..................................................................


WIND (MPH)
  HIGHEST WIND SPEED    16   HIGHEST WIND DIRECTION     S (160)
  HIGHEST GUST SPEED    21   HIGHEST GUST DIRECTION     S (170)
  AVERAGE WIND SPEED     6.9


SKY COVER
  POSSIBLE SUNSHINE  MM
  AVERAGE SKY COVER 0.1


WEATHER CONDITIONS
 THE FOLLOWING WEATHER WAS RECORDED YESTERDAY.
  NO SIGNIFICANT WEATHER WAS OBSERVED.


RELATIVE HUMIDITY (PERCENT)
 HIGHEST    75          1100 PM
 LOWEST     46           200 PM
 AVERAGE    61

..........................................................


THE ROCHESTER MN CLIMATE NORMALS FOR TODAY
                         NORMAL    RECORD    YEAR
 MAXIMUM TEMPERATURE (F)   48        77      1910
 MINIMUM TEMPERATURE (F)   30        -4      1969


SUNRISE AND SUNSET
MARCH 30 2014.........SUNRISE   655 AM CDT   SUNSET   735 PM CDT
MARCH 31 2014.........SUNRISE   653 AM CDT   SUNSET   736 PM CDT


-  INDICATES NEGATIVE NUMBERS.
R  INDICATES RECORD WAS SET OR TIED.
MM INDICATES DATA IS MISSING.
T  INDICATES TRACE AMOUNT.




$$
