000
CDUS43 KTOP 100649
CLITOP


CLIMATE REPORT
NATIONAL WEATHER SERVICE TOPEKA KS
1232 AM CST SAT FEB 10 2018


...................................

...THE TOPEKA KS CLIMATE SUMMARY FOR FEBRUARY 9 2018...

CLIMATE NORMAL PERIOD 1981 TO 2010
CLIMATE RECORD PERIOD 1887 TO 2018


WEATHER ITEM   OBSERVED TIME   RECORD YEAR NORMAL DEPARTURE LAST
                VALUE   (LST)  VALUE       VALUE  FROM      YEAR
                                                  NORMAL
..................................................................
TEMPERATURE (F)
 YESTERDAY
  MAXIMUM         47    159 AM  72    1932  43      4       40
  MINIMUM         16   1159 PM -17    1979  22     -6       15
                                      1899
  AVERAGE         32                        32      0       28

PRECIPITATION (IN)
  YESTERDAY        0.00          0.66 2001   0.05  -0.05     0.00
  MONTH TO DATE    0.11                      0.38  -0.27      T
  SINCE DEC 1      1.36                      2.59  -1.23     2.33
  SINCE JAN 1      1.05                      1.24  -0.19     1.28

SNOWFALL (IN)
  YESTERDAY        0.0           4.9  2001   0.2   -0.2      0.0
  MONTH TO DATE    2.0                       1.7    0.3       T
  SINCE JAN 1      5.1                       6.6   -1.5      2.2
  SINCE JUL 1      7.2                      13.1   -5.9      5.3
  SNOW DEPTH       0

DEGREE DAYS
 HEATING
  YESTERDAY       33                        32      1       37
  MONTH TO DATE  355                       300     55      278
  SINCE DEC 1   2425                      2416      9     2312
  SINCE JUL 1   3248                      3410   -162     2885

 COOLING
  YESTERDAY        0                         0      0        0
  MONTH TO DATE    0                         0      0        0
  SINCE DEC 1      0                         0      0        0
  SINCE JAN 1      0                         0      0        0
..................................................................


WIND (MPH)
  HIGHEST WIND SPEED    21   HIGHEST WIND DIRECTION     N (10)
  HIGHEST GUST SPEED    29   HIGHEST GUST DIRECTION     N (20)
  AVERAGE WIND SPEED    12.8


SKY COVER
  AVERAGE SKY COVER 0.5


WEATHER CONDITIONS
 THE FOLLOWING WEATHER WAS RECORDED YESTERDAY.
  FOG
  HAZE


RELATIVE HUMIDITY (PERCENT)
 HIGHEST    88           800 AM
 LOWEST     45          1200 AM
 AVERAGE    67

..........................................................


THE TOPEKA KS CLIMATE NORMALS FOR TODAY
                         NORMAL    RECORD    YEAR
 MAXIMUM TEMPERATURE (F)   43        78      1932
 MINIMUM TEMPERATURE (F)   22        -9      2011


SUNRISE AND SUNSET
FEBRUARY 10 2018......SUNRISE   720 AM CST   SUNSET   554 PM CST
FEBRUARY 11 2018......SUNRISE   719 AM CST   SUNSET   555 PM CST


-  INDICATES NEGATIVE NUMBERS.
R  INDICATES RECORD WAS SET OR TIED.
MM INDICATES DATA IS MISSING.
T  INDICATES TRACE AMOUNT.




$$
