000
CDUS43 KTOP 040634
CLITOP


CLIMATE REPORT
NATIONAL WEATHER SERVICE TOPEKA KS
1233 AM CST SUN FEB 4 2018


...................................

...THE TOPEKA KS CLIMATE SUMMARY FOR FEBRUARY 3 2018...

CLIMATE NORMAL PERIOD 1981 TO 2010
CLIMATE RECORD PERIOD 1887 TO 2018


WEATHER ITEM   OBSERVED TIME   RECORD YEAR NORMAL DEPARTURE LAST
                VALUE   (LST)  VALUE       VALUE  FROM      YEAR
                                                  NORMAL
..................................................................
TEMPERATURE (F)
 YESTERDAY
  MAXIMUM         51    402 PM  75    1934  42      9       37
  MINIMUM         30   1044 PM  -9    1996  21      9       23
  AVERAGE         41                        31     10       30

PRECIPITATION (IN)
  YESTERDAY        0.00          1.21 2012   0.04  -0.04      T
  MONTH TO DATE    0.00                      0.12  -0.12      T
  SINCE DEC 1      1.25                      2.33  -1.08     2.33
  SINCE JAN 1      0.94                      0.98  -0.04     1.28

SNOWFALL (IN)
  YESTERDAY        0.0           8.0  1901   0.2   -0.2       T
  MONTH TO DATE    0.0                       0.6   -0.6       T
  SINCE JAN 1      3.1                       5.5   -2.4      2.2
  SINCE JUL 1      5.2                      12.0   -6.8      5.3
  SNOW DEPTH       0

DEGREE DAYS
 HEATING
  YESTERDAY       24                        34    -10       35
  MONTH TO DATE  100                       102     -2      102
  SINCE DEC 1   2170                      2218    -48     2136
  SINCE JUL 1   2993                      3212   -219     2709

 COOLING
  YESTERDAY        0                         0      0        0
  MONTH TO DATE    0                         0      0        0
  SINCE DEC 1      0                         0      0        0
  SINCE JAN 1      0                         0      0        0
..................................................................


WIND (MPH)
  HIGHEST WIND SPEED    24   HIGHEST WIND DIRECTION     S (190)
  HIGHEST GUST SPEED    35   HIGHEST GUST DIRECTION    SW (220)
  AVERAGE WIND SPEED     9.6


SKY COVER
  AVERAGE SKY COVER 0.2


WEATHER CONDITIONS
 THE FOLLOWING WEATHER WAS RECORDED YESTERDAY.
  NO SIGNIFICANT WEATHER WAS OBSERVED.


RELATIVE HUMIDITY (PERCENT)
 HIGHEST    78          1100 PM
 LOWEST     33           100 PM
 AVERAGE    56

..........................................................


THE TOPEKA KS CLIMATE NORMALS FOR TODAY
                         NORMAL    RECORD    YEAR
 MAXIMUM TEMPERATURE (F)   42        74      1946
 MINIMUM TEMPERATURE (F)   21       -13      1905


SUNRISE AND SUNSET
FEBRUARY  4 2018......SUNRISE   726 AM CST   SUNSET   547 PM CST
FEBRUARY  5 2018......SUNRISE   725 AM CST   SUNSET   548 PM CST


-  INDICATES NEGATIVE NUMBERS.
R  INDICATES RECORD WAS SET OR TIED.
MM INDICATES DATA IS MISSING.
T  INDICATES TRACE AMOUNT.




$$
