000
CDUS43 KTOP 222134
CLITOP


CLIMATE REPORT
NATIONAL WEATHER SERVICE TOPEKA KS
434 PM CDT FRI JUL 22 2016


...................................

...THE TOPEKA KS CLIMATE SUMMARY FOR JULY 22 2016...
VALID TODAY AS OF 0400 PM LOCAL TIME.

CLIMATE NORMAL PERIOD 1981 TO 2010
CLIMATE RECORD PERIOD 1887 TO 2016


WEATHER ITEM   OBSERVED TIME   RECORD YEAR NORMAL DEPARTURE LAST
                VALUE   (LST)  VALUE       VALUE  FROM      YEAR
                                                  NORMAL
..................................................................
TEMPERATURE (F)
 TODAY
  MAXIMUM        100    234 PM 106    2011  90     10       84
                                      1901
  MINIMUM         80    549 AM  51    1970  69     11       64
  AVERAGE         90                        79     11       74

PRECIPITATION (IN)
  TODAY            0.00          2.67 1891   0.12  -0.12     0.00
  MONTH TO DATE    4.50                      2.82   1.68     6.91
  SINCE JUN 1      6.89                      8.22  -1.33    13.13
  SINCE JAN 1     26.20                     21.33   4.87    27.72

SNOWFALL (IN)
  TODAY            0.0           0.0    MM   0.0    0.0      0.0
  MONTH TO DATE    T                         0.0    0.0      0.0
  SINCE JAN 1      3.7                      11.3   -7.6      7.9
  SINCE JUL 1      T                         0.0    0.0      0.0
  SNOW DEPTH       0

DEGREE DAYS
 HEATING
  TODAY            0                         0      0        0
  MONTH TO DATE    0                         0      0        0
  SINCE JUN 1      0                         8     -8        0
  SINCE JUL 1      0                         0      0        0

 COOLING
  TODAY           25                        14     11        9
  MONTH TO DATE  339                       303     36      290
  SINCE JUN 1    778                       587    191      658
  SINCE JAN 1    870                       713    157      740
..................................................................


WIND (MPH)
  HIGHEST WIND SPEED    18   HIGHEST WIND DIRECTION     S (180)
  HIGHEST GUST SPEED    23   HIGHEST GUST DIRECTION    SE (130)
  AVERAGE WIND SPEED     8.8



WEATHER CONDITIONS
 THE FOLLOWING WEATHER WAS RECORDED TODAY.
  NO SIGNIFICANT WEATHER WAS OBSERVED.


RELATIVE HUMIDITY (PERCENT)
 HIGHEST    74           400 AM
 LOWEST     35           300 PM
 AVERAGE    55

..........................................................


THE TOPEKA KS CLIMATE NORMALS FOR TOMORROW
                         NORMAL    RECORD    YEAR
 MAXIMUM TEMPERATURE (F)   90       106      2012
                                             2011
                                             1941
 MINIMUM TEMPERATURE (F)   69        54      1970


SUNRISE AND SUNSET
JULY 22 2016..........SUNRISE   615 AM CDT   SUNSET   843 PM CDT
JULY 23 2016..........SUNRISE   616 AM CDT   SUNSET   842 PM CDT


-  INDICATES NEGATIVE NUMBERS.
R  INDICATES RECORD WAS SET OR TIED.
MM INDICATES DATA IS MISSING.
T  INDICATES TRACE AMOUNT.




$$
