000
CDUS43 KTOP 070633
CLITOP


CLIMATE REPORT
NATIONAL WEATHER SERVICE TOPEKA KS
132 AM CDT FRI APR 7 2017


...................................

...THE TOPEKA KS CLIMATE SUMMARY FOR APRIL 6 2017...

CLIMATE NORMAL PERIOD 1981 TO 2010
CLIMATE RECORD PERIOD 1887 TO 2017


WEATHER ITEM   OBSERVED TIME   RECORD YEAR NORMAL DEPARTURE LAST
                VALUE   (LST)  VALUE       VALUE  FROM      YEAR
                                                  NORMAL
..................................................................
TEMPERATURE (F)
 YESTERDAY
  MAXIMUM         60    435 PM  97    1893  64     -4       65
  MINIMUM         38   1159 PM  20    1982  40     -2       47
                                      1936
  AVERAGE         49                        52     -3       56

PRECIPITATION (IN)
  YESTERDAY        0.00          1.81 1942   0.11  -0.11     0.12
  MONTH TO DATE    2.21                      0.61   1.60     0.15
  SINCE MAR 1      6.24                      3.10   3.14     2.45
  SINCE JAN 1      7.63                      5.28   2.35     3.72

SNOWFALL (IN)
  YESTERDAY        0.0           1.4  1994   0.0    0.0      0.0
  MONTH TO DATE    0.0                       0.1   -0.1      0.0
  SINCE JAN 1      3.5                      11.1   -7.6      3.7
  SINCE JUL 1      6.6                      17.6  -11.0      4.9
  SNOW DEPTH       0

DEGREE DAYS
 HEATING
  YESTERDAY       16                        14      2        9
  MONTH TO DATE   79                        86     -7       58
  SINCE MAR 1    579                       714   -135      486
  SINCE JUL 1   3760                      4681   -921     3738

 COOLING
  YESTERDAY        0                         0      0        0
  MONTH TO DATE    0                         0      0        0
  SINCE MAR 1      9                         3      6        3
  SINCE JAN 1      9                         3      6        3
..................................................................


WIND (MPH)
  HIGHEST WIND SPEED    22   HIGHEST WIND DIRECTION    NW (310)
  HIGHEST GUST SPEED    32   HIGHEST GUST DIRECTION    NW (310)
  AVERAGE WIND SPEED     8.7


SKY COVER
  AVERAGE SKY COVER 0.2


WEATHER CONDITIONS
 THE FOLLOWING WEATHER WAS RECORDED YESTERDAY.
  NO SIGNIFICANT WEATHER WAS OBSERVED.


RELATIVE HUMIDITY (PERCENT)
 HIGHEST   100          1200 AM
 LOWEST     37           500 PM
 AVERAGE    69

..........................................................


THE TOPEKA KS CLIMATE NORMALS FOR TODAY
                         NORMAL    RECORD    YEAR
 MAXIMUM TEMPERATURE (F)   64        89      1893
                                             1890
 MINIMUM TEMPERATURE (F)   40        19      2007


SUNRISE AND SUNSET
APRIL  7 2017.........SUNRISE   657 AM CDT   SUNSET   752 PM CDT
APRIL  8 2017.........SUNRISE   656 AM CDT   SUNSET   753 PM CDT


-  INDICATES NEGATIVE NUMBERS.
R  INDICATES RECORD WAS SET OR TIED.
MM INDICATES DATA IS MISSING.
T  INDICATES TRACE AMOUNT.




$$
