000
CDUS43 KTOP 080639
CLITOP


CLIMATE REPORT
NATIONAL WEATHER SERVICE TOPEKA KS
1238 AM CST MON JAN 8 2018


...................................

...THE TOPEKA KS CLIMATE SUMMARY FOR JANUARY 7 2018...

CLIMATE NORMAL PERIOD 1981 TO 2010
CLIMATE RECORD PERIOD 1887 TO 2018


WEATHER ITEM   OBSERVED TIME   RECORD YEAR NORMAL DEPARTURE LAST
                VALUE   (LST)  VALUE       VALUE  FROM      YEAR
                                                  NORMAL
..................................................................
TEMPERATURE (F)
 YESTERDAY
  MAXIMUM         41   1012 AM  68    1965  39      2       26
  MINIMUM         30   1153 PM -13    1912  20     10       -1
  AVERAGE         36                        30      6       13

PRECIPITATION (IN)
  YESTERDAY        0.01          0.91 1937   0.02  -0.01     0.00
  MONTH TO DATE    0.01                      0.18  -0.17     0.33
  SINCE DEC 1      0.32                      1.53  -1.21     1.38
  SINCE JAN 1      0.01                      0.18  -0.17     0.33

SNOWFALL (IN)
  YESTERDAY        0.0           4.8  1926   0.1   -0.1      0.0
  MONTH TO DATE    0.0                       1.1   -1.1      2.2
  SINCE JAN 1      0.0                       1.1   -1.1      2.2
  SINCE JUL 1      2.1                       7.6   -5.5      5.3
  SNOW DEPTH       0

DEGREE DAYS
 HEATING
  YESTERDAY       29                        35     -6       52
  MONTH TO DATE  325                       245     80      300
  SINCE DEC 1   1298                      1268     30     1359
  SINCE JUL 1   2121                      2262   -141     1932

 COOLING
  YESTERDAY        0                         0      0        0
  MONTH TO DATE    0                         0      0        0
  SINCE DEC 1      0                         0      0        0
  SINCE JAN 1      0                         0      0        0
..................................................................


WIND (MPH)
  HIGHEST WIND SPEED    18   HIGHEST WIND DIRECTION     S (160)
  HIGHEST GUST SPEED    24   HIGHEST GUST DIRECTION     S (170)
  AVERAGE WIND SPEED     6.4


SKY COVER
  AVERAGE SKY COVER 0.7


WEATHER CONDITIONS
 THE FOLLOWING WEATHER WAS RECORDED YESTERDAY.
  LIGHT RAIN
  FOG


RELATIVE HUMIDITY (PERCENT)
 HIGHEST   100           600 PM
 LOWEST     51           100 AM
 AVERAGE    76

..........................................................


THE TOPEKA KS CLIMATE NORMALS FOR TODAY
                         NORMAL    RECORD    YEAR
 MAXIMUM TEMPERATURE (F)   39        74      2003
 MINIMUM TEMPERATURE (F)   20       -11      1979


SUNRISE AND SUNSET
JANUARY  8 2018.......SUNRISE   742 AM CST   SUNSET   517 PM CST
JANUARY  9 2018.......SUNRISE   742 AM CST   SUNSET   518 PM CST


-  INDICATES NEGATIVE NUMBERS.
R  INDICATES RECORD WAS SET OR TIED.
MM INDICATES DATA IS MISSING.
T  INDICATES TRACE AMOUNT.




$$
