000
CDUS43 KTOP 300632
CLITOP


CLIMATE REPORT
NATIONAL WEATHER SERVICE TOPEKA KS
1232 AM CST MON JAN 30 2017


...................................

...THE TOPEKA KS CLIMATE SUMMARY FOR JANUARY 29 2017...

CLIMATE NORMAL PERIOD 1981 TO 2010
CLIMATE RECORD PERIOD 1887 TO 2017


WEATHER ITEM   OBSERVED TIME   RECORD YEAR NORMAL DEPARTURE LAST
                VALUE   (LST)  VALUE       VALUE  FROM      YEAR
                                                  NORMAL
..................................................................
TEMPERATURE (F)
 YESTERDAY
  MAXIMUM         53    104 PM  70    2013  41     12       68
  MINIMUM         30   1150 PM  -9    1966  20     10       26
  AVERAGE         42                        30     12       47

PRECIPITATION (IN)
  YESTERDAY        0.00          1.19 1982   0.04  -0.04     0.00
  MONTH TO DATE    1.28                      0.79   0.49     0.90
  SINCE DEC 1      2.33                      2.14   0.19     3.61
  SINCE JAN 1      1.28                      0.79   0.49     0.90

SNOWFALL (IN)
  YESTERDAY        0.0           3.4  1979   0.2   -0.2      0.0
  MONTH TO DATE    2.2                       4.6   -2.4      2.1
  SINCE JAN 1      2.2                       4.6   -2.4      2.1
  SINCE JUL 1      5.3                      11.1   -5.8      3.3
  SNOW DEPTH       0

DEGREE DAYS
 HEATING
  YESTERDAY       23                        35    -12       18
  MONTH TO DATE  930                      1022    -92     1008
  SINCE DEC 1   1989                      2045    -56     1779
  SINCE JUL 1   2562                      3039   -477     2515

 COOLING
  YESTERDAY        0                         0      0        0
  MONTH TO DATE    0                         0      0        0
  SINCE DEC 1      0                         0      0        0
  SINCE JAN 1      0                         0      0        0
..................................................................


WIND (MPH)
  HIGHEST WIND SPEED    22   HIGHEST WIND DIRECTION    NW (320)
  HIGHEST GUST SPEED    28   HIGHEST GUST DIRECTION    NW (320)
  AVERAGE WIND SPEED     8.4


SKY COVER
  AVERAGE SKY COVER 0.5


WEATHER CONDITIONS
 THE FOLLOWING WEATHER WAS RECORDED YESTERDAY.
  NO SIGNIFICANT WEATHER WAS OBSERVED.


RELATIVE HUMIDITY (PERCENT)
 HIGHEST    82          1000 PM
 LOWEST     46           100 PM
 AVERAGE    64

..........................................................


THE TOPEKA KS CLIMATE NORMALS FOR TODAY
                         NORMAL    RECORD    YEAR
 MAXIMUM TEMPERATURE (F)   41        70      2012
 MINIMUM TEMPERATURE (F)   20        -6      1991
                                             1966
                                             1918


SUNRISE AND SUNSET
JANUARY 30 2017.......SUNRISE   731 AM CST   SUNSET   542 PM CST
JANUARY 31 2017.......SUNRISE   730 AM CST   SUNSET   543 PM CST


-  INDICATES NEGATIVE NUMBERS.
R  INDICATES RECORD WAS SET OR TIED.
MM INDICATES DATA IS MISSING.
T  INDICATES TRACE AMOUNT.




$$
