000
CDUS43 KLOT 200637
CLIRFD


CLIMATE REPORT
NATIONAL WEATHER SERVICE CHICAGO IL
1235 AM CST THU NOV 20 2014


...................................

...THE ROCKFORD IL CLIMATE SUMMARY FOR NOVEMBER 19 2014...

CLIMATE NORMAL PERIOD 1981 TO 2010
CLIMATE RECORD PERIOD 1905 TO 2014


WEATHER ITEM   OBSERVED TIME   RECORD YEAR NORMAL DEPARTURE LAST
                VALUE   (LST)  VALUE       VALUE  FROM      YEAR
                                                  NORMAL
..................................................................
TEMPERATURE (F)
 YESTERDAY
  MAXIMUM         29    102 PM  76    1930  46    -17       41
  MINIMUM         15    102 AM   7    1914  29    -14       21
  AVERAGE         22                        37    -15       31

PRECIPITATION (IN)
  YESTERDAY        T             1.43 1934   0.09  -0.09     0.00
  MONTH TO DATE    0.56                      1.67  -1.11     1.90
  SINCE SEP 1      5.25                      7.69  -2.44     6.69
  SINCE JAN 1     31.50                     33.35  -1.85    38.69

SNOWFALL (IN)
  YESTERDAY        T             2.0  1955   0.0    0.0      0.0
  MONTH TO DATE    1.7                       0.4    1.3      0.4
  SINCE SEP 1      1.8                       0.5    1.3      0.4
  SINCE JUL 1      1.8                       0.5    1.3      0.4
  SNOW DEPTH       0

DEGREE DAYS
 HEATING
  YESTERDAY       43                        28     15       34
  MONTH TO DATE  580                       442    138      465
  SINCE SEP 1   1132                       981    151      955
  SINCE JUL 1   1142                       995    147      966

 COOLING
  YESTERDAY        0                         0      0        0
  MONTH TO DATE    0                         0      0        0
  SINCE SEP 1     73                        93    -20      141
  SINCE JAN 1    729                       820    -91      890
..................................................................


WIND (MPH)
  HIGHEST WIND SPEED    28   HIGHEST WIND DIRECTION     W (290)
  HIGHEST GUST SPEED    35   HIGHEST GUST DIRECTION    NW (310)
  AVERAGE WIND SPEED    15.3


SKY COVER
  POSSIBLE SUNSHINE  MM
  AVERAGE SKY COVER 0.8


WEATHER CONDITIONS
 THE FOLLOWING WEATHER WAS RECORDED YESTERDAY.
  LIGHT SNOW


RELATIVE HUMIDITY (PERCENT)
 HIGHEST    68          1000 PM
 LOWEST     55           200 PM
 AVERAGE    62

..........................................................


THE ROCKFORD IL CLIMATE NORMALS FOR TODAY
                         NORMAL    RECORD    YEAR
 MAXIMUM TEMPERATURE (F)   45        69      1942
 MINIMUM TEMPERATURE (F)   28         5      1914


SUNRISE AND SUNSET
NOVEMBER 20 2014......SUNRISE   653 AM CST   SUNSET   431 PM CST
NOVEMBER 21 2014......SUNRISE   654 AM CST   SUNSET   430 PM CST


-  INDICATES NEGATIVE NUMBERS.
R  INDICATES RECORD WAS SET OR TIED.
MM INDICATES DATA IS MISSING.
T  INDICATES TRACE AMOUNT.




$$
