000
CDUS41 KALY 042143
CLIALB


CLIMATE REPORT
NATIONAL WEATHER SERVICE ALBANY NY
442 PM EST WED JAN 4 2017


...................................

...THE ALBANY NY CLIMATE SUMMARY FOR JANUARY 4 2017...
VALID TODAY AS OF 0400 PM LOCAL TIME.

CLIMATE NORMAL PERIOD 1981 TO 2010
CLIMATE RECORD PERIOD 1874 TO 2017


WEATHER ITEM   OBSERVED TIME   RECORD YEAR NORMAL DEPARTURE LAST
                VALUE   (LST)  VALUE       VALUE  FROM      YEAR
                                                  NORMAL
..................................................................
TEMPERATURE (F)
 TODAY
  MAXIMUM         44    308 PM  64    1950  31     13       32
  MINIMUM         35    531 AM -15    1904  15     20        6
  AVERAGE         40                        23     17       19

PRECIPITATION (IN)
  TODAY            0.10          1.51 2003   0.08   0.02     0.03
  MONTH TO DATE    0.62                      0.33   0.29     0.04
  SINCE DEC 1      2.37                      3.26  -0.89     3.71
  SINCE JAN 1      0.62                      0.33   0.29     0.04

SNOWFALL (IN)
  TODAY           MM             8.8  2003   0.5   MM        0.8
  MONTH TO DATE    0.1                       2.2   -2.1      1.1
  SINCE DEC 1     12.2                      15.9   -3.7      3.3
  SINCE JUL 1     14.5                      19.0   -4.5      3.3
  SNOW DEPTH       0

DEGREE DAYS
 HEATING
  TODAY           25                        42    -17       46
  MONTH TO DATE  130                       167    -37      141
  SINCE DEC 1   1197                      1298   -101      851
  SINCE JUL 1   2353                      2702   -349     1934

 COOLING
  TODAY            0                         0      0        0
  MONTH TO DATE    0                         0      0        0
  SINCE DEC 1      0                         0      0        0
  SINCE JAN 1      0                         0      0        0
..................................................................


WIND (MPH)
  HIGHEST WIND SPEED    23   HIGHEST WIND DIRECTION     W (270)
  HIGHEST GUST SPEED    30   HIGHEST GUST DIRECTION     W (290)
  AVERAGE WIND SPEED     5.2


SKY COVER
  AVERAGE SKY COVER 1.0



RELATIVE HUMIDITY (PERCENT)
 HIGHEST   100          1200 AM
 LOWEST     65           300 PM
 AVERAGE    83

..........................................................


THE ALBANY NY CLIMATE NORMALS FOR TOMORROW
                         NORMAL    RECORD    YEAR
 MAXIMUM TEMPERATURE (F)   31        64      1950
 MINIMUM TEMPERATURE (F)   15       -24      1904


SUNRISE AND SUNSET
JANUARY  4 2017.......SUNRISE   726 AM EST   SUNSET   435 PM EST
JANUARY  5 2017.......SUNRISE   726 AM EST   SUNSET   436 PM EST


-  INDICATES NEGATIVE NUMBERS.
R  INDICATES RECORD WAS SET OR TIED.
MM INDICATES DATA IS MISSING.
T  INDICATES TRACE AMOUNT.




$$
