000
CDUS41 KALY 172148
CLIALB


CLIMATE REPORT
NATIONAL WEATHER SERVICE ALBANY NY
447 PM EST THU NOV 17 2016


...................................

...THE ALBANY NY CLIMATE SUMMARY FOR NOVEMBER 17 2016...
VALID TODAY AS OF 0400 PM LOCAL TIME.

CLIMATE NORMAL PERIOD 1981 TO 2010
CLIMATE RECORD PERIOD 1874 TO 2016


WEATHER ITEM   OBSERVED TIME   RECORD YEAR NORMAL DEPARTURE LAST
                VALUE   (LST)  VALUE       VALUE  FROM      YEAR
                                                  NORMAL
..................................................................
TEMPERATURE (F)
 TODAY
  MAXIMUM         56    307 PM  72    1928  47      9       48
  MINIMUM         34    237 AM   7    1972  31      3       26
  AVERAGE         45                        39      6       37

PRECIPITATION (IN)
  TODAY            0.00          1.15 1993   0.11  -0.11     0.00
  MONTH TO DATE    1.98                      1.85   0.13     1.32
  SINCE SEP 1      7.06                      8.83  -1.77    11.41
  SINCE JAN 1     30.51                     34.98  -4.47    34.55

SNOWFALL (IN)
  TODAY            0.0           2.8  1992   0.1   -0.1      0.0
  MONTH TO DATE    0.0                       0.9   -0.9       T
  SINCE SEP 1      1.7                       1.2    0.5       T
  SINCE JUL 1      1.7                       1.2    0.5       T
  SNOW DEPTH       0

DEGREE DAYS
 HEATING
  TODAY           20                        26     -6       28
  MONTH TO DATE  354                       393    -39      263
  SINCE SEP 1    808                      1015   -207      770
  SINCE JUL 1    809                      1038   -229      771

 COOLING
  TODAY            0                         0      0        0
  MONTH TO DATE    0                         0      0        0
  SINCE SEP 1    114                        55     59      158
  SINCE JAN 1    902                       598    304      906
..................................................................


WIND (MPH)
  HIGHEST WIND SPEED    17   HIGHEST WIND DIRECTION     W (290)
  HIGHEST GUST SPEED    21   HIGHEST GUST DIRECTION    NW (310)
  AVERAGE WIND SPEED     6.2


SKY COVER
  AVERAGE SKY COVER 0.3



RELATIVE HUMIDITY (PERCENT)
 HIGHEST    92           200 AM
 LOWEST     54           400 PM
 AVERAGE    73

..........................................................


THE ALBANY NY CLIMATE NORMALS FOR TOMORROW
                         NORMAL    RECORD    YEAR
 MAXIMUM TEMPERATURE (F)   47        71      1928
 MINIMUM TEMPERATURE (F)   31        10      1972


SUNRISE AND SUNSET
NOVEMBER 17 2016......SUNRISE   650 AM EST   SUNSET   430 PM EST
NOVEMBER 18 2016......SUNRISE   651 AM EST   SUNSET   429 PM EST


-  INDICATES NEGATIVE NUMBERS.
R  INDICATES RECORD WAS SET OR TIED.
MM INDICATES DATA IS MISSING.
T  INDICATES TRACE AMOUNT.




$$
