000
CDUS41 KALY 150627
CLIALB


CLIMATE REPORT
NATIONAL WEATHER SERVICE ALBANY NY
126 AM EST MON DEC 15 2014


...................................

...THE ALBANY NY CLIMATE SUMMARY FOR DECEMBER 14 2014...

CLIMATE NORMAL PERIOD 1981 TO 2010
CLIMATE RECORD PERIOD 1874 TO 2014


WEATHER ITEM   OBSERVED TIME   RECORD YEAR NORMAL DEPARTURE LAST
                VALUE   (LST)  VALUE       VALUE  FROM      YEAR
                                                  NORMAL
..................................................................
TEMPERATURE (F)
 YESTERDAY
  MAXIMUM         39    328 PM  63    1901  36      3       13
  MINIMUM         35    202 AM  -5    1898  22     13        7
  AVERAGE         37                        29      8       10

PRECIPITATION (IN)
  YESTERDAY        T             1.61 1920   0.09  -0.09     0.57
  MONTH TO DATE    3.70                      1.44   2.26     1.10
  SINCE DEC 1      3.70                      1.44   2.26     1.10
  SINCE JAN 1     38.03                     37.86   0.17    41.55

SNOWFALL (IN)
  YESTERDAY        0.0          12.5  1956   0.5   -0.5      6.5
  MONTH TO DATE   12.1                       5.2    6.9     10.3
  SINCE DEC 1     12.1                       5.2    6.9     10.3
  SINCE JUL 1     24.4                       8.0   16.4     12.4
  SNOW DEPTH       7

DEGREE DAYS
 HEATING
  YESTERDAY       28                        36     -8       55
  MONTH TO DATE  476                       469      7      505
  SINCE DEC 1    476                       469      7      505
  SINCE JUL 1   1751                      1873   -122     1875

 COOLING
  YESTERDAY        0                         0      0        0
  MONTH TO DATE    0                         0      0        0
  SINCE DEC 1      0                         0      0        0
  SINCE JAN 1    659                       598     61      763
..................................................................


WIND (MPH)
  HIGHEST WIND SPEED    15   HIGHEST WIND DIRECTION     W (290)
  HIGHEST GUST SPEED    19   HIGHEST GUST DIRECTION     W (290)
  AVERAGE WIND SPEED     9.3


SKY COVER
  AVERAGE SKY COVER 1.0



RELATIVE HUMIDITY (PERCENT)
 HIGHEST    82
 LOWEST     70
 AVERAGE    76

..........................................................


THE ALBANY NY CLIMATE NORMALS FOR TODAY
                         NORMAL    RECORD    YEAR
 MAXIMUM TEMPERATURE (F)   36        61      1901
 MINIMUM TEMPERATURE (F)   21        -8      1874


SUNRISE AND SUNSET
DECEMBER 15 2014......SUNRISE   719 AM EST   SUNSET   422 PM EST
DECEMBER 16 2014......SUNRISE   719 AM EST   SUNSET   422 PM EST


-  INDICATES NEGATIVE NUMBERS.
R  INDICATES RECORD WAS SET OR TIED.
MM INDICATES DATA IS MISSING.
T  INDICATES TRACE AMOUNT.




$$
