549
CDUS41 KALY 180623
CLIALB


CLIMATE REPORT
NATIONAL WEATHER SERVICE ALBANY NY
223 AM EDT SUN SEP 18 2016


...................................

...THE ALBANY NY CLIMATE SUMMARY FOR SEPTEMBER 17 2016...

CLIMATE NORMAL PERIOD 1981 TO 2010
CLIMATE RECORD PERIOD 1874 TO 2016


WEATHER ITEM   OBSERVED TIME   RECORD YEAR NORMAL DEPARTURE LAST
                VALUE   (LST)  VALUE       VALUE  FROM      YEAR
                                                  NORMAL
..................................................................
TEMPERATURE (F)
 YESTERDAY
  MAXIMUM         78    329 PM  89    1942  72      6       85
  MINIMUM         55    555 AM  32    1959  51      4       57
  AVERAGE         67                        62      5       71

PRECIPITATION (IN)
  YESTERDAY        T             1.49 1890   0.11  -0.11     0.00
  MONTH TO DATE    0.80                      1.75  -0.95     2.97
  SINCE SEP 1      0.80                      1.75  -0.95     2.97
  SINCE JAN 1     24.25                     27.90  -3.65    26.11

DEGREE DAYS
 HEATING
  YESTERDAY        0                         5     -5        0
  MONTH TO DATE   13                        48    -35        2
  SINCE SEP 1     13                        48    -35        2
  SINCE JUL 1     14                        71    -57        3

 COOLING
  YESTERDAY        2                         1      1        6
  MONTH TO DATE   80                        41     39      135
  SINCE SEP 1     80                        41     39      135
  SINCE JAN 1    868                       584    284      883
..................................................................


WIND (MPH)
  HIGHEST WIND SPEED    22   HIGHEST WIND DIRECTION     S (180)
  HIGHEST GUST SPEED    29   HIGHEST GUST DIRECTION     S (190)
  AVERAGE WIND SPEED    11.5


SKY COVER
  AVERAGE SKY COVER 0.7



RELATIVE HUMIDITY (PERCENT)
 HIGHEST    83
 LOWEST     44
 AVERAGE    64

..........................................................


THE ALBANY NY CLIMATE NORMALS FOR TODAY
                         NORMAL    RECORD    YEAR
 MAXIMUM TEMPERATURE (F)   71        88      1891
 MINIMUM TEMPERATURE (F)   51        35      1986


SUNRISE AND SUNSET
SEPTEMBER 18 2016.....SUNRISE   639 AM EDT   SUNSET   659 PM EDT
SEPTEMBER 19 2016.....SUNRISE   640 AM EDT   SUNSET   657 PM EDT


-  INDICATES NEGATIVE NUMBERS.
R  INDICATES RECORD WAS SET OR TIED.
MM INDICATES DATA IS MISSING.
T  INDICATES TRACE AMOUNT.




$$
