000
CDUS41 KALY 050627
CLIALB


CLIMATE REPORT
NATIONAL WEATHER SERVICE ALBANY NY
225 AM EDT WED JUL 5 2017


...................................

...THE ALBANY NY CLIMATE SUMMARY FOR JULY 4 2017...

CLIMATE NORMAL PERIOD 1981 TO 2010
CLIMATE RECORD PERIOD 1874 TO 2017


WEATHER ITEM   OBSERVED TIME   RECORD YEAR NORMAL DEPARTURE LAST
                VALUE   (LST)  VALUE       VALUE  FROM      YEAR
                                                  NORMAL
..................................................................
TEMPERATURE (F)
 YESTERDAY
  MAXIMUM         82    311 PM 104    1911  82      0       87
  MINIMUM         56    452 AM  44    1971  61     -5       54
  AVERAGE         69                        71     -2       71

PRECIPITATION (IN)
  YESTERDAY        0.00          1.15 1999   0.13  -0.13     0.00
  MONTH TO DATE    0.57                      0.51   0.06     1.37
  SINCE JUN 1      5.69                      4.30   1.39     3.68
  SINCE JAN 1     24.60                     19.08   5.52    14.44

DEGREE DAYS
 HEATING
  YESTERDAY        0                         0      0        0
  MONTH TO DATE    0                         0      0        0
  SINCE JUN 1     51                        52     -1       38
  SINCE JUL 1      0                         0      0        0

 COOLING
  YESTERDAY        4                         7     -3        6
  MONTH TO DATE   33                        25      8       17
  SINCE JUN 1    180                       143     37      160
  SINCE JAN 1    230                       173     57      235
..................................................................


WIND (MPH)
  HIGHEST WIND SPEED     9   HIGHEST WIND DIRECTION     N (20)
  HIGHEST GUST SPEED    12   HIGHEST GUST DIRECTION    NE (50)
  AVERAGE WIND SPEED     3.1


SKY COVER
  AVERAGE SKY COVER 0.3



RELATIVE HUMIDITY (PERCENT)
 HIGHEST    87
 LOWEST     39
 AVERAGE    63

..........................................................


THE ALBANY NY CLIMATE NORMALS FOR TODAY
                         NORMAL    RECORD    YEAR
 MAXIMUM TEMPERATURE (F)   82        99      1919
 MINIMUM TEMPERATURE (F)   61        44      1982


SUNRISE AND SUNSET
JULY  5 2017..........SUNRISE   523 AM EDT   SUNSET   836 PM EDT
JULY  6 2017..........SUNRISE   524 AM EDT   SUNSET   836 PM EDT


-  INDICATES NEGATIVE NUMBERS.
R  INDICATES RECORD WAS SET OR TIED.
MM INDICATES DATA IS MISSING.
T  INDICATES TRACE AMOUNT.




$$
