000
CDUS41 KALY 130627
CLIALB


CLIMATE REPORT
NATIONAL WEATHER SERVICE ALBANY NY
226 AM EDT MON OCT 13 2014


...................................

...THE ALBANY NY CLIMATE SUMMARY FOR OCTOBER 12 2014...

CLIMATE NORMAL PERIOD 1981 TO 2010
CLIMATE RECORD PERIOD 1874 TO 2014


WEATHER ITEM   OBSERVED TIME   RECORD YEAR NORMAL DEPARTURE LAST
                VALUE   (LST)  VALUE       VALUE  FROM      YEAR
                                                  NORMAL
..................................................................
TEMPERATURE (F)
 YESTERDAY
  MAXIMUM         61    322 PM  85    1954  61      0       74
  MINIMUM         32    606 AM  22    1964  41     -9       39
  AVERAGE         47                        51     -4       57

PRECIPITATION (IN)
  YESTERDAY        0.00          0.75 2002   0.13  -0.13     0.00
  MONTH TO DATE    0.59                      1.45  -0.86     1.84
  SINCE SEP 1      1.48                      4.75  -3.27     6.65
  SINCE JAN 1     28.26                     30.90  -2.64    38.16

SNOWFALL (IN)
  YESTERDAY        0.0           T    1904   0.0    0.0      0.0
  MONTH TO DATE    0.0                       0.0    0.0      0.0
  SINCE SEP 1      0.0                       0.0    0.0      0.0
  SINCE JUL 1      0.0                       0.0    0.0      0.0
  SNOW DEPTH       0

DEGREE DAYS
 HEATING
  YESTERDAY       18                        14      4        8
  MONTH TO DATE  104                       145    -41       82
  SINCE SEP 1    226                       289    -63      248
  SINCE JUL 1    234                       312    -78      254

 COOLING
  YESTERDAY        0                         0      0        0
  MONTH TO DATE    2                         0      2        0
  SINCE SEP 1     76                        51     25       65
  SINCE JAN 1    643                       594     49      763
..................................................................


WIND (MPH)
  HIGHEST WIND SPEED     9   HIGHEST WIND DIRECTION     N (340)
  HIGHEST GUST SPEED    12   HIGHEST GUST DIRECTION    NE (40)
  AVERAGE WIND SPEED     1.6


SKY COVER
  AVERAGE SKY COVER 0.1



RELATIVE HUMIDITY (PERCENT)
 HIGHEST    92
 LOWEST     36
 AVERAGE    64

..........................................................


THE ALBANY NY CLIMATE NORMALS FOR TODAY
                         NORMAL    RECORD    YEAR
 MAXIMUM TEMPERATURE (F)   61        81      1930
 MINIMUM TEMPERATURE (F)   40        24      1981


SUNRISE AND SUNSET
OCTOBER 13 2014.......SUNRISE   706 AM EDT   SUNSET   616 PM EDT
OCTOBER 14 2014.......SUNRISE   707 AM EDT   SUNSET   615 PM EDT


-  INDICATES NEGATIVE NUMBERS.
R  INDICATES RECORD WAS SET OR TIED.
MM INDICATES DATA IS MISSING.
T  INDICATES TRACE AMOUNT.




$$
