000
CDUS41 KALY 122044
CLIALB


CLIMATE REPORT
NATIONAL WEATHER SERVICE ALBANY NY
443 PM EDT TUE APR 12 2016


...................................

...THE ALBANY NY CLIMATE SUMMARY FOR APRIL 12 2016...
VALID TODAY AS OF 0400 PM LOCAL TIME.

CLIMATE NORMAL PERIOD 1981 TO 2010
CLIMATE RECORD PERIOD 1874 TO 2016


WEATHER ITEM   OBSERVED TIME   RECORD YEAR NORMAL DEPARTURE LAST
                VALUE   (LST)  VALUE       VALUE  FROM      YEAR
                                                  NORMAL
..................................................................
TEMPERATURE (F)
 TODAY
  MAXIMUM         51    537 AM  84    1977  57     -6       68
  MINIMUM         40    720 AM  13    1874  36      4       29
  AVERAGE         46                        46      0       49

PRECIPITATION (IN)
  TODAY            0.07          1.55 1933   0.11  -0.04     0.00
  MONTH TO DATE    1.30                      1.30   0.00     1.05
  SINCE MAR 1      2.48                      4.51  -2.03     2.30
  SINCE JAN 1      7.79                      9.30  -1.51     6.62

SNOWFALL (IN)
  TODAY            0.0           3.3  1962   0.1   -0.1      0.0
  MONTH TO DATE    6.4                       1.4    5.0       T
  SINCE MAR 1      6.6                      12.4   -5.8      5.3
  SINCE JUL 1     16.9                      59.3  -42.4     75.9
  SNOW DEPTH       0

DEGREE DAYS
 HEATING
  TODAY           19                        19      0       16
  MONTH TO DATE  315                       251     64      268
  SINCE MAR 1    997                      1180   -183     1353
  SINCE JUL 1   4926                      6124  -1198     6483

 COOLING
  TODAY            0                         0      0        0
  MONTH TO DATE    0                         0      0        0
  SINCE MAR 1      0                         0      0        0
  SINCE JAN 1      0                         0      0        0
..................................................................


WIND (MPH)
  HIGHEST WIND SPEED    26   HIGHEST WIND DIRECTION     W (290)
  HIGHEST GUST SPEED    33   HIGHEST GUST DIRECTION     W (280)
  AVERAGE WIND SPEED    13.8


SKY COVER
  AVERAGE SKY COVER 0.9



RELATIVE HUMIDITY (PERCENT)
 HIGHEST    86           600 AM
 LOWEST     39           200 PM
 AVERAGE    63

..........................................................


THE ALBANY NY CLIMATE NORMALS FOR TOMORROW
                         NORMAL    RECORD    YEAR
 MAXIMUM TEMPERATURE (F)   57        87      1977
 MINIMUM TEMPERATURE (F)   37        19      1874


SUNRISE AND SUNSET
APRIL 12 2016.........SUNRISE   618 AM EDT   SUNSET   734 PM EDT
APRIL 13 2016.........SUNRISE   616 AM EDT   SUNSET   736 PM EDT


-  INDICATES NEGATIVE NUMBERS.
R  INDICATES RECORD WAS SET OR TIED.
MM INDICATES DATA IS MISSING.
T  INDICATES TRACE AMOUNT.




$$
