000
CDUS43 KMKX 160700
CLIMKE


CLIMATE REPORT
NATIONAL WEATHER SERVICE IN MILWAUKEE
200 AM CDT SUN JUL 16 2017


...................................

...THE MILWAUKEE WI CLIMATE SUMMARY FOR JULY 15 2017...

CLIMATE NORMAL PERIOD 1981 TO 2010
CLIMATE RECORD PERIOD 1871 TO 2017


WEATHER ITEM   OBSERVED TIME   RECORD YEAR NORMAL DEPARTURE LAST
                VALUE   (LST)  VALUE       VALUE  FROM      YEAR
                                                  NORMAL
..................................................................
TEMPERATURE (F)
 YESTERDAY
  MAXIMUM         81    331 PM  96    1931  80      1       70
  MINIMUM         62    446 AM  46    1960  64     -2       60
  AVERAGE         72                        72      0       65

PRECIPITATION (IN)
  YESTERDAY        0.01          1.82 2010   0.12  -0.11      T
  MONTH TO DATE    2.71                      1.85   0.86     0.15
  SINCE JUN 1      7.92                      5.75   2.17     3.64
  SINCE JAN 1     24.71                     18.39   6.32    12.46

SNOWFALL (IN)
  YESTERDAY        0.0           0.0    MM   0.0    0.0      0.0
  MONTH TO DATE    0.0                       0.0    0.0      0.0
  SINCE JUN 1      0.0                       0.0    0.0      0.0
  SINCE JUL 1      0.0                       0.0    0.0      0.0
  SNOW DEPTH       0

DEGREE DAYS
 HEATING
  YESTERDAY        0                         0      0        0
  MONTH TO DATE    0                         4     -4        2
  SINCE JUN 1     14                        88    -74       31
  SINCE JUL 1      0                         4     -4        2

 COOLING
  YESTERDAY        7                         7      0        0
  MONTH TO DATE  116                       104     12      116
  SINCE JUN 1    298                       224     74      267
  SINCE JAN 1    319                       254     65      312
..................................................................


WIND (MPH)
  HIGHEST WIND SPEED    25   HIGHEST WIND DIRECTION    SW (220)
  HIGHEST GUST SPEED    32   HIGHEST GUST DIRECTION    SW (220)
  AVERAGE WIND SPEED     9.1


SKY COVER
  POSSIBLE SUNSHINE  MM
  AVERAGE SKY COVER 0.3


WEATHER CONDITIONS
 THE FOLLOWING WEATHER WAS RECORDED YESTERDAY.
  THUNDERSTORM
  LIGHT RAIN


RELATIVE HUMIDITY (PERCENT)
 HIGHEST    93           100 AM
 LOWEST     54           200 PM
 AVERAGE    74

..........................................................


THE MILWAUKEE WI CLIMATE NORMALS FOR TODAY
                         NORMAL    RECORD    YEAR
 MAXIMUM TEMPERATURE (F)   80       100      1887
 MINIMUM TEMPERATURE (F)   64        45      1945


SUNRISE AND SUNSET
JULY 16 2017..........SUNRISE   527 AM CDT   SUNSET   828 PM CDT
JULY 17 2017..........SUNRISE   528 AM CDT   SUNSET   827 PM CDT


-  INDICATES NEGATIVE NUMBERS.
R  INDICATES RECORD WAS SET OR TIED.
MM INDICATES DATA IS MISSING.
T  INDICATES TRACE AMOUNT.




$$
