000
CDUS43 KMKX 251249
CLIMKE


CLIMATE REPORT
NATIONAL WEATHER SERVICE IN MILWAUKEE
745 AM CDT FRI JUL 25 2014


...................................

...THE MILWAUKEE WI CLIMATE SUMMARY FOR JULY 24 2014...

CLIMATE NORMAL PERIOD 1981 TO 2010
CLIMATE RECORD PERIOD 1871 TO 2014


WEATHER ITEM   OBSERVED TIME   RECORD YEAR NORMAL DEPARTURE LAST
                VALUE   (LST)  VALUE       VALUE  FROM      YEAR
                                                  NORMAL
..................................................................
TEMPERATURE (F)
 YESTERDAY
  MAXIMUM         71    227 PM 105    1934  80     -9       70
  MINIMUM         55    523 AM  51    2000  64     -9       57
                                      1876
  AVERAGE         63                        72     -9       64

PRECIPITATION (IN)
  YESTERDAY        0.00          1.56 1874   0.11  -0.11     0.00
  MONTH TO DATE    1.89                      2.87  -0.98     1.00
  SINCE JUN 1      8.23                      6.77   1.46     6.80
  SINCE JAN 1     19.18                     19.41  -0.23    26.31

SNOWFALL (IN)
  YESTERDAY        0.0           0.0    MM   0.0    0.0      0.0
  MONTH TO DATE    0.0                       0.0    0.0      0.0
  SINCE JUN 1      0.0                       0.0    0.0      0.0
  SINCE JUL 1      0.0                       0.0    0.0      0.0
  SNOW DEPTH       0

DEGREE DAYS
 HEATING
  YESTERDAY        2                         0      2        1
  MONTH TO DATE   16                         4     12        4
  SINCE JUN 1     90                        88      2       91
  SINCE JUL 1     16                         4     12        4

 COOLING
  YESTERDAY        0                         7     -7        0
  MONTH TO DATE   98                       167    -69      229
  SINCE JUN 1    188                       287    -99      328
  SINCE JAN 1    206                       317   -111      367
..................................................................


WIND (MPH)
  HIGHEST WIND SPEED    12   HIGHEST WIND DIRECTION    SE (130)
  HIGHEST GUST SPEED    15   HIGHEST GUST DIRECTION    SE (120)
  AVERAGE WIND SPEED     6.7


SKY COVER
  POSSIBLE SUNSHINE  MM
  AVERAGE SKY COVER 0.2


WEATHER CONDITIONS
 THE FOLLOWING WEATHER WAS RECORDED YESTERDAY.
  NO SIGNIFICANT WEATHER WAS OBSERVED.


RELATIVE HUMIDITY (PERCENT)
 HIGHEST    83           300 AM
 LOWEST     37           300 PM
 AVERAGE    60

..........................................................


THE MILWAUKEE WI CLIMATE NORMALS FOR TODAY
                         NORMAL    RECORD    YEAR
 MAXIMUM TEMPERATURE (F)   80       102      1940
 MINIMUM TEMPERATURE (F)   64        52      1962


SUNRISE AND SUNSET
JULY 25 2014..........SUNRISE   535 AM CDT   SUNSET   820 PM CDT
JULY 26 2014..........SUNRISE   536 AM CDT   SUNSET   819 PM CDT


-  INDICATES NEGATIVE NUMBERS.
R  INDICATES RECORD WAS SET OR TIED.
MM INDICATES DATA IS MISSING.
T  INDICATES TRACE AMOUNT.




$$
